{"id":8655,"date":"2024-03-16T21:29:45","date_gmt":"2024-03-16T20:29:45","guid":{"rendered":"https:\/\/kuwehi.de\/?post_type=tribe_events&#038;p=8655"},"modified":"2024-08-15T12:47:39","modified_gmt":"2024-08-15T10:47:39","slug":"yoga-und-filzen-im-august-2024","status":"publish","type":"tribe_events","link":"https:\/\/kuwehi.de\/?tribe_events=yoga-und-filzen-im-august-2024","title":{"rendered":"Yoga und Filzen im November 2024"},"content":{"rendered":"<h1 style=\"text-align: center;\"><span style=\"font-family: verdana, geneva;\">Kreatives Filzen &amp; Yoga<\/span><\/h1>\n<h3 style=\"text-align: center;\"><span style=\"font-family: verdana, geneva;\">Mit Sonja und Annette<\/span><\/h3>\n<p>&nbsp;<\/p>\n<h5><img fetchpriority=\"high\" decoding=\"async\" class=\"alignleft wp-image-8638\" src=\"https:\/\/kuwehi.de\/wp-content\/uploads\/2024\/03\/IMG_20240315_094557-182x300.jpg\" alt=\"\" width=\"310\" height=\"511\" srcset=\"https:\/\/kuwehi.de\/wp-content\/uploads\/2024\/03\/IMG_20240315_094557-182x300.jpg 182w, https:\/\/kuwehi.de\/wp-content\/uploads\/2024\/03\/IMG_20240315_094557-621x1024.jpg 621w, https:\/\/kuwehi.de\/wp-content\/uploads\/2024\/03\/IMG_20240315_094557-91x150.jpg 91w, https:\/\/kuwehi.de\/wp-content\/uploads\/2024\/03\/IMG_20240315_094557-768x1266.jpg 768w, https:\/\/kuwehi.de\/wp-content\/uploads\/2024\/03\/IMG_20240315_094557-932x1536.jpg 932w, https:\/\/kuwehi.de\/wp-content\/uploads\/2024\/03\/IMG_20240315_094557-1242x2048.jpg 1242w, https:\/\/kuwehi.de\/wp-content\/uploads\/2024\/03\/IMG_20240315_094557-1600x2638.jpg 1600w, https:\/\/kuwehi.de\/wp-content\/uploads\/2024\/03\/IMG_20240315_094557-scaled.jpg 1553w\" sizes=\"(max-width: 310px) 100vw, 310px\" \/><span style=\"font-family: verdana, geneva;\">Dieser Workshop vereint k\u00f6rperliche und kunsthandwerkliche Erfahrungsm\u00f6glichkeiten.<\/span><\/h5>\n<h5><span style=\"font-family: verdana, geneva;\">Erlebe die Faszination, wie aus ungesponnener Schafswolle ein Windlicht entsteht.<\/span><\/h5>\n<h5><span style=\"font-family: verdana, geneva;\">Eingebettet wird deine Filzerfahrung in eine angenehme Yogapraxis.<\/span><\/h5>\n<h5><span style=\"color: #99cc00; font-family: verdana, geneva;\"><a style=\"color: #99cc00;\" href=\"https:\/\/kuwehi.de\/?page_id=8636\"><span style=\"color: #00ccff;\">&#8230; mehr lesen<\/span><\/a><\/span><\/h5>\n<h5><span style=\"font-family: verdana, geneva;\">Vorkenntnisse im Filzen oder Yoga sind nicht erforderlich.<\/span><\/h5>\n<h5><span style=\"font-family: verdana, geneva;\">F\u00fcr deine Yogapraxis bringe dir bitte eine eigene Matte, eine Decke und ein festes Kissen (Yogakissen) mit. Erfahrungsgem\u00e4\u00df sind warme Kuschelsocken und ein Schal f\u00fcr die Schultern auch angenehme Begleiter.<\/span><\/h5>\n<h5><img decoding=\"async\" class=\"alignleft wp-image-8641\" src=\"https:\/\/kuwehi.de\/wp-content\/uploads\/2024\/03\/IMG_20230303_172214-300x298.jpg\" alt=\"\" width=\"310\" height=\"308\" srcset=\"https:\/\/kuwehi.de\/wp-content\/uploads\/2024\/03\/IMG_20230303_172214-300x298.jpg 300w, https:\/\/kuwehi.de\/wp-content\/uploads\/2024\/03\/IMG_20230303_172214-1024x1016.jpg 1024w, https:\/\/kuwehi.de\/wp-content\/uploads\/2024\/03\/IMG_20230303_172214-150x150.jpg 150w, https:\/\/kuwehi.de\/wp-content\/uploads\/2024\/03\/IMG_20230303_172214-768x762.jpg 768w, https:\/\/kuwehi.de\/wp-content\/uploads\/2024\/03\/IMG_20230303_172214.jpg 1080w\" sizes=\"(max-width: 310px) 100vw, 310px\" \/><\/h5>\n<h5><span style=\"font-family: verdana, geneva;\">Tee wird gestellt. Du kannst dir selbstverst\u00e4ndlich deinen eigenen Pausensnack mitbringen.<\/span><\/h5>\n<h5><span style=\"font-family: verdana, geneva;\">Datum: 03.11.2024<\/span><\/h5>\n<h5><span style=\"font-family: verdana, geneva;\">Uhrzeit: 09:30 Uhr bis ca. 17:00 Uhr<\/span><\/h5>\n<h5><span style=\"font-family: verdana, geneva;\">Kursgeb\u00fchr: 89,- \u20ac (zzgl. Materialkosten, diese werden direkt vor Ort abgerechnet)<\/span><\/h5>\n","protected":false},"excerpt":{"rendered":"<p>Kreatives Filzen &amp; Yoga Mit Sonja und Annette &nbsp; Dieser Workshop vereint k\u00f6rperliche und kunsthandwerkliche Erfahrungsm\u00f6glichkeiten. Erlebe die Faszination, wie&hellip;<\/p>\n","protected":false},"author":1,"featured_media":8644,"template":"","meta":{"_price":"","_stock":"","_tribe_ticket_header":"","_tribe_default_ticket_provider":"","_tribe_ticket_capacity":"0","_ticket_start_date":"","_ticket_end_date":"","_tribe_ticket_show_description":"","_tribe_ticket_show_not_going":false,"_tribe_ticket_use_global_stock":"","_tribe_ticket_global_stock_level":"","_global_stock_mode":"","_global_stock_cap":"","_tribe_rsvp_for_event":"","_tribe_ticket_going_count":"","_tribe_ticket_not_going_count":"","_tribe_tickets_list":"[]","_tribe_ticket_has_attendee_info_fields":false,"_tribe_events_status":"","_tribe_events_status_reason":"","footnotes":"","_tec_slr_enabled":"","_tec_slr_layout":""},"tags":[],"tribe_events_cat":[],"class_list":["post-8655","tribe_events","type-tribe_events","status-publish","has-post-thumbnail","hentry"],"ticketed":false,"_links":{"self":[{"href":"https:\/\/kuwehi.de\/index.php?rest_route=\/wp\/v2\/tribe_events\/8655","targetHints":{"allow":["GET"]}}],"collection":[{"href":"https:\/\/kuwehi.de\/index.php?rest_route=\/wp\/v2\/tribe_events"}],"about":[{"href":"https:\/\/kuwehi.de\/index.php?rest_route=\/wp\/v2\/types\/tribe_events"}],"author":[{"embeddable":true,"href":"https:\/\/kuwehi.de\/index.php?rest_route=\/wp\/v2\/users\/1"}],"version-history":[{"count":15,"href":"https:\/\/kuwehi.de\/index.php?rest_route=\/wp\/v2\/tribe_events\/8655\/revisions"}],"predecessor-version":[{"id":9310,"href":"https:\/\/kuwehi.de\/index.php?rest_route=\/wp\/v2\/tribe_events\/8655\/revisions\/9310"}],"wp:featuredmedia":[{"embeddable":true,"href":"https:\/\/kuwehi.de\/index.php?rest_route=\/wp\/v2\/media\/8644"}],"wp:attachment":[{"href":"https:\/\/kuwehi.de\/index.php?rest_route=%2Fwp%2Fv2%2Fmedia&parent=8655"}],"wp:term":[{"taxonomy":"post_tag","embeddable":true,"href":"https:\/\/kuwehi.de\/index.php?rest_route=%2Fwp%2Fv2%2Ftags&post=8655"},{"taxonomy":"tribe_events_cat","embeddable":true,"href":"https:\/\/kuwehi.de\/index.php?rest_route=%2Fwp%2Fv2%2Ftribe_events_cat&post=8655"}],"curies":[{"name":"wp","href":"https:\/\/api.w.org\/{rel}","templated":true}]}}

<h1 style="text-align: center;"><span style="font-family: verdana, geneva;">Kreatives Filzen &amp; Yoga</span></h1>
<h3 style="text-align: center;"><span style="font-family: verdana, geneva;">Mit Sonja und Annette</span></h3>
<p>&nbsp;</p>
<h5><img fetchpriority="high" decoding="async" class="alignleft wp-image-8638" src="https://kuwehi.de/wp-content/uploads/2024/03/IMG_20240315_094557-182x300.jpg" alt="" width="310" height="511" srcset="https://kuwehi.de/wp-content/uploads/2024/03/IMG_20240315_094557-182x300.jpg 182w, https://kuwehi.de/wp-content/uploads/2024/03/IMG_20240315_094557-621x1024.jpg 621w, https://kuwehi.de/wp-content/uploads/2024/03/IMG_20240315_094557-91x150.jpg 91w, https://kuwehi.de/wp-content/uploads/2024/03/IMG_20240315_094557-768x1266.jpg 768w, https://kuwehi.de/wp-content/uploads/2024/03/IMG_20240315_094557-932x1536.jpg 932w, https://kuwehi.de/wp-content/uploads/2024/03/IMG_20240315_094557-1242x2048.jpg 1242w, https://kuwehi.de/wp-content/uploads/2024/03/IMG_20240315_094557-1600x2638.jpg 1600w, https://kuwehi.de/wp-content/uploads/2024/03/IMG_20240315_094557-scaled.jpg 1553w" sizes="(max-width: 310px) 100vw, 310px" /><span style="font-family: verdana, geneva;">Dieser Workshop vereint körperliche und kunsthandwerkliche Erfahrungsmöglichkeiten.</span></h5>
<h5><span style="font-family: verdana, geneva;">Erlebe die Faszination, wie aus ungesponnener Schafswolle ein Windlicht entsteht.</span></h5>
<h5><span style="font-family: verdana, geneva;">Eingebettet wird deine Filzerfahrung in eine angenehme Yogapraxis.</span></h5>
<h5><span style="color: #99cc00; font-family: verdana, geneva;"><a style="color: #99cc00;" href="https://kuwehi.de/?page_id=8636"><span style="color: #00ccff;">&#8230; mehr lesen</span></a></span></h5>
<h5><span style="font-family: verdana, geneva;">Vorkenntnisse im Filzen oder Yoga sind nicht erforderlich.</span></h5>
<h5><span style="font-family: verdana, geneva;">Für deine Yogapraxis bringe dir bitte eine eigene Matte, eine Decke und ein festes Kissen (Yogakissen) mit. Erfahrungsgemäß sind warme Kuschelsocken und ein Schal für die Schultern auch angenehme Begleiter.</span></h5>
<h5><img decoding="async" class="alignleft wp-image-8641" src="https://kuwehi.de/wp-content/uploads/2024/03/IMG_20230303_172214-300x298.jpg" alt="" width="310" height="308" srcset="https://kuwehi.de/wp-content/uploads/2024/03/IMG_20230303_172214-300x298.jpg 300w, https://kuwehi.de/wp-content/uploads/2024/03/IMG_20230303_172214-1024x1016.jpg 1024w, https://kuwehi.de/wp-content/uploads/2024/03/IMG_20230303_172214-150x150.jpg 150w, https://kuwehi.de/wp-content/uploads/2024/03/IMG_20230303_172214-768x762.jpg 768w, https://kuwehi.de/wp-content/uploads/2024/03/IMG_20230303_172214.jpg 1080w" sizes="(max-width: 310px) 100vw, 310px" /></h5>
<h5><span style="font-family: verdana, geneva;">Tee wird gestellt. Du kannst dir selbstverständlich deinen eigenen Pausensnack mitbringen.</span></h5>
<h5><span style="font-family: verdana, geneva;">Datum: 03.11.2024</span></h5>
<h5><span style="font-family: verdana, geneva;">Uhrzeit: 09:30 Uhr bis ca. 17:00 Uhr</span></h5>
<h5><span style="font-family: verdana, geneva;">Kursgebühr: 89,- € (zzgl. Materialkosten, diese werden direkt vor Ort abgerechnet)</span></h5>

<p>Kreatives Filzen &amp; Yoga Mit Sonja und Annette &nbsp; Dieser Workshop vereint körperliche und kunsthandwerkliche Erfahrungsmöglichkeiten. Erlebe die Faszination, wie&hellip;</p>
