{"id":7791,"date":"2023-10-18T14:33:35","date_gmt":"2023-10-18T12:33:35","guid":{"rendered":"https:\/\/kuwehi.de\/?post_type=tribe_events&#038;p=7791"},"modified":"2023-12-07T19:14:07","modified_gmt":"2023-12-07T18:14:07","slug":"adventliches-familienangebot-in-gemuetlicher-atmosphaere-gemeinsam-filzen","status":"publish","type":"tribe_events","link":"https:\/\/kuwehi.de\/?tribe_events=adventliches-familienangebot-in-gemuetlicher-atmosphaere-gemeinsam-filzen","title":{"rendered":"Adventliches Gemeinschaftsangebot &#8211; In gem\u00fctlicher Atmosph\u00e4re gemeinsam Filzen"},"content":{"rendered":"<h5><\/h5>\n<p>&nbsp;<\/p>\n<h4><span style=\"font-size: 26px;\"><span style=\"font-family: book antiqua, palatino;\"><img fetchpriority=\"high\" decoding=\"async\" class=\"alignleft wp-image-7783\" src=\"https:\/\/kuwehi.de\/wp-content\/uploads\/2023\/10\/20230928_120311-1600x2844.jpg\" alt=\"\" width=\"405\" height=\"720\" srcset=\"https:\/\/kuwehi.de\/wp-content\/uploads\/2023\/10\/20230928_120311-1600x2844.jpg 1600w, https:\/\/kuwehi.de\/wp-content\/uploads\/2023\/10\/20230928_120311-169x300.jpg 169w, https:\/\/kuwehi.de\/wp-content\/uploads\/2023\/10\/20230928_120311-576x1024.jpg 576w, https:\/\/kuwehi.de\/wp-content\/uploads\/2023\/10\/20230928_120311-84x150.jpg 84w, https:\/\/kuwehi.de\/wp-content\/uploads\/2023\/10\/20230928_120311-768x1365.jpg 768w, https:\/\/kuwehi.de\/wp-content\/uploads\/2023\/10\/20230928_120311-864x1536.jpg 864w, https:\/\/kuwehi.de\/wp-content\/uploads\/2023\/10\/20230928_120311-1152x2048.jpg 1152w, https:\/\/kuwehi.de\/wp-content\/uploads\/2023\/10\/20230928_120311-scaled.jpg 1440w\" sizes=\"(max-width: 405px) 100vw, 405px\" \/><\/span><\/span><\/h4>\n<h4><\/h4>\n<h4><\/h4>\n<h4><span style=\"font-size: 26px;\"><strong>Mit Clotilde Bonhert und Kirsten Brauns<\/strong><\/span><\/h4>\n<h5><span style=\"font-family: book antiqua, palatino; font-size: 26px;\">In gem\u00fctlicher Atmosph\u00e4re k\u00f6nnen Gro\u00df und Klein (ab 5 Jahren) gemeinsam das Filzen genie\u00dfen.<\/span><br \/>\n<span style=\"font-family: book antiqua, palatino; font-size: 26px;\">Dabei geht es vor allem um Weihnachtsschmuck f\u00fcr den Weihnachtsbaum oder die Adventzeit.<\/span><\/h5>\n<h5><span style=\"font-family: book antiqua, palatino; font-size: 26px;\">Mit warmem Wasser und Seife oder mit der Filznadel k\u00f6nnen Zwerge, Nikolaus, Weihnachtsbaumkugeln und noch viel mehr entstehen.<\/span><\/h5>\n<h5><span style=\"font-size: 26px;\"><span style=\"font-family: book antiqua, palatino;\"><strong>Termin:<\/strong><\/span><\/span><\/h5>\n<h5><span style=\"font-size: 26px;\"> <span style=\"font-family: book antiqua, palatino;\">Samstag, 09. Dezember 10:00 bis 13:00 Uhr<\/span><\/span><\/h5>\n<h5><span style=\"font-size: 26px;\"><strong><span style=\"font-family: book antiqua, palatino;\">Kosten: <\/span><\/strong><\/span><\/h5>\n<h5><span style=\"font-family: book antiqua, palatino; font-size: 26px;\">40 \u20ac pro Erwachsener mit einem Kind (ab 5 Jahren)\u00a0 oder\u00a0 <\/span><\/h5>\n<h5><span style=\"font-family: book antiqua, palatino; font-size: 26px;\">50 \u20ac pro Erwachsener mit zwei Kindern <\/span><\/h5>\n<h5>Bitte melden Sie sich gemeinsam mit Ihren Kindern <em>auf einem<\/em> Anmeldeformular an!<\/h5>\n<h5><span style=\"font-family: book antiqua, palatino; font-size: 26px;\">oder<br \/>\n<\/span><\/h5>\n<h5><span style=\"font-family: book antiqua, palatino;\">30 \u20ac f\u00fcr einen Erwachsenen ohne Kind, der gern mitfilzen m\u00f6chte<\/span><\/h5>\n<h5><span style=\"font-family: book antiqua, palatino; font-size: 26px;\">(plus Materialkosten: Je nach Verbrauch, welche im Kurs zu zahlen sind)<\/span><\/h5>\n<h5><\/h5>\n","protected":false},"excerpt":{"rendered":"<p>&nbsp; Mit Clotilde Bonhert und Kirsten Brauns In gem\u00fctlicher Atmosph\u00e4re k\u00f6nnen Gro\u00df und Klein (ab 5 Jahren) gemeinsam das Filzen&hellip;<\/p>\n","protected":false},"author":1,"featured_media":7766,"template":"","meta":{"_price":"","_stock":"","_tribe_ticket_header":"","_tribe_default_ticket_provider":"","_tribe_ticket_capacity":"0","_ticket_start_date":"","_ticket_end_date":"","_tribe_ticket_show_description":"","_tribe_ticket_show_not_going":false,"_tribe_ticket_use_global_stock":"","_tribe_ticket_global_stock_level":"","_global_stock_mode":"","_global_stock_cap":"","_tribe_rsvp_for_event":"","_tribe_ticket_going_count":"","_tribe_ticket_not_going_count":"","_tribe_tickets_list":"[]","_tribe_ticket_has_attendee_info_fields":false,"_tribe_events_status":"","_tribe_events_status_reason":"","footnotes":"","_tec_slr_enabled":"","_tec_slr_layout":""},"tags":[],"tribe_events_cat":[],"class_list":["post-7791","tribe_events","type-tribe_events","status-publish","has-post-thumbnail","hentry"],"ticketed":false,"_links":{"self":[{"href":"https:\/\/kuwehi.de\/index.php?rest_route=\/wp\/v2\/tribe_events\/7791","targetHints":{"allow":["GET"]}}],"collection":[{"href":"https:\/\/kuwehi.de\/index.php?rest_route=\/wp\/v2\/tribe_events"}],"about":[{"href":"https:\/\/kuwehi.de\/index.php?rest_route=\/wp\/v2\/types\/tribe_events"}],"author":[{"embeddable":true,"href":"https:\/\/kuwehi.de\/index.php?rest_route=\/wp\/v2\/users\/1"}],"version-history":[{"count":17,"href":"https:\/\/kuwehi.de\/index.php?rest_route=\/wp\/v2\/tribe_events\/7791\/revisions"}],"predecessor-version":[{"id":7953,"href":"https:\/\/kuwehi.de\/index.php?rest_route=\/wp\/v2\/tribe_events\/7791\/revisions\/7953"}],"wp:featuredmedia":[{"embeddable":true,"href":"https:\/\/kuwehi.de\/index.php?rest_route=\/wp\/v2\/media\/7766"}],"wp:attachment":[{"href":"https:\/\/kuwehi.de\/index.php?rest_route=%2Fwp%2Fv2%2Fmedia&parent=7791"}],"wp:term":[{"taxonomy":"post_tag","embeddable":true,"href":"https:\/\/kuwehi.de\/index.php?rest_route=%2Fwp%2Fv2%2Ftags&post=7791"},{"taxonomy":"tribe_events_cat","embeddable":true,"href":"https:\/\/kuwehi.de\/index.php?rest_route=%2Fwp%2Fv2%2Ftribe_events_cat&post=7791"}],"curies":[{"name":"wp","href":"https:\/\/api.w.org\/{rel}","templated":true}]}}

Adventliches Gemeinschaftsangebot &#8211; In gemütlicher Atmosphäre gemeinsam Filzen

<h5></h5>
<p>&nbsp;</p>
<h4><span style="font-size: 26px;"><span style="font-family: book antiqua, palatino;"><img fetchpriority="high" decoding="async" class="alignleft wp-image-7783" src="https://kuwehi.de/wp-content/uploads/2023/10/20230928_120311-1600x2844.jpg" alt="" width="405" height="720" srcset="https://kuwehi.de/wp-content/uploads/2023/10/20230928_120311-1600x2844.jpg 1600w, https://kuwehi.de/wp-content/uploads/2023/10/20230928_120311-169x300.jpg 169w, https://kuwehi.de/wp-content/uploads/2023/10/20230928_120311-576x1024.jpg 576w, https://kuwehi.de/wp-content/uploads/2023/10/20230928_120311-84x150.jpg 84w, https://kuwehi.de/wp-content/uploads/2023/10/20230928_120311-768x1365.jpg 768w, https://kuwehi.de/wp-content/uploads/2023/10/20230928_120311-864x1536.jpg 864w, https://kuwehi.de/wp-content/uploads/2023/10/20230928_120311-1152x2048.jpg 1152w, https://kuwehi.de/wp-content/uploads/2023/10/20230928_120311-scaled.jpg 1440w" sizes="(max-width: 405px) 100vw, 405px" /></span></span></h4>
<h4></h4>
<h4></h4>
<h4><span style="font-size: 26px;"><strong>Mit Clotilde Bonhert und Kirsten Brauns</strong></span></h4>
<h5><span style="font-family: book antiqua, palatino; font-size: 26px;">In gemütlicher Atmosphäre können Groß und Klein (ab 5 Jahren) gemeinsam das Filzen genießen.</span><br />
<span style="font-family: book antiqua, palatino; font-size: 26px;">Dabei geht es vor allem um Weihnachtsschmuck für den Weihnachtsbaum oder die Adventzeit.</span></h5>
<h5><span style="font-family: book antiqua, palatino; font-size: 26px;">Mit warmem Wasser und Seife oder mit der Filznadel können Zwerge, Nikolaus, Weihnachtsbaumkugeln und noch viel mehr entstehen.</span></h5>
<h5><span style="font-size: 26px;"><span style="font-family: book antiqua, palatino;"><strong>Termin:</strong></span></span></h5>
<h5><span style="font-size: 26px;"> <span style="font-family: book antiqua, palatino;">Samstag, 09. Dezember 10:00 bis 13:00 Uhr</span></span></h5>
<h5><span style="font-size: 26px;"><strong><span style="font-family: book antiqua, palatino;">Kosten: </span></strong></span></h5>
<h5><span style="font-family: book antiqua, palatino; font-size: 26px;">40 € pro Erwachsener mit einem Kind (ab 5 Jahren)  oder  </span></h5>
<h5><span style="font-family: book antiqua, palatino; font-size: 26px;">50 € pro Erwachsener mit zwei Kindern </span></h5>
<h5>Bitte melden Sie sich gemeinsam mit Ihren Kindern <em>auf einem</em> Anmeldeformular an!</h5>
<h5><span style="font-family: book antiqua, palatino; font-size: 26px;">oder<br />
</span></h5>
<h5><span style="font-family: book antiqua, palatino;">30 € für einen Erwachsenen ohne Kind, der gern mitfilzen möchte</span></h5>
<h5><span style="font-family: book antiqua, palatino; font-size: 26px;">(plus Materialkosten: Je nach Verbrauch, welche im Kurs zu zahlen sind)</span></h5>
<h5></h5>

<p>&nbsp; Mit Clotilde Bonhert und Kirsten Brauns In gemütlicher Atmosphäre können Groß und Klein (ab 5 Jahren) gemeinsam das Filzen&hellip;</p>
