{"id":7734,"date":"2023-10-17T11:09:24","date_gmt":"2023-10-17T09:09:24","guid":{"rendered":"https:\/\/kuwehi.de\/?post_type=tribe_events&#038;p=7734"},"modified":"2023-10-17T11:09:24","modified_gmt":"2023-10-17T09:09:24","slug":"ton-und-wolle-1-treffen","status":"publish","type":"tribe_events","link":"https:\/\/kuwehi.de\/?tribe_events=ton-und-wolle-1-treffen","title":{"rendered":"Ton und Wolle &#8211; 1.Treffen"},"content":{"rendered":"<h3 style=\"text-align: center;\"><span style=\"color: #ff0000;\"><strong>Samstagswerkstatt (<\/strong><strong>2 zusammenh\u00e4ngende Samstage)<\/strong><\/span><\/h3>\n<h5 class=\"page-content\" style=\"text-align: center;\"><strong>mit Doris Oles<br \/>\n<\/strong><\/h5>\n<h2 class=\"page-content\" style=\"text-align: center;\"><strong>Ton und Wolle<br \/>\n<\/strong><\/h2>\n<h5 class=\"page-content\" style=\"text-align: center;\"><strong>(F\u00fcr 8 &#8211; bis 14 \u2013 J\u00e4hrige)<\/strong><\/h5>\n<p>&nbsp;<\/p>\n<h5><\/h5>\n<h3 style=\"text-align: center;\"><span style=\"color: #ff0000;\"><strong><img fetchpriority=\"high\" decoding=\"async\" class=\"alignleft wp-image-7706\" src=\"https:\/\/kuwehi.de\/wp-content\/uploads\/2023\/10\/64697-rotated-e1697532237398-225x300.jpg\" alt=\"\" width=\"439\" height=\"585\" srcset=\"https:\/\/kuwehi.de\/wp-content\/uploads\/2023\/10\/64697-rotated-e1697532237398-225x300.jpg 225w, https:\/\/kuwehi.de\/wp-content\/uploads\/2023\/10\/64697-rotated-e1697532237398-768x1024.jpg 768w, https:\/\/kuwehi.de\/wp-content\/uploads\/2023\/10\/64697-rotated-e1697532237398-113x150.jpg 113w, https:\/\/kuwehi.de\/wp-content\/uploads\/2023\/10\/64697-rotated-e1697532237398-1152x1536.jpg 1152w, https:\/\/kuwehi.de\/wp-content\/uploads\/2023\/10\/64697-rotated-e1697532237398.jpg 1536w\" sizes=\"(max-width: 439px) 100vw, 439px\" \/><\/strong><\/span><\/h3>\n<h5><\/h5>\n<h5>Wir gestalten an 2 Samstagvormittagen eine oder mehrere Tonplatten (die aber nicht glasiert werden). Der Ton ist erst feucht k\u00fchl und geschmeidig, er gibt dem Druck unserer H\u00e4nde nach. Wir k\u00f6nnen abstrakt und frei gestalten, oder (weihnachtlich) fig\u00fcrlich.<\/h5>\n<h5>Am 2. Samstagvormittag weben wir mit Wolle die ausgeschnittenen &#8218;Fenster&#8216; aus, verbinden das Weiche und Biegsame mit der inzwischen hart gebrannten Kachel.<\/h5>\n<div dir=\"auto\">\n<h5>So entstehen kleine und einmalige Kunstwerke f\u00fcr die Wand oder ein Fenster.<\/h5>\n<\/div>\n<h5>Termin (nur zusammen buchbar):<\/h5>\n<h5>1. Treffen (T\u00f6pfern): Samstag, 04.11.2023 von 10:00 bis 12.30 Uhr<\/h5>\n<h5>2. Treffen (Weben): Samstag, 02.12.2023 von 10:00 bis 12:30 Uhr<\/h5>\n<h5>Pro Termin nur 8 \u20ac inklusive Material!<\/h5>\n<p>&nbsp;<\/p>\n","protected":false},"excerpt":{"rendered":"<p>Samstagswerkstatt (2 zusammenh\u00e4ngende Samstage) mit Doris Oles Ton und Wolle (F\u00fcr 8 &#8211; bis 14 \u2013 J\u00e4hrige) &nbsp; Wir gestalten&hellip;<\/p>\n","protected":false},"author":1,"featured_media":6619,"template":"","meta":{"_price":"","_stock":"","_tribe_ticket_header":"","_tribe_default_ticket_provider":"","_tribe_ticket_capacity":"0","_ticket_start_date":"","_ticket_end_date":"","_tribe_ticket_show_description":"","_tribe_ticket_show_not_going":false,"_tribe_ticket_use_global_stock":"","_tribe_ticket_global_stock_level":"","_global_stock_mode":"","_global_stock_cap":"","_tribe_rsvp_for_event":"","_tribe_ticket_going_count":"","_tribe_ticket_not_going_count":"","_tribe_tickets_list":"[]","_tribe_ticket_has_attendee_info_fields":false,"_tribe_events_status":"","_tribe_events_status_reason":"","footnotes":"","_tec_slr_enabled":"","_tec_slr_layout":""},"tags":[],"tribe_events_cat":[],"class_list":["post-7734","tribe_events","type-tribe_events","status-publish","has-post-thumbnail","hentry"],"ticketed":false,"_links":{"self":[{"href":"https:\/\/kuwehi.de\/index.php?rest_route=\/wp\/v2\/tribe_events\/7734","targetHints":{"allow":["GET"]}}],"collection":[{"href":"https:\/\/kuwehi.de\/index.php?rest_route=\/wp\/v2\/tribe_events"}],"about":[{"href":"https:\/\/kuwehi.de\/index.php?rest_route=\/wp\/v2\/types\/tribe_events"}],"author":[{"embeddable":true,"href":"https:\/\/kuwehi.de\/index.php?rest_route=\/wp\/v2\/users\/1"}],"version-history":[{"count":11,"href":"https:\/\/kuwehi.de\/index.php?rest_route=\/wp\/v2\/tribe_events\/7734\/revisions"}],"predecessor-version":[{"id":7745,"href":"https:\/\/kuwehi.de\/index.php?rest_route=\/wp\/v2\/tribe_events\/7734\/revisions\/7745"}],"wp:featuredmedia":[{"embeddable":true,"href":"https:\/\/kuwehi.de\/index.php?rest_route=\/wp\/v2\/media\/6619"}],"wp:attachment":[{"href":"https:\/\/kuwehi.de\/index.php?rest_route=%2Fwp%2Fv2%2Fmedia&parent=7734"}],"wp:term":[{"taxonomy":"post_tag","embeddable":true,"href":"https:\/\/kuwehi.de\/index.php?rest_route=%2Fwp%2Fv2%2Ftags&post=7734"},{"taxonomy":"tribe_events_cat","embeddable":true,"href":"https:\/\/kuwehi.de\/index.php?rest_route=%2Fwp%2Fv2%2Ftribe_events_cat&post=7734"}],"curies":[{"name":"wp","href":"https:\/\/api.w.org\/{rel}","templated":true}]}}

<h3 style="text-align: center;"><span style="color: #ff0000;"><strong>Samstagswerkstatt (</strong><strong>2 zusammenhängende Samstage)</strong></span></h3>
<h5 class="page-content" style="text-align: center;"><strong>mit Doris Oles<br />
</strong></h5>
<h2 class="page-content" style="text-align: center;"><strong>Ton und Wolle<br />
</strong></h2>
<h5 class="page-content" style="text-align: center;"><strong>(Für 8 &#8211; bis 14 – Jährige)</strong></h5>
<p>&nbsp;</p>
<h5></h5>
<h3 style="text-align: center;"><span style="color: #ff0000;"><strong><img fetchpriority="high" decoding="async" class="alignleft wp-image-7706" src="https://kuwehi.de/wp-content/uploads/2023/10/64697-rotated-e1697532237398-225x300.jpg" alt="" width="439" height="585" srcset="https://kuwehi.de/wp-content/uploads/2023/10/64697-rotated-e1697532237398-225x300.jpg 225w, https://kuwehi.de/wp-content/uploads/2023/10/64697-rotated-e1697532237398-768x1024.jpg 768w, https://kuwehi.de/wp-content/uploads/2023/10/64697-rotated-e1697532237398-113x150.jpg 113w, https://kuwehi.de/wp-content/uploads/2023/10/64697-rotated-e1697532237398-1152x1536.jpg 1152w, https://kuwehi.de/wp-content/uploads/2023/10/64697-rotated-e1697532237398.jpg 1536w" sizes="(max-width: 439px) 100vw, 439px" /></strong></span></h3>
<h5></h5>
<h5>Wir gestalten an 2 Samstagvormittagen eine oder mehrere Tonplatten (die aber nicht glasiert werden). Der Ton ist erst feucht kühl und geschmeidig, er gibt dem Druck unserer Hände nach. Wir können abstrakt und frei gestalten, oder (weihnachtlich) figürlich.</h5>
<h5>Am 2. Samstagvormittag weben wir mit Wolle die ausgeschnittenen &#8218;Fenster&#8216; aus, verbinden das Weiche und Biegsame mit der inzwischen hart gebrannten Kachel.</h5>
<div dir="auto">
<h5>So entstehen kleine und einmalige Kunstwerke für die Wand oder ein Fenster.</h5>
</div>
<h5>Termin (nur zusammen buchbar):</h5>
<h5>1. Treffen (Töpfern): Samstag, 04.11.2023 von 10:00 bis 12.30 Uhr</h5>
<h5>2. Treffen (Weben): Samstag, 02.12.2023 von 10:00 bis 12:30 Uhr</h5>
<h5>Pro Termin nur 8 € inklusive Material!</h5>
<p>&nbsp;</p>

<p>Samstagswerkstatt (2 zusammenhängende Samstage) mit Doris Oles Ton und Wolle (Für 8 &#8211; bis 14 – Jährige) &nbsp; Wir gestalten&hellip;</p>
