{"id":7679,"date":"2023-10-11T17:34:47","date_gmt":"2023-10-11T15:34:47","guid":{"rendered":"https:\/\/kuwehi.de\/?post_type=tribe_events&#038;p=7679"},"modified":"2023-10-11T17:34:47","modified_gmt":"2023-10-11T15:34:47","slug":"schmiede-tag","status":"publish","type":"tribe_events","link":"https:\/\/kuwehi.de\/?tribe_events=schmiede-tag","title":{"rendered":"Schmiede-Tag"},"content":{"rendered":"<h1>Schmieden an der Kulturwerkstatt \u00a0&#8211; Schmiede-Tage<\/h1>\n<h5><img fetchpriority=\"high\" decoding=\"async\" class=\"alignright wp-image-5164\" src=\"https:\/\/kuwehi.de\/wp-content\/uploads\/2022\/05\/Ziegen-169x300.jpg\" alt=\"\" width=\"300\" height=\"533\" srcset=\"https:\/\/kuwehi.de\/wp-content\/uploads\/2022\/05\/Ziegen-169x300.jpg 169w, https:\/\/kuwehi.de\/wp-content\/uploads\/2022\/05\/Ziegen-576x1024.jpg 576w, https:\/\/kuwehi.de\/wp-content\/uploads\/2022\/05\/Ziegen.jpg 675w\" sizes=\"(max-width: 300px) 100vw, 300px\" \/><\/h5>\n<h5><img decoding=\"async\" class=\"alignleft wp-image-5159\" src=\"https:\/\/kuwehi.de\/wp-content\/uploads\/2022\/05\/Gartenstecker-an-Wand-190x300.jpg\" alt=\"\" width=\"338\" height=\"533\" srcset=\"https:\/\/kuwehi.de\/wp-content\/uploads\/2022\/05\/Gartenstecker-an-Wand-190x300.jpg 190w, https:\/\/kuwehi.de\/wp-content\/uploads\/2022\/05\/Gartenstecker-an-Wand-650x1024.jpg 650w, https:\/\/kuwehi.de\/wp-content\/uploads\/2022\/05\/Gartenstecker-an-Wand-768x1210.jpg 768w, https:\/\/kuwehi.de\/wp-content\/uploads\/2022\/05\/Gartenstecker-an-Wand-975x1536.jpg 975w, https:\/\/kuwehi.de\/wp-content\/uploads\/2022\/05\/Gartenstecker-an-Wand-1300x2048.jpg 1300w, https:\/\/kuwehi.de\/wp-content\/uploads\/2022\/05\/Gartenstecker-an-Wand-1600x2521.jpg 1600w, https:\/\/kuwehi.de\/wp-content\/uploads\/2022\/05\/Gartenstecker-an-Wand-scaled.jpg 1625w\" sizes=\"(max-width: 338px) 100vw, 338px\" \/>Wir bieten seit Juni 2022 \u00fcber\u2018s ganze Jahr verteilt, in unregelm\u00e4\u00dfigen Abst\u00e4nden, Schmiede-Tage an, die dazu gedacht sind, dass interessierte Teilnehmer unserer vergangenen Schmiedekurse die M\u00f6glichkeit haben zum Schmieden zu uns zu kommen. Hier k\u00f6nnen dann eigene Vorstellungen und Ideen verwirklicht werden. Zurzeit stehen 4 bis 5 Arbeitspl\u00e4tze zur Verf\u00fcgung.<\/h5>\n<h5>Termin: \u00a0\u00a0\u00a0 28.10.2023 von 11.00 bis 17.00 Uhr<\/h5>\n<h5>Kosten:\u00a0\u00a0\u00a0\u00a0\u00a0\u00a0\u00a0\u00a0\u00a0\u00a0\u00a0 25 Euro\/Termin + Material<\/h5>\n<h5>Um Anmeldung wird gebeten! Weitere Infos und Anmeldung unter: braunskuwehi@gmail.com<\/h5>\n<p>&nbsp;<\/p>\n<p>&nbsp;<\/p>\n<h4><strong>Bei schlechtem Wetter kann der Termin ausfallen oder verschoben werden !<\/strong><\/h4>\n","protected":false},"excerpt":{"rendered":"<p>Schmieden an der Kulturwerkstatt \u00a0&#8211; Schmiede-Tage Wir bieten seit Juni 2022 \u00fcber\u2018s ganze Jahr verteilt, in unregelm\u00e4\u00dfigen Abst\u00e4nden, Schmiede-Tage an,&hellip;<\/p>\n","protected":false},"author":1,"featured_media":0,"template":"","meta":{"_price":"","_stock":"","_tribe_ticket_header":"","_tribe_default_ticket_provider":"","_tribe_ticket_capacity":"0","_ticket_start_date":"","_ticket_end_date":"","_tribe_ticket_show_description":"","_tribe_ticket_show_not_going":false,"_tribe_ticket_use_global_stock":"","_tribe_ticket_global_stock_level":"","_global_stock_mode":"","_global_stock_cap":"","_tribe_rsvp_for_event":"","_tribe_ticket_going_count":"","_tribe_ticket_not_going_count":"","_tribe_tickets_list":"[]","_tribe_ticket_has_attendee_info_fields":false,"_tribe_events_status":"","_tribe_events_status_reason":"","footnotes":"","_tec_slr_enabled":"","_tec_slr_layout":""},"tags":[],"tribe_events_cat":[],"class_list":["post-7679","tribe_events","type-tribe_events","status-publish","hentry"],"ticketed":false,"_links":{"self":[{"href":"https:\/\/kuwehi.de\/index.php?rest_route=\/wp\/v2\/tribe_events\/7679","targetHints":{"allow":["GET"]}}],"collection":[{"href":"https:\/\/kuwehi.de\/index.php?rest_route=\/wp\/v2\/tribe_events"}],"about":[{"href":"https:\/\/kuwehi.de\/index.php?rest_route=\/wp\/v2\/types\/tribe_events"}],"author":[{"embeddable":true,"href":"https:\/\/kuwehi.de\/index.php?rest_route=\/wp\/v2\/users\/1"}],"version-history":[{"count":11,"href":"https:\/\/kuwehi.de\/index.php?rest_route=\/wp\/v2\/tribe_events\/7679\/revisions"}],"predecessor-version":[{"id":7690,"href":"https:\/\/kuwehi.de\/index.php?rest_route=\/wp\/v2\/tribe_events\/7679\/revisions\/7690"}],"wp:attachment":[{"href":"https:\/\/kuwehi.de\/index.php?rest_route=%2Fwp%2Fv2%2Fmedia&parent=7679"}],"wp:term":[{"taxonomy":"post_tag","embeddable":true,"href":"https:\/\/kuwehi.de\/index.php?rest_route=%2Fwp%2Fv2%2Ftags&post=7679"},{"taxonomy":"tribe_events_cat","embeddable":true,"href":"https:\/\/kuwehi.de\/index.php?rest_route=%2Fwp%2Fv2%2Ftribe_events_cat&post=7679"}],"curies":[{"name":"wp","href":"https:\/\/api.w.org\/{rel}","templated":true}]}}

<h1>Schmieden an der Kulturwerkstatt  &#8211; Schmiede-Tage</h1>
<h5><img fetchpriority="high" decoding="async" class="alignright wp-image-5164" src="https://kuwehi.de/wp-content/uploads/2022/05/Ziegen-169x300.jpg" alt="" width="300" height="533" srcset="https://kuwehi.de/wp-content/uploads/2022/05/Ziegen-169x300.jpg 169w, https://kuwehi.de/wp-content/uploads/2022/05/Ziegen-576x1024.jpg 576w, https://kuwehi.de/wp-content/uploads/2022/05/Ziegen.jpg 675w" sizes="(max-width: 300px) 100vw, 300px" /></h5>
<h5><img decoding="async" class="alignleft wp-image-5159" src="https://kuwehi.de/wp-content/uploads/2022/05/Gartenstecker-an-Wand-190x300.jpg" alt="" width="338" height="533" srcset="https://kuwehi.de/wp-content/uploads/2022/05/Gartenstecker-an-Wand-190x300.jpg 190w, https://kuwehi.de/wp-content/uploads/2022/05/Gartenstecker-an-Wand-650x1024.jpg 650w, https://kuwehi.de/wp-content/uploads/2022/05/Gartenstecker-an-Wand-768x1210.jpg 768w, https://kuwehi.de/wp-content/uploads/2022/05/Gartenstecker-an-Wand-975x1536.jpg 975w, https://kuwehi.de/wp-content/uploads/2022/05/Gartenstecker-an-Wand-1300x2048.jpg 1300w, https://kuwehi.de/wp-content/uploads/2022/05/Gartenstecker-an-Wand-1600x2521.jpg 1600w, https://kuwehi.de/wp-content/uploads/2022/05/Gartenstecker-an-Wand-scaled.jpg 1625w" sizes="(max-width: 338px) 100vw, 338px" />Wir bieten seit Juni 2022 über‘s ganze Jahr verteilt, in unregelmäßigen Abständen, Schmiede-Tage an, die dazu gedacht sind, dass interessierte Teilnehmer unserer vergangenen Schmiedekurse die Möglichkeit haben zum Schmieden zu uns zu kommen. Hier können dann eigene Vorstellungen und Ideen verwirklicht werden. Zurzeit stehen 4 bis 5 Arbeitsplätze zur Verfügung.</h5>
<h5>Termin:     28.10.2023 von 11.00 bis 17.00 Uhr</h5>
<h5>Kosten:            25 Euro/Termin + Material</h5>
<h5>Um Anmeldung wird gebeten! Weitere Infos und Anmeldung unter: braunskuwehi@gmail.com</h5>
<p>&nbsp;</p>
<p>&nbsp;</p>
<h4><strong>Bei schlechtem Wetter kann der Termin ausfallen oder verschoben werden !</strong></h4>

<p>Schmieden an der Kulturwerkstatt  &#8211; Schmiede-Tage Wir bieten seit Juni 2022 über‘s ganze Jahr verteilt, in unregelmäßigen Abständen, Schmiede-Tage an,&hellip;</p>
