{"id":7424,"date":"2023-06-28T14:52:59","date_gmt":"2023-06-28T12:52:59","guid":{"rendered":"https:\/\/kuwehi.de\/?post_type=tribe_events&#038;p=7424"},"modified":"2023-11-08T11:23:23","modified_gmt":"2023-11-08T10:23:23","slug":"fruechte-des-herbstes-im-november-2023","status":"publish","type":"tribe_events","link":"https:\/\/kuwehi.de\/?tribe_events=fruechte-des-herbstes-im-november-2023","title":{"rendered":"Fr\u00fcchte des Herbstes im November 2023"},"content":{"rendered":"<h2 style=\"text-align: center;\"><\/h2>\n<p>&nbsp;<\/p>\n<div id='gallery-1' class='gallery galleryid-7424 gallery-columns-5 gallery-size-medium'><figure class='gallery-item'>\n\t\t\t<div class='gallery-icon landscape'>\n\t\t\t\t<img fetchpriority=\"high\" decoding=\"async\" width=\"300\" height=\"300\" src=\"https:\/\/kuwehi.de\/wp-content\/uploads\/2021\/01\/Oelmalerei-Fruechte-Apfel-Quadrat-300x300.jpg\" class=\"attachment-medium size-medium\" alt=\"\" srcset=\"https:\/\/kuwehi.de\/wp-content\/uploads\/2021\/01\/Oelmalerei-Fruechte-Apfel-Quadrat-300x300.jpg 300w, https:\/\/kuwehi.de\/wp-content\/uploads\/2021\/01\/Oelmalerei-Fruechte-Apfel-Quadrat-1024x1024.jpg 1024w, https:\/\/kuwehi.de\/wp-content\/uploads\/2021\/01\/Oelmalerei-Fruechte-Apfel-Quadrat-150x150.jpg 150w, https:\/\/kuwehi.de\/wp-content\/uploads\/2021\/01\/Oelmalerei-Fruechte-Apfel-Quadrat-768x768.jpg 768w, https:\/\/kuwehi.de\/wp-content\/uploads\/2021\/01\/Oelmalerei-Fruechte-Apfel-Quadrat-1536x1536.jpg 1536w, https:\/\/kuwehi.de\/wp-content\/uploads\/2021\/01\/Oelmalerei-Fruechte-Apfel-Quadrat-2048x2048.jpg 2048w, https:\/\/kuwehi.de\/wp-content\/uploads\/2021\/01\/Oelmalerei-Fruechte-Apfel-Quadrat-1600x1600.jpg 1600w\" sizes=\"(max-width: 300px) 100vw, 300px\" \/>\n\t\t\t<\/div><\/figure><figure class='gallery-item'>\n\t\t\t<div class='gallery-icon landscape'>\n\t\t\t\t<img decoding=\"async\" width=\"300\" height=\"300\" src=\"https:\/\/kuwehi.de\/wp-content\/uploads\/2020\/09\/\u00d6lmalen-Quitten2-Quadrat-300x300.jpg\" class=\"attachment-medium size-medium\" alt=\"\" srcset=\"https:\/\/kuwehi.de\/wp-content\/uploads\/2020\/09\/\u00d6lmalen-Quitten2-Quadrat-300x300.jpg 300w, https:\/\/kuwehi.de\/wp-content\/uploads\/2020\/09\/\u00d6lmalen-Quitten2-Quadrat-1024x1024.jpg 1024w, https:\/\/kuwehi.de\/wp-content\/uploads\/2020\/09\/\u00d6lmalen-Quitten2-Quadrat-150x150.jpg 150w, https:\/\/kuwehi.de\/wp-content\/uploads\/2020\/09\/\u00d6lmalen-Quitten2-Quadrat-768x768.jpg 768w, https:\/\/kuwehi.de\/wp-content\/uploads\/2020\/09\/\u00d6lmalen-Quitten2-Quadrat-1536x1536.jpg 1536w, https:\/\/kuwehi.de\/wp-content\/uploads\/2020\/09\/\u00d6lmalen-Quitten2-Quadrat-2048x2048.jpg 2048w, https:\/\/kuwehi.de\/wp-content\/uploads\/2020\/09\/\u00d6lmalen-Quitten2-Quadrat-1600x1600.jpg 1600w\" sizes=\"(max-width: 300px) 100vw, 300px\" \/>\n\t\t\t<\/div><\/figure><figure class='gallery-item'>\n\t\t\t<div class='gallery-icon landscape'>\n\t\t\t\t<img decoding=\"async\" width=\"300\" height=\"300\" src=\"https:\/\/kuwehi.de\/wp-content\/uploads\/2021\/01\/Oelmalerei-Fruechte-Zwiebel-Quadrat-300x300.jpg\" class=\"attachment-medium size-medium\" alt=\"\" srcset=\"https:\/\/kuwehi.de\/wp-content\/uploads\/2021\/01\/Oelmalerei-Fruechte-Zwiebel-Quadrat-300x300.jpg 300w, https:\/\/kuwehi.de\/wp-content\/uploads\/2021\/01\/Oelmalerei-Fruechte-Zwiebel-Quadrat-1024x1024.jpg 1024w, https:\/\/kuwehi.de\/wp-content\/uploads\/2021\/01\/Oelmalerei-Fruechte-Zwiebel-Quadrat-150x150.jpg 150w, https:\/\/kuwehi.de\/wp-content\/uploads\/2021\/01\/Oelmalerei-Fruechte-Zwiebel-Quadrat-768x768.jpg 768w, https:\/\/kuwehi.de\/wp-content\/uploads\/2021\/01\/Oelmalerei-Fruechte-Zwiebel-Quadrat-1536x1536.jpg 1536w, https:\/\/kuwehi.de\/wp-content\/uploads\/2021\/01\/Oelmalerei-Fruechte-Zwiebel-Quadrat-2048x2048.jpg 2048w, https:\/\/kuwehi.de\/wp-content\/uploads\/2021\/01\/Oelmalerei-Fruechte-Zwiebel-Quadrat-1600x1599.jpg 1600w\" sizes=\"(max-width: 300px) 100vw, 300px\" \/>\n\t\t\t<\/div><\/figure><figure class='gallery-item'>\n\t\t\t<div class='gallery-icon portrait'>\n\t\t\t\t<img loading=\"lazy\" decoding=\"async\" width=\"300\" height=\"300\" src=\"https:\/\/kuwehi.de\/wp-content\/uploads\/2021\/01\/Oelmalerei-Fruechte-Birne-Quadrat2-300x300.jpg\" class=\"attachment-medium size-medium\" alt=\"\" srcset=\"https:\/\/kuwehi.de\/wp-content\/uploads\/2021\/01\/Oelmalerei-Fruechte-Birne-Quadrat2-300x300.jpg 300w, https:\/\/kuwehi.de\/wp-content\/uploads\/2021\/01\/Oelmalerei-Fruechte-Birne-Quadrat2-1024x1024.jpg 1024w, https:\/\/kuwehi.de\/wp-content\/uploads\/2021\/01\/Oelmalerei-Fruechte-Birne-Quadrat2-150x150.jpg 150w, https:\/\/kuwehi.de\/wp-content\/uploads\/2021\/01\/Oelmalerei-Fruechte-Birne-Quadrat2-768x768.jpg 768w, https:\/\/kuwehi.de\/wp-content\/uploads\/2021\/01\/Oelmalerei-Fruechte-Birne-Quadrat2-1536x1536.jpg 1536w, https:\/\/kuwehi.de\/wp-content\/uploads\/2021\/01\/Oelmalerei-Fruechte-Birne-Quadrat2-2048x2048.jpg 2048w, https:\/\/kuwehi.de\/wp-content\/uploads\/2021\/01\/Oelmalerei-Fruechte-Birne-Quadrat2-1600x1601.jpg 1600w\" sizes=\"(max-width: 300px) 100vw, 300px\" \/>\n\t\t\t<\/div><\/figure><figure class='gallery-item'>\n\t\t\t<div class='gallery-icon landscape'>\n\t\t\t\t<img loading=\"lazy\" decoding=\"async\" width=\"300\" height=\"300\" src=\"https:\/\/kuwehi.de\/wp-content\/uploads\/2022\/08\/Apfel-Quadrat-300x300.jpg\" class=\"attachment-medium size-medium\" alt=\"\" srcset=\"https:\/\/kuwehi.de\/wp-content\/uploads\/2022\/08\/Apfel-Quadrat-300x300.jpg 300w, https:\/\/kuwehi.de\/wp-content\/uploads\/2022\/08\/Apfel-Quadrat-1024x1024.jpg 1024w, https:\/\/kuwehi.de\/wp-content\/uploads\/2022\/08\/Apfel-Quadrat-150x150.jpg 150w, https:\/\/kuwehi.de\/wp-content\/uploads\/2022\/08\/Apfel-Quadrat-768x768.jpg 768w, https:\/\/kuwehi.de\/wp-content\/uploads\/2022\/08\/Apfel-Quadrat-1536x1536.jpg 1536w, https:\/\/kuwehi.de\/wp-content\/uploads\/2022\/08\/Apfel-Quadrat-2048x2048.jpg 2048w, https:\/\/kuwehi.de\/wp-content\/uploads\/2022\/08\/Apfel-Quadrat-1600x1600.jpg 1600w\" sizes=\"(max-width: 300px) 100vw, 300px\" \/>\n\t\t\t<\/div><\/figure>\n\t\t<\/div>\n\n<p>&nbsp;<\/p>\n<h2><\/h2>\n<h2 style=\"text-align: center;\"><strong><span style=\"font-family: comic sans ms, sans-serif;\">Fr\u00fcchte des Herbstes<\/span><\/strong><\/h2>\n<h4 style=\"text-align: center;\"><strong><span style=\"font-family: comic sans ms, sans-serif;\">Mit Ingrid Kerber<\/span><\/strong><\/h4>\n<h5 style=\"text-align: center;\"><span style=\"font-family: comic sans ms, sans-serif;\">\u201eDie Fr\u00fcchte des Herbstes in ihrer sinnlichen Ausstrahlung laden zum malerischen Gestalten ein, sie<\/span><br \/>\n<span style=\"font-family: comic sans ms, sans-serif;\">inspirieren zum Spielen mit Farbnuancen und der differenzierten Wiedergabe von unterschiedlichen<\/span><br \/>\n<span style=\"font-family: comic sans ms, sans-serif;\">Oberfl\u00e4chenstrukturen von samtig bis gl\u00e4nzend.<\/span><br \/>\n<span style=\"font-family: comic sans ms, sans-serif;\">Anhand von Bildbeispielen aus der Kunstgeschichte vergegenw\u00e4rtigen wir uns zun\u00e4chst verschiedene<\/span><br \/>\n<span style=\"font-family: comic sans ms, sans-serif;\">gestalterische Umsetzungsm\u00f6glichkeiten. Anschlie\u00dfend w\u00e4hlen wir ein favorisiertes Objekt aus und<\/span><br \/>\n<span style=\"font-family: comic sans ms, sans-serif;\">modellieren es mit Kohle in seinen Licht- und Schattenwerten. <\/span><\/h5>\n<h5 style=\"text-align: center;\"><span style=\"font-family: comic sans ms, sans-serif;\">Mittels der geschmeidigen \u00d6lfarben<\/span><br \/>\n<span style=\"font-family: comic sans ms, sans-serif;\">k\u00f6nnen wir dann alle gew\u00fcnschten Farbnuancen anmischen und das Motiv Schritt f\u00fcr Schritt auf einem<\/span><br \/>\n<span style=\"font-family: comic sans ms, sans-serif;\">kleinen Keilrahmen umsetzen. Letzte Kniffe zaubern den 3-D-Effekt.<\/span><br \/>\n<span style=\"font-family: comic sans ms, sans-serif;\">Fr\u00fcchte sind vorhanden, Sie k\u00f6nnen aber auch gerne ein eigenes Lieblingsmodell mitbringen.<\/span><\/h5>\n<h5 style=\"text-align: center;\"><span style=\"font-family: comic sans ms, sans-serif;\">Termin: Samstag, 11. November 2023 von 14:00 bis 17:00 Uhr<\/span><\/h5>\n<h5 style=\"text-align: center;\"><span style=\"font-family: comic sans ms, sans-serif;\">Kosten: 30 Euro (zu \u00fcberweisen) + 5 Euro f\u00fcr Material (im Kurs an die Kursleiterin zu zahlen)<br \/>\n<\/span><\/h5>\n<p>&nbsp;<\/p>\n","protected":false},"excerpt":{"rendered":"<p>&nbsp; &nbsp; Fr\u00fcchte des Herbstes Mit Ingrid Kerber \u201eDie Fr\u00fcchte des Herbstes in ihrer sinnlichen Ausstrahlung laden zum malerischen Gestalten&hellip;<\/p>\n","protected":false},"author":1,"featured_media":0,"template":"","meta":{"_price":"","_stock":"","_tribe_ticket_header":"","_tribe_default_ticket_provider":"","_tribe_ticket_capacity":"0","_ticket_start_date":"","_ticket_end_date":"","_tribe_ticket_show_description":"","_tribe_ticket_show_not_going":false,"_tribe_ticket_use_global_stock":"","_tribe_ticket_global_stock_level":"","_global_stock_mode":"","_global_stock_cap":"","_tribe_rsvp_for_event":"","_tribe_ticket_going_count":"","_tribe_ticket_not_going_count":"","_tribe_tickets_list":"[]","_tribe_ticket_has_attendee_info_fields":false,"_tribe_events_status":"","_tribe_events_status_reason":"","footnotes":"","_tec_slr_enabled":"","_tec_slr_layout":""},"tags":[],"tribe_events_cat":[],"class_list":["post-7424","tribe_events","type-tribe_events","status-publish","hentry"],"ticketed":false,"_links":{"self":[{"href":"https:\/\/kuwehi.de\/index.php?rest_route=\/wp\/v2\/tribe_events\/7424","targetHints":{"allow":["GET"]}}],"collection":[{"href":"https:\/\/kuwehi.de\/index.php?rest_route=\/wp\/v2\/tribe_events"}],"about":[{"href":"https:\/\/kuwehi.de\/index.php?rest_route=\/wp\/v2\/types\/tribe_events"}],"author":[{"embeddable":true,"href":"https:\/\/kuwehi.de\/index.php?rest_route=\/wp\/v2\/users\/1"}],"version-history":[{"count":18,"href":"https:\/\/kuwehi.de\/index.php?rest_route=\/wp\/v2\/tribe_events\/7424\/revisions"}],"predecessor-version":[{"id":7630,"href":"https:\/\/kuwehi.de\/index.php?rest_route=\/wp\/v2\/tribe_events\/7424\/revisions\/7630"}],"wp:attachment":[{"href":"https:\/\/kuwehi.de\/index.php?rest_route=%2Fwp%2Fv2%2Fmedia&parent=7424"}],"wp:term":[{"taxonomy":"post_tag","embeddable":true,"href":"https:\/\/kuwehi.de\/index.php?rest_route=%2Fwp%2Fv2%2Ftags&post=7424"},{"taxonomy":"tribe_events_cat","embeddable":true,"href":"https:\/\/kuwehi.de\/index.php?rest_route=%2Fwp%2Fv2%2Ftribe_events_cat&post=7424"}],"curies":[{"name":"wp","href":"https:\/\/api.w.org\/{rel}","templated":true}]}}

Früchte des Herbstes im November 2023

<h2 style="text-align: center;"></h2>
<p>&nbsp;</p>
<div id='gallery-1' class='gallery galleryid-7424 gallery-columns-5 gallery-size-medium'><figure class='gallery-item'>
			<div class='gallery-icon landscape'>
				<img fetchpriority="high" decoding="async" width="300" height="300" src="https://kuwehi.de/wp-content/uploads/2021/01/Oelmalerei-Fruechte-Apfel-Quadrat-300x300.jpg" class="attachment-medium size-medium" alt="" srcset="https://kuwehi.de/wp-content/uploads/2021/01/Oelmalerei-Fruechte-Apfel-Quadrat-300x300.jpg 300w, https://kuwehi.de/wp-content/uploads/2021/01/Oelmalerei-Fruechte-Apfel-Quadrat-1024x1024.jpg 1024w, https://kuwehi.de/wp-content/uploads/2021/01/Oelmalerei-Fruechte-Apfel-Quadrat-150x150.jpg 150w, https://kuwehi.de/wp-content/uploads/2021/01/Oelmalerei-Fruechte-Apfel-Quadrat-768x768.jpg 768w, https://kuwehi.de/wp-content/uploads/2021/01/Oelmalerei-Fruechte-Apfel-Quadrat-1536x1536.jpg 1536w, https://kuwehi.de/wp-content/uploads/2021/01/Oelmalerei-Fruechte-Apfel-Quadrat-2048x2048.jpg 2048w, https://kuwehi.de/wp-content/uploads/2021/01/Oelmalerei-Fruechte-Apfel-Quadrat-1600x1600.jpg 1600w" sizes="(max-width: 300px) 100vw, 300px" />
			</div></figure><figure class='gallery-item'>
			<div class='gallery-icon landscape'>
				<img decoding="async" width="300" height="300" src="https://kuwehi.de/wp-content/uploads/2020/09/Ölmalen-Quitten2-Quadrat-300x300.jpg" class="attachment-medium size-medium" alt="" srcset="https://kuwehi.de/wp-content/uploads/2020/09/Ölmalen-Quitten2-Quadrat-300x300.jpg 300w, https://kuwehi.de/wp-content/uploads/2020/09/Ölmalen-Quitten2-Quadrat-1024x1024.jpg 1024w, https://kuwehi.de/wp-content/uploads/2020/09/Ölmalen-Quitten2-Quadrat-150x150.jpg 150w, https://kuwehi.de/wp-content/uploads/2020/09/Ölmalen-Quitten2-Quadrat-768x768.jpg 768w, https://kuwehi.de/wp-content/uploads/2020/09/Ölmalen-Quitten2-Quadrat-1536x1536.jpg 1536w, https://kuwehi.de/wp-content/uploads/2020/09/Ölmalen-Quitten2-Quadrat-2048x2048.jpg 2048w, https://kuwehi.de/wp-content/uploads/2020/09/Ölmalen-Quitten2-Quadrat-1600x1600.jpg 1600w" sizes="(max-width: 300px) 100vw, 300px" />
			</div></figure><figure class='gallery-item'>
			<div class='gallery-icon landscape'>
				<img decoding="async" width="300" height="300" src="https://kuwehi.de/wp-content/uploads/2021/01/Oelmalerei-Fruechte-Zwiebel-Quadrat-300x300.jpg" class="attachment-medium size-medium" alt="" srcset="https://kuwehi.de/wp-content/uploads/2021/01/Oelmalerei-Fruechte-Zwiebel-Quadrat-300x300.jpg 300w, https://kuwehi.de/wp-content/uploads/2021/01/Oelmalerei-Fruechte-Zwiebel-Quadrat-1024x1024.jpg 1024w, https://kuwehi.de/wp-content/uploads/2021/01/Oelmalerei-Fruechte-Zwiebel-Quadrat-150x150.jpg 150w, https://kuwehi.de/wp-content/uploads/2021/01/Oelmalerei-Fruechte-Zwiebel-Quadrat-768x768.jpg 768w, https://kuwehi.de/wp-content/uploads/2021/01/Oelmalerei-Fruechte-Zwiebel-Quadrat-1536x1536.jpg 1536w, https://kuwehi.de/wp-content/uploads/2021/01/Oelmalerei-Fruechte-Zwiebel-Quadrat-2048x2048.jpg 2048w, https://kuwehi.de/wp-content/uploads/2021/01/Oelmalerei-Fruechte-Zwiebel-Quadrat-1600x1599.jpg 1600w" sizes="(max-width: 300px) 100vw, 300px" />
			</div></figure><figure class='gallery-item'>
			<div class='gallery-icon portrait'>
				<img loading="lazy" decoding="async" width="300" height="300" src="https://kuwehi.de/wp-content/uploads/2021/01/Oelmalerei-Fruechte-Birne-Quadrat2-300x300.jpg" class="attachment-medium size-medium" alt="" srcset="https://kuwehi.de/wp-content/uploads/2021/01/Oelmalerei-Fruechte-Birne-Quadrat2-300x300.jpg 300w, https://kuwehi.de/wp-content/uploads/2021/01/Oelmalerei-Fruechte-Birne-Quadrat2-1024x1024.jpg 1024w, https://kuwehi.de/wp-content/uploads/2021/01/Oelmalerei-Fruechte-Birne-Quadrat2-150x150.jpg 150w, https://kuwehi.de/wp-content/uploads/2021/01/Oelmalerei-Fruechte-Birne-Quadrat2-768x768.jpg 768w, https://kuwehi.de/wp-content/uploads/2021/01/Oelmalerei-Fruechte-Birne-Quadrat2-1536x1536.jpg 1536w, https://kuwehi.de/wp-content/uploads/2021/01/Oelmalerei-Fruechte-Birne-Quadrat2-2048x2048.jpg 2048w, https://kuwehi.de/wp-content/uploads/2021/01/Oelmalerei-Fruechte-Birne-Quadrat2-1600x1601.jpg 1600w" sizes="(max-width: 300px) 100vw, 300px" />
			</div></figure><figure class='gallery-item'>
			<div class='gallery-icon landscape'>
				<img loading="lazy" decoding="async" width="300" height="300" src="https://kuwehi.de/wp-content/uploads/2022/08/Apfel-Quadrat-300x300.jpg" class="attachment-medium size-medium" alt="" srcset="https://kuwehi.de/wp-content/uploads/2022/08/Apfel-Quadrat-300x300.jpg 300w, https://kuwehi.de/wp-content/uploads/2022/08/Apfel-Quadrat-1024x1024.jpg 1024w, https://kuwehi.de/wp-content/uploads/2022/08/Apfel-Quadrat-150x150.jpg 150w, https://kuwehi.de/wp-content/uploads/2022/08/Apfel-Quadrat-768x768.jpg 768w, https://kuwehi.de/wp-content/uploads/2022/08/Apfel-Quadrat-1536x1536.jpg 1536w, https://kuwehi.de/wp-content/uploads/2022/08/Apfel-Quadrat-2048x2048.jpg 2048w, https://kuwehi.de/wp-content/uploads/2022/08/Apfel-Quadrat-1600x1600.jpg 1600w" sizes="(max-width: 300px) 100vw, 300px" />
			</div></figure>
		</div>

<p>&nbsp;</p>
<h2></h2>
<h2 style="text-align: center;"><strong><span style="font-family: comic sans ms, sans-serif;">Früchte des Herbstes</span></strong></h2>
<h4 style="text-align: center;"><strong><span style="font-family: comic sans ms, sans-serif;">Mit Ingrid Kerber</span></strong></h4>
<h5 style="text-align: center;"><span style="font-family: comic sans ms, sans-serif;">„Die Früchte des Herbstes in ihrer sinnlichen Ausstrahlung laden zum malerischen Gestalten ein, sie</span><br />
<span style="font-family: comic sans ms, sans-serif;">inspirieren zum Spielen mit Farbnuancen und der differenzierten Wiedergabe von unterschiedlichen</span><br />
<span style="font-family: comic sans ms, sans-serif;">Oberflächenstrukturen von samtig bis glänzend.</span><br />
<span style="font-family: comic sans ms, sans-serif;">Anhand von Bildbeispielen aus der Kunstgeschichte vergegenwärtigen wir uns zunächst verschiedene</span><br />
<span style="font-family: comic sans ms, sans-serif;">gestalterische Umsetzungsmöglichkeiten. Anschließend wählen wir ein favorisiertes Objekt aus und</span><br />
<span style="font-family: comic sans ms, sans-serif;">modellieren es mit Kohle in seinen Licht- und Schattenwerten. </span></h5>
<h5 style="text-align: center;"><span style="font-family: comic sans ms, sans-serif;">Mittels der geschmeidigen Ölfarben</span><br />
<span style="font-family: comic sans ms, sans-serif;">können wir dann alle gewünschten Farbnuancen anmischen und das Motiv Schritt für Schritt auf einem</span><br />
<span style="font-family: comic sans ms, sans-serif;">kleinen Keilrahmen umsetzen. Letzte Kniffe zaubern den 3-D-Effekt.</span><br />
<span style="font-family: comic sans ms, sans-serif;">Früchte sind vorhanden, Sie können aber auch gerne ein eigenes Lieblingsmodell mitbringen.</span></h5>
<h5 style="text-align: center;"><span style="font-family: comic sans ms, sans-serif;">Termin: Samstag, 11. November 2023 von 14:00 bis 17:00 Uhr</span></h5>
<h5 style="text-align: center;"><span style="font-family: comic sans ms, sans-serif;">Kosten: 30 Euro (zu überweisen) + 5 Euro für Material (im Kurs an die Kursleiterin zu zahlen)<br />
</span></h5>
<p>&nbsp;</p>

<p>&nbsp; &nbsp; Früchte des Herbstes Mit Ingrid Kerber „Die Früchte des Herbstes in ihrer sinnlichen Ausstrahlung laden zum malerischen Gestalten&hellip;</p>
