{"id":7357,"date":"2023-06-15T17:54:25","date_gmt":"2023-06-15T15:54:25","guid":{"rendered":"https:\/\/kuwehi.de\/?post_type=tribe_events&#038;p=7357"},"modified":"2023-11-24T14:09:43","modified_gmt":"2023-11-24T13:09:43","slug":"yoga-retreat-im-november-2023","status":"publish","type":"tribe_events","link":"https:\/\/kuwehi.de\/?tribe_events=yoga-retreat-im-november-2023","title":{"rendered":"Yoga-Retreat im November 2023"},"content":{"rendered":"<h1 style=\"text-align: center;\">Yoga-Retreat<\/h1>\n<h3 style=\"text-align: center;\">mit Adina Riesenberg-Lietz<\/h3>\n<h5 style=\"text-align: center;\">\u201eRetreat\u201c \u2013 das steht f\u00fcr eine Auszeit vom Alltag, durchatmen, sich Zeit f\u00fcr sich selbst nehmen, zur Ruhe kommen, Kraft tanken. Yoga ist daf\u00fcr bestens geeignet, denn hier wechseln sich Spannung und Entspannung ab, es entsteht ein Miteinander von Konzentration und Loslassen \u2013 sowohl k\u00f6rperlich als auch mental.<\/h5>\n<h5 style=\"text-align: center;\">26. November 2023 von 10.00 \u2013 12.00 Uhr<\/h5>\n<h5 style=\"text-align: center;\">Kosten: 18 Euro<\/h5>\n<h5 style=\"text-align: center;\"><a href=\"https:\/\/kuwehi.de\/?page_id=424\"><strong><span style=\"color: #99ccff;\">&gt; mehr lesen &lt;<\/span><\/strong><\/a><\/h5>\n","protected":false},"excerpt":{"rendered":"<p>Yoga-Retreat mit Adina Riesenberg-Lietz \u201eRetreat\u201c \u2013 das steht f\u00fcr eine Auszeit vom Alltag, durchatmen, sich Zeit f\u00fcr sich selbst nehmen,&hellip;<\/p>\n","protected":false},"author":1,"featured_media":1301,"template":"","meta":{"_price":"","_stock":"","_tribe_ticket_header":"","_tribe_default_ticket_provider":"","_tribe_ticket_capacity":"0","_ticket_start_date":"","_ticket_end_date":"","_tribe_ticket_show_description":"","_tribe_ticket_show_not_going":false,"_tribe_ticket_use_global_stock":"","_tribe_ticket_global_stock_level":"","_global_stock_mode":"","_global_stock_cap":"","_tribe_rsvp_for_event":"","_tribe_ticket_going_count":"","_tribe_ticket_not_going_count":"","_tribe_tickets_list":"[]","_tribe_ticket_has_attendee_info_fields":false,"_tribe_events_status":"","_tribe_events_status_reason":"","footnotes":"","_tec_slr_enabled":"","_tec_slr_layout":""},"tags":[118,119,117],"tribe_events_cat":[],"class_list":["post-7357","tribe_events","type-tribe_events","status-publish","has-post-thumbnail","hentry","tag-adina","tag-retreat","tag-yoga"],"ticketed":false,"_links":{"self":[{"href":"https:\/\/kuwehi.de\/index.php?rest_route=\/wp\/v2\/tribe_events\/7357","targetHints":{"allow":["GET"]}}],"collection":[{"href":"https:\/\/kuwehi.de\/index.php?rest_route=\/wp\/v2\/tribe_events"}],"about":[{"href":"https:\/\/kuwehi.de\/index.php?rest_route=\/wp\/v2\/types\/tribe_events"}],"author":[{"embeddable":true,"href":"https:\/\/kuwehi.de\/index.php?rest_route=\/wp\/v2\/users\/1"}],"version-history":[{"count":1,"href":"https:\/\/kuwehi.de\/index.php?rest_route=\/wp\/v2\/tribe_events\/7357\/revisions"}],"predecessor-version":[{"id":7358,"href":"https:\/\/kuwehi.de\/index.php?rest_route=\/wp\/v2\/tribe_events\/7357\/revisions\/7358"}],"wp:featuredmedia":[{"embeddable":true,"href":"https:\/\/kuwehi.de\/index.php?rest_route=\/wp\/v2\/media\/1301"}],"wp:attachment":[{"href":"https:\/\/kuwehi.de\/index.php?rest_route=%2Fwp%2Fv2%2Fmedia&parent=7357"}],"wp:term":[{"taxonomy":"post_tag","embeddable":true,"href":"https:\/\/kuwehi.de\/index.php?rest_route=%2Fwp%2Fv2%2Ftags&post=7357"},{"taxonomy":"tribe_events_cat","embeddable":true,"href":"https:\/\/kuwehi.de\/index.php?rest_route=%2Fwp%2Fv2%2Ftribe_events_cat&post=7357"}],"curies":[{"name":"wp","href":"https:\/\/api.w.org\/{rel}","templated":true}]}}

<h1 style="text-align: center;">Yoga-Retreat</h1>
<h3 style="text-align: center;">mit Adina Riesenberg-Lietz</h3>
<h5 style="text-align: center;">„Retreat“ – das steht für eine Auszeit vom Alltag, durchatmen, sich Zeit für sich selbst nehmen, zur Ruhe kommen, Kraft tanken. Yoga ist dafür bestens geeignet, denn hier wechseln sich Spannung und Entspannung ab, es entsteht ein Miteinander von Konzentration und Loslassen – sowohl körperlich als auch mental.</h5>
<h5 style="text-align: center;">26. November 2023 von 10.00 – 12.00 Uhr</h5>
<h5 style="text-align: center;">Kosten: 18 Euro</h5>
<h5 style="text-align: center;"><a href="https://kuwehi.de/?page_id=424"><strong><span style="color: #99ccff;">&gt; mehr lesen &lt;</span></strong></a></h5>

<p>Yoga-Retreat mit Adina Riesenberg-Lietz „Retreat“ – das steht für eine Auszeit vom Alltag, durchatmen, sich Zeit für sich selbst nehmen,&hellip;</p>
