{"id":7239,"date":"2023-05-10T19:44:56","date_gmt":"2023-05-10T17:44:56","guid":{"rendered":"https:\/\/kuwehi.de\/?post_type=tribe_events&#038;p=7239"},"modified":"2023-05-10T20:15:08","modified_gmt":"2023-05-10T18:15:08","slug":"ausstellung-unserer-kursleiterin-ingrid-kerber-im-rathaus-hiddenhausen","status":"publish","type":"tribe_events","link":"https:\/\/kuwehi.de\/?tribe_events=ausstellung-unserer-kursleiterin-ingrid-kerber-im-rathaus-hiddenhausen","title":{"rendered":"Ausstellung unserer Kursleiterin Ingrid Kerber im Rathaus Hiddenhausen"},"content":{"rendered":"<h2 style=\"text-align: center;\">Zur Er\u00f6ffnung der Ausstellung laden wir Sie und Ihre Freundinnen und Freunde herzlich ein.<\/h2>\n<p><img fetchpriority=\"high\" decoding=\"async\" class=\"alignleft wp-image-7240 size-full\" src=\"https:\/\/kuwehi.de\/wp-content\/uploads\/2023\/05\/Screenshot-2023-05-10-192051.png\" alt=\"\" width=\"559\" height=\"793\" srcset=\"https:\/\/kuwehi.de\/wp-content\/uploads\/2023\/05\/Screenshot-2023-05-10-192051.png 559w, https:\/\/kuwehi.de\/wp-content\/uploads\/2023\/05\/Screenshot-2023-05-10-192051-211x300.png 211w, https:\/\/kuwehi.de\/wp-content\/uploads\/2023\/05\/Screenshot-2023-05-10-192051-106x150.png 106w\" sizes=\"(max-width: 559px) 100vw, 559px\" \/><\/p>\n<p>&nbsp;<\/p>\n<p>&nbsp;<\/p>\n<h4><\/h4>\n<h4><\/h4>\n<h4><span style=\"font-family: georgia, palatino;\">Freitag, 26.5.2023 \u2219 19 Uhr <\/span><\/h4>\n<h4><span style=\"font-family: georgia, palatino;\">Gemeinde Hiddenhausen \u2219 Rathausstra\u00dfe 1 \u2219 32120 Hiddenhausen<\/span><\/h4>\n<h4><span style=\"font-family: georgia, palatino;\">Begr\u00fc\u00dfung: Andreas H\u00fcffmann, B\u00fcrgermeister\u00a0 <\/span><\/h4>\n<h4><span style=\"font-family: georgia, palatino;\">Musik: Das musikalische Rahmenprogramm wird gestaltet von Stefanie Pabel (NWD; Englischhorn) und Angelina Pabel (Oboe).<\/span><\/h4>\n","protected":false},"excerpt":{"rendered":"<p>Zur Er\u00f6ffnung der Ausstellung laden wir Sie und Ihre Freundinnen und Freunde herzlich ein. &nbsp; &nbsp; Freitag, 26.5.2023 \u2219 19&hellip;<\/p>\n","protected":false},"author":1,"featured_media":7249,"template":"","meta":{"_price":"","_stock":"","_tribe_ticket_header":"","_tribe_default_ticket_provider":"","_tribe_ticket_capacity":"0","_ticket_start_date":"","_ticket_end_date":"","_tribe_ticket_show_description":"","_tribe_ticket_show_not_going":false,"_tribe_ticket_use_global_stock":"","_tribe_ticket_global_stock_level":"","_global_stock_mode":"","_global_stock_cap":"","_tribe_rsvp_for_event":"","_tribe_ticket_going_count":"","_tribe_ticket_not_going_count":"","_tribe_tickets_list":"[]","_tribe_ticket_has_attendee_info_fields":false,"_tribe_events_status":"","_tribe_events_status_reason":"","footnotes":"","_tec_slr_enabled":"","_tec_slr_layout":""},"tags":[114,113,115,116],"tribe_events_cat":[],"class_list":["post-7239","tribe_events","type-tribe_events","status-publish","has-post-thumbnail","hentry","tag-ausstellung","tag-farbe-im-garten","tag-ingrid-kerber","tag-pabel"],"ticketed":false,"_links":{"self":[{"href":"https:\/\/kuwehi.de\/index.php?rest_route=\/wp\/v2\/tribe_events\/7239","targetHints":{"allow":["GET"]}}],"collection":[{"href":"https:\/\/kuwehi.de\/index.php?rest_route=\/wp\/v2\/tribe_events"}],"about":[{"href":"https:\/\/kuwehi.de\/index.php?rest_route=\/wp\/v2\/types\/tribe_events"}],"author":[{"embeddable":true,"href":"https:\/\/kuwehi.de\/index.php?rest_route=\/wp\/v2\/users\/1"}],"version-history":[{"count":8,"href":"https:\/\/kuwehi.de\/index.php?rest_route=\/wp\/v2\/tribe_events\/7239\/revisions"}],"predecessor-version":[{"id":7271,"href":"https:\/\/kuwehi.de\/index.php?rest_route=\/wp\/v2\/tribe_events\/7239\/revisions\/7271"}],"wp:featuredmedia":[{"embeddable":true,"href":"https:\/\/kuwehi.de\/index.php?rest_route=\/wp\/v2\/media\/7249"}],"wp:attachment":[{"href":"https:\/\/kuwehi.de\/index.php?rest_route=%2Fwp%2Fv2%2Fmedia&parent=7239"}],"wp:term":[{"taxonomy":"post_tag","embeddable":true,"href":"https:\/\/kuwehi.de\/index.php?rest_route=%2Fwp%2Fv2%2Ftags&post=7239"},{"taxonomy":"tribe_events_cat","embeddable":true,"href":"https:\/\/kuwehi.de\/index.php?rest_route=%2Fwp%2Fv2%2Ftribe_events_cat&post=7239"}],"curies":[{"name":"wp","href":"https:\/\/api.w.org\/{rel}","templated":true}]}}

<h2 style="text-align: center;">Zur Eröffnung der Ausstellung laden wir Sie und Ihre Freundinnen und Freunde herzlich ein.</h2>
<p><img fetchpriority="high" decoding="async" class="alignleft wp-image-7240 size-full" src="https://kuwehi.de/wp-content/uploads/2023/05/Screenshot-2023-05-10-192051.png" alt="" width="559" height="793" srcset="https://kuwehi.de/wp-content/uploads/2023/05/Screenshot-2023-05-10-192051.png 559w, https://kuwehi.de/wp-content/uploads/2023/05/Screenshot-2023-05-10-192051-211x300.png 211w, https://kuwehi.de/wp-content/uploads/2023/05/Screenshot-2023-05-10-192051-106x150.png 106w" sizes="(max-width: 559px) 100vw, 559px" /></p>
<p>&nbsp;</p>
<p>&nbsp;</p>
<h4></h4>
<h4></h4>
<h4><span style="font-family: georgia, palatino;">Freitag, 26.5.2023 ∙ 19 Uhr </span></h4>
<h4><span style="font-family: georgia, palatino;">Gemeinde Hiddenhausen ∙ Rathausstraße 1 ∙ 32120 Hiddenhausen</span></h4>
<h4><span style="font-family: georgia, palatino;">Begrüßung: Andreas Hüffmann, Bürgermeister  </span></h4>
<h4><span style="font-family: georgia, palatino;">Musik: Das musikalische Rahmenprogramm wird gestaltet von Stefanie Pabel (NWD; Englischhorn) und Angelina Pabel (Oboe).</span></h4>

<p>Zur Eröffnung der Ausstellung laden wir Sie und Ihre Freundinnen und Freunde herzlich ein. &nbsp; &nbsp; Freitag, 26.5.2023 ∙ 19&hellip;</p>
