{"id":7081,"date":"2023-04-13T19:05:41","date_gmt":"2023-04-13T17:05:41","guid":{"rendered":"https:\/\/kuwehi.de\/?post_type=tribe_events&#038;p=7081"},"modified":"2023-07-30T18:13:06","modified_gmt":"2023-07-30T16:13:06","slug":"farbe-im-garten","status":"publish","type":"tribe_events","link":"https:\/\/kuwehi.de\/?tribe_events=farbe-im-garten","title":{"rendered":"Farbe im Garten"},"content":{"rendered":"<div id='gallery-1' class='gallery galleryid-7081 gallery-columns-3 gallery-size-large'><figure class='gallery-item'>\n\t\t\t<div class='gallery-icon landscape'>\n\t\t\t\t<img fetchpriority=\"high\" decoding=\"async\" width=\"688\" height=\"459\" src=\"https:\/\/kuwehi.de\/wp-content\/uploads\/2023\/07\/P1000979-1024x683.jpg\" class=\"attachment-large size-large\" alt=\"\" srcset=\"https:\/\/kuwehi.de\/wp-content\/uploads\/2023\/07\/P1000979-1024x683.jpg 1024w, https:\/\/kuwehi.de\/wp-content\/uploads\/2023\/07\/P1000979-300x200.jpg 300w, https:\/\/kuwehi.de\/wp-content\/uploads\/2023\/07\/P1000979-150x100.jpg 150w, https:\/\/kuwehi.de\/wp-content\/uploads\/2023\/07\/P1000979-768x512.jpg 768w, https:\/\/kuwehi.de\/wp-content\/uploads\/2023\/07\/P1000979-1536x1024.jpg 1536w, https:\/\/kuwehi.de\/wp-content\/uploads\/2023\/07\/P1000979-2048x1365.jpg 2048w, https:\/\/kuwehi.de\/wp-content\/uploads\/2023\/07\/P1000979-1600x1067.jpg 1600w\" sizes=\"(max-width: 688px) 100vw, 688px\" \/>\n\t\t\t<\/div><\/figure><figure class='gallery-item'>\n\t\t\t<div class='gallery-icon landscape'>\n\t\t\t\t<img decoding=\"async\" width=\"688\" height=\"449\" src=\"https:\/\/kuwehi.de\/wp-content\/uploads\/2023\/04\/Sommerwiese-Rechteck-bearbeitet1-1024x669.jpg\" class=\"attachment-large size-large\" alt=\"\" srcset=\"https:\/\/kuwehi.de\/wp-content\/uploads\/2023\/04\/Sommerwiese-Rechteck-bearbeitet1-1024x669.jpg 1024w, https:\/\/kuwehi.de\/wp-content\/uploads\/2023\/04\/Sommerwiese-Rechteck-bearbeitet1-300x196.jpg 300w, https:\/\/kuwehi.de\/wp-content\/uploads\/2023\/04\/Sommerwiese-Rechteck-bearbeitet1-150x98.jpg 150w, https:\/\/kuwehi.de\/wp-content\/uploads\/2023\/04\/Sommerwiese-Rechteck-bearbeitet1-768x501.jpg 768w, https:\/\/kuwehi.de\/wp-content\/uploads\/2023\/04\/Sommerwiese-Rechteck-bearbeitet1-1536x1003.jpg 1536w, https:\/\/kuwehi.de\/wp-content\/uploads\/2023\/04\/Sommerwiese-Rechteck-bearbeitet1-2048x1337.jpg 2048w, https:\/\/kuwehi.de\/wp-content\/uploads\/2023\/04\/Sommerwiese-Rechteck-bearbeitet1-1600x1045.jpg 1600w\" sizes=\"(max-width: 688px) 100vw, 688px\" \/>\n\t\t\t<\/div><\/figure><figure class='gallery-item'>\n\t\t\t<div class='gallery-icon landscape'>\n\t\t\t\t<img decoding=\"async\" width=\"688\" height=\"459\" src=\"https:\/\/kuwehi.de\/wp-content\/uploads\/2023\/04\/Auf-den-Spuren-Monets-1-Rechteck-1024x683.jpg\" class=\"attachment-large size-large\" alt=\"\" srcset=\"https:\/\/kuwehi.de\/wp-content\/uploads\/2023\/04\/Auf-den-Spuren-Monets-1-Rechteck-1024x683.jpg 1024w, https:\/\/kuwehi.de\/wp-content\/uploads\/2023\/04\/Auf-den-Spuren-Monets-1-Rechteck-300x200.jpg 300w, https:\/\/kuwehi.de\/wp-content\/uploads\/2023\/04\/Auf-den-Spuren-Monets-1-Rechteck-150x100.jpg 150w, https:\/\/kuwehi.de\/wp-content\/uploads\/2023\/04\/Auf-den-Spuren-Monets-1-Rechteck-768x512.jpg 768w, https:\/\/kuwehi.de\/wp-content\/uploads\/2023\/04\/Auf-den-Spuren-Monets-1-Rechteck-1536x1024.jpg 1536w, https:\/\/kuwehi.de\/wp-content\/uploads\/2023\/04\/Auf-den-Spuren-Monets-1-Rechteck-2048x1366.jpg 2048w, https:\/\/kuwehi.de\/wp-content\/uploads\/2023\/04\/Auf-den-Spuren-Monets-1-Rechteck-1600x1067.jpg 1600w\" sizes=\"(max-width: 688px) 100vw, 688px\" \/>\n\t\t\t<\/div><\/figure>\n\t\t<\/div>\n\n<p>&nbsp;<\/p>\n<h2><\/h2>\n<h2 style=\"text-align: center;\"><strong><span style=\"font-family: comic sans ms, sans-serif;\">FARBE IM GARTEN<\/span><\/strong><\/h2>\n<h4 style=\"text-align: center;\"><span style=\"font-family: comic sans ms, sans-serif;\"><strong>mit Ingrid Kerber<\/strong><\/span><\/h4>\n<h5 style=\"text-align: center;\"><span style=\"font-family: comic sans ms, sans-serif;\">Wenn der Sommer sich neigt, weicht die Bl\u00fctenf\u00fclle ersten Hagebutten und wenigen Blumen in daf\u00fcr<\/span><br \/>\n<span style=\"font-family: comic sans ms, sans-serif;\">umso satteren reifen Farben: hier haben besonders die Rot- und Violett-T\u00f6ne ihren Auftritt!<\/span><br \/>\n<span style=\"font-family: comic sans ms, sans-serif;\">Diese geb\u00fcndelte Farbkraft kann uns zu freien Impressionen wie auch zu charakteristischer<\/span><br \/>\n<span style=\"font-family: comic sans ms, sans-serif;\">Bl\u00fctendarstellung inspirieren. Wir malen mit leicht vermischbaren pastosen Gouache-Farben auf Papier<\/span><br \/>\n<span style=\"font-family: comic sans ms, sans-serif;\">und grundierter Pappe.<\/span><\/h5>\n<h5 style=\"text-align: center;\"><span style=\"font-family: comic sans ms, sans-serif;\">Kosten: 30 Euro (bitte \u00fcberweisen) + 5 Euro Materialkosten (bitte im Kurs an die Kursleiterin zahlen)<\/span><\/h5>\n<h5 style=\"text-align: center;\"><span style=\"font-family: comic sans ms, sans-serif;\">Termin: Samstag, 09. September 2023 von 14:00 bis 17:00 Uhr<\/span><\/h5>\n<p>&nbsp;<\/p>\n","protected":false},"excerpt":{"rendered":"<p>&nbsp; FARBE IM GARTEN mit Ingrid Kerber Wenn der Sommer sich neigt, weicht die Bl\u00fctenf\u00fclle ersten Hagebutten und wenigen Blumen&hellip;<\/p>\n","protected":false},"author":1,"featured_media":0,"template":"","meta":{"_price":"","_stock":"","_tribe_ticket_header":"","_tribe_default_ticket_provider":"","_tribe_ticket_capacity":"0","_ticket_start_date":"","_ticket_end_date":"","_tribe_ticket_show_description":"","_tribe_ticket_show_not_going":false,"_tribe_ticket_use_global_stock":"","_tribe_ticket_global_stock_level":"","_global_stock_mode":"","_global_stock_cap":"","_tribe_rsvp_for_event":"","_tribe_ticket_going_count":"","_tribe_ticket_not_going_count":"","_tribe_tickets_list":"[]","_tribe_ticket_has_attendee_info_fields":false,"_tribe_events_status":"","_tribe_events_status_reason":"","footnotes":"","_tec_slr_enabled":"","_tec_slr_layout":""},"tags":[],"tribe_events_cat":[],"class_list":["post-7081","tribe_events","type-tribe_events","status-publish","hentry"],"ticketed":false,"_links":{"self":[{"href":"https:\/\/kuwehi.de\/index.php?rest_route=\/wp\/v2\/tribe_events\/7081","targetHints":{"allow":["GET"]}}],"collection":[{"href":"https:\/\/kuwehi.de\/index.php?rest_route=\/wp\/v2\/tribe_events"}],"about":[{"href":"https:\/\/kuwehi.de\/index.php?rest_route=\/wp\/v2\/types\/tribe_events"}],"author":[{"embeddable":true,"href":"https:\/\/kuwehi.de\/index.php?rest_route=\/wp\/v2\/users\/1"}],"version-history":[{"count":14,"href":"https:\/\/kuwehi.de\/index.php?rest_route=\/wp\/v2\/tribe_events\/7081\/revisions"}],"predecessor-version":[{"id":7636,"href":"https:\/\/kuwehi.de\/index.php?rest_route=\/wp\/v2\/tribe_events\/7081\/revisions\/7636"}],"wp:attachment":[{"href":"https:\/\/kuwehi.de\/index.php?rest_route=%2Fwp%2Fv2%2Fmedia&parent=7081"}],"wp:term":[{"taxonomy":"post_tag","embeddable":true,"href":"https:\/\/kuwehi.de\/index.php?rest_route=%2Fwp%2Fv2%2Ftags&post=7081"},{"taxonomy":"tribe_events_cat","embeddable":true,"href":"https:\/\/kuwehi.de\/index.php?rest_route=%2Fwp%2Fv2%2Ftribe_events_cat&post=7081"}],"curies":[{"name":"wp","href":"https:\/\/api.w.org\/{rel}","templated":true}]}}

<div id='gallery-1' class='gallery galleryid-7081 gallery-columns-3 gallery-size-large'><figure class='gallery-item'>
			<div class='gallery-icon landscape'>
				<img fetchpriority="high" decoding="async" width="688" height="459" src="https://kuwehi.de/wp-content/uploads/2023/07/P1000979-1024x683.jpg" class="attachment-large size-large" alt="" srcset="https://kuwehi.de/wp-content/uploads/2023/07/P1000979-1024x683.jpg 1024w, https://kuwehi.de/wp-content/uploads/2023/07/P1000979-300x200.jpg 300w, https://kuwehi.de/wp-content/uploads/2023/07/P1000979-150x100.jpg 150w, https://kuwehi.de/wp-content/uploads/2023/07/P1000979-768x512.jpg 768w, https://kuwehi.de/wp-content/uploads/2023/07/P1000979-1536x1024.jpg 1536w, https://kuwehi.de/wp-content/uploads/2023/07/P1000979-2048x1365.jpg 2048w, https://kuwehi.de/wp-content/uploads/2023/07/P1000979-1600x1067.jpg 1600w" sizes="(max-width: 688px) 100vw, 688px" />
			</div></figure><figure class='gallery-item'>
			<div class='gallery-icon landscape'>
				<img decoding="async" width="688" height="449" src="https://kuwehi.de/wp-content/uploads/2023/04/Sommerwiese-Rechteck-bearbeitet1-1024x669.jpg" class="attachment-large size-large" alt="" srcset="https://kuwehi.de/wp-content/uploads/2023/04/Sommerwiese-Rechteck-bearbeitet1-1024x669.jpg 1024w, https://kuwehi.de/wp-content/uploads/2023/04/Sommerwiese-Rechteck-bearbeitet1-300x196.jpg 300w, https://kuwehi.de/wp-content/uploads/2023/04/Sommerwiese-Rechteck-bearbeitet1-150x98.jpg 150w, https://kuwehi.de/wp-content/uploads/2023/04/Sommerwiese-Rechteck-bearbeitet1-768x501.jpg 768w, https://kuwehi.de/wp-content/uploads/2023/04/Sommerwiese-Rechteck-bearbeitet1-1536x1003.jpg 1536w, https://kuwehi.de/wp-content/uploads/2023/04/Sommerwiese-Rechteck-bearbeitet1-2048x1337.jpg 2048w, https://kuwehi.de/wp-content/uploads/2023/04/Sommerwiese-Rechteck-bearbeitet1-1600x1045.jpg 1600w" sizes="(max-width: 688px) 100vw, 688px" />
			</div></figure><figure class='gallery-item'>
			<div class='gallery-icon landscape'>
				<img decoding="async" width="688" height="459" src="https://kuwehi.de/wp-content/uploads/2023/04/Auf-den-Spuren-Monets-1-Rechteck-1024x683.jpg" class="attachment-large size-large" alt="" srcset="https://kuwehi.de/wp-content/uploads/2023/04/Auf-den-Spuren-Monets-1-Rechteck-1024x683.jpg 1024w, https://kuwehi.de/wp-content/uploads/2023/04/Auf-den-Spuren-Monets-1-Rechteck-300x200.jpg 300w, https://kuwehi.de/wp-content/uploads/2023/04/Auf-den-Spuren-Monets-1-Rechteck-150x100.jpg 150w, https://kuwehi.de/wp-content/uploads/2023/04/Auf-den-Spuren-Monets-1-Rechteck-768x512.jpg 768w, https://kuwehi.de/wp-content/uploads/2023/04/Auf-den-Spuren-Monets-1-Rechteck-1536x1024.jpg 1536w, https://kuwehi.de/wp-content/uploads/2023/04/Auf-den-Spuren-Monets-1-Rechteck-2048x1366.jpg 2048w, https://kuwehi.de/wp-content/uploads/2023/04/Auf-den-Spuren-Monets-1-Rechteck-1600x1067.jpg 1600w" sizes="(max-width: 688px) 100vw, 688px" />
			</div></figure>
		</div>

<p>&nbsp;</p>
<h2></h2>
<h2 style="text-align: center;"><strong><span style="font-family: comic sans ms, sans-serif;">FARBE IM GARTEN</span></strong></h2>
<h4 style="text-align: center;"><span style="font-family: comic sans ms, sans-serif;"><strong>mit Ingrid Kerber</strong></span></h4>
<h5 style="text-align: center;"><span style="font-family: comic sans ms, sans-serif;">Wenn der Sommer sich neigt, weicht die Blütenfülle ersten Hagebutten und wenigen Blumen in dafür</span><br />
<span style="font-family: comic sans ms, sans-serif;">umso satteren reifen Farben: hier haben besonders die Rot- und Violett-Töne ihren Auftritt!</span><br />
<span style="font-family: comic sans ms, sans-serif;">Diese gebündelte Farbkraft kann uns zu freien Impressionen wie auch zu charakteristischer</span><br />
<span style="font-family: comic sans ms, sans-serif;">Blütendarstellung inspirieren. Wir malen mit leicht vermischbaren pastosen Gouache-Farben auf Papier</span><br />
<span style="font-family: comic sans ms, sans-serif;">und grundierter Pappe.</span></h5>
<h5 style="text-align: center;"><span style="font-family: comic sans ms, sans-serif;">Kosten: 30 Euro (bitte überweisen) + 5 Euro Materialkosten (bitte im Kurs an die Kursleiterin zahlen)</span></h5>
<h5 style="text-align: center;"><span style="font-family: comic sans ms, sans-serif;">Termin: Samstag, 09. September 2023 von 14:00 bis 17:00 Uhr</span></h5>
<p>&nbsp;</p>

<p>&nbsp; FARBE IM GARTEN mit Ingrid Kerber Wenn der Sommer sich neigt, weicht die Blütenfülle ersten Hagebutten und wenigen Blumen&hellip;</p>
