{"id":6988,"date":"2023-04-01T11:08:24","date_gmt":"2023-04-01T09:08:24","guid":{"rendered":"https:\/\/kuwehi.de\/?post_type=tribe_events&#038;p=6988"},"modified":"2023-04-01T11:09:24","modified_gmt":"2023-04-01T09:09:24","slug":"mein-selfie-mal-anders-zweiter-samstag","status":"publish","type":"tribe_events","link":"https:\/\/kuwehi.de\/?tribe_events=mein-selfie-mal-anders-zweiter-samstag","title":{"rendered":"Mein Selfie mal anders &#8211; zweiter Samstag"},"content":{"rendered":"<h3 style=\"text-align: center;\"><strong>Samstagswerkstatt (2 Samstage)<\/strong><\/h3>\n<h2 style=\"text-align: center;\"><strong>Mein Selfie &#8211; mal anders<br \/>\n<\/strong><\/h2>\n<h6 style=\"text-align: center;\">mit Kristine<\/h6>\n<h3 style=\"text-align: center;\"><strong>(ab 10 Jahre)<\/strong><\/h3>\n<p>&nbsp;<\/p>\n<h5><img fetchpriority=\"high\" decoding=\"async\" class=\"alignleft wp-image-6983 \" src=\"https:\/\/kuwehi.de\/wp-content\/uploads\/2023\/04\/Selbstportrait-Scherenschnitt-laengliches-Bild-84x150.jpg\" alt=\"\" width=\"186\" height=\"332\" srcset=\"https:\/\/kuwehi.de\/wp-content\/uploads\/2023\/04\/Selbstportrait-Scherenschnitt-laengliches-Bild-84x150.jpg 84w, https:\/\/kuwehi.de\/wp-content\/uploads\/2023\/04\/Selbstportrait-Scherenschnitt-laengliches-Bild-576x1024.jpg 576w, https:\/\/kuwehi.de\/wp-content\/uploads\/2023\/04\/Selbstportrait-Scherenschnitt-laengliches-Bild-768x1365.jpg 768w, https:\/\/kuwehi.de\/wp-content\/uploads\/2023\/04\/Selbstportrait-Scherenschnitt-laengliches-Bild-864x1536.jpg 864w, https:\/\/kuwehi.de\/wp-content\/uploads\/2023\/04\/Selbstportrait-Scherenschnitt-laengliches-Bild-1152x2048.jpg 1152w, https:\/\/kuwehi.de\/wp-content\/uploads\/2023\/04\/Selbstportrait-Scherenschnitt-laengliches-Bild-1600x2844.jpg 1600w, https:\/\/kuwehi.de\/wp-content\/uploads\/2023\/04\/Selbstportrait-Scherenschnitt-laengliches-Bild-scaled.jpg 1440w\" sizes=\"(max-width: 186px) 100vw, 186px\" \/>Immer wieder machen wir Selfies mit dem Handy, und das ist spannend und geht so einfach!<br \/>\nIn der Samstagswerkstatt sehen wir mal genauer hin und probieren aus, wie man ein Gesicht auch<br \/>\nnoch anders darstellen k\u00f6nnte. Ganz altmodisch nehmen wir erstmal Bleistift oder Zeichenkohle und<br \/>\nzeichnen unser Spiegelbild oder auch nach einem Foto, das Ihr mitbringen k\u00f6nnt.<br \/>\nGar nicht so einfach!<br \/>\nMit viel Kreativit\u00e4t, Vorstellungskraft und handwerklichen Druck-Techniken wollen wir dann<br \/>\nweitermachen und nachsp\u00fcren, wie moderne K\u00fcnstler ein Portr\u00e4t geschaffen haben.<br \/>\n\u00dcberraschendes kann dabei entstehen!<br \/>\nBringt zu dieser zweiteiligen Veranstaltung gern einen Spiegel oder auch einen Ausdruck eines<br \/>\nSelfies mit!<\/h5>\n<p>&nbsp;<\/p>\n<h5 style=\"text-align: center;\">Termin: 20. und 27. Mai 2023 jeweils von 10:00 bis 12:30 Uhr<\/h5>\n<p style=\"text-align: center;\"><span style=\"color: #000000;\"><a style=\"color: #000000;\" href=\"https:\/\/kuwehi.de\/?tribe_events=mein-selfie-mal-anders-erster-samstag\">&gt; Zur Anmeldung &lt;<\/a><\/span><\/p>\n","protected":false},"excerpt":{"rendered":"<p>Samstagswerkstatt (2 Samstage) Mein Selfie &#8211; mal anders mit Kristine (ab 10 Jahre) &nbsp; Immer wieder machen wir Selfies mit&hellip;<\/p>\n","protected":false},"author":1,"featured_media":6619,"template":"","meta":{"_price":"","_stock":"","_tribe_ticket_header":"","_tribe_default_ticket_provider":"","_tribe_ticket_capacity":"0","_ticket_start_date":"","_ticket_end_date":"","_tribe_ticket_show_description":"","_tribe_ticket_show_not_going":false,"_tribe_ticket_use_global_stock":"","_tribe_ticket_global_stock_level":"","_global_stock_mode":"","_global_stock_cap":"","_tribe_rsvp_for_event":"","_tribe_ticket_going_count":"","_tribe_ticket_not_going_count":"","_tribe_tickets_list":"[]","_tribe_ticket_has_attendee_info_fields":false,"_tribe_events_status":"","_tribe_events_status_reason":"","footnotes":"","_tec_slr_enabled":"","_tec_slr_layout":""},"tags":[],"tribe_events_cat":[],"class_list":["post-6988","tribe_events","type-tribe_events","status-publish","has-post-thumbnail","hentry"],"ticketed":false,"_links":{"self":[{"href":"https:\/\/kuwehi.de\/index.php?rest_route=\/wp\/v2\/tribe_events\/6988","targetHints":{"allow":["GET"]}}],"collection":[{"href":"https:\/\/kuwehi.de\/index.php?rest_route=\/wp\/v2\/tribe_events"}],"about":[{"href":"https:\/\/kuwehi.de\/index.php?rest_route=\/wp\/v2\/types\/tribe_events"}],"author":[{"embeddable":true,"href":"https:\/\/kuwehi.de\/index.php?rest_route=\/wp\/v2\/users\/1"}],"version-history":[{"count":2,"href":"https:\/\/kuwehi.de\/index.php?rest_route=\/wp\/v2\/tribe_events\/6988\/revisions"}],"predecessor-version":[{"id":6990,"href":"https:\/\/kuwehi.de\/index.php?rest_route=\/wp\/v2\/tribe_events\/6988\/revisions\/6990"}],"wp:featuredmedia":[{"embeddable":true,"href":"https:\/\/kuwehi.de\/index.php?rest_route=\/wp\/v2\/media\/6619"}],"wp:attachment":[{"href":"https:\/\/kuwehi.de\/index.php?rest_route=%2Fwp%2Fv2%2Fmedia&parent=6988"}],"wp:term":[{"taxonomy":"post_tag","embeddable":true,"href":"https:\/\/kuwehi.de\/index.php?rest_route=%2Fwp%2Fv2%2Ftags&post=6988"},{"taxonomy":"tribe_events_cat","embeddable":true,"href":"https:\/\/kuwehi.de\/index.php?rest_route=%2Fwp%2Fv2%2Ftribe_events_cat&post=6988"}],"curies":[{"name":"wp","href":"https:\/\/api.w.org\/{rel}","templated":true}]}}

<h3 style="text-align: center;"><strong>Samstagswerkstatt (2 Samstage)</strong></h3>
<h2 style="text-align: center;"><strong>Mein Selfie &#8211; mal anders<br />
</strong></h2>
<h6 style="text-align: center;">mit Kristine</h6>
<h3 style="text-align: center;"><strong>(ab 10 Jahre)</strong></h3>
<p>&nbsp;</p>
<h5><img fetchpriority="high" decoding="async" class="alignleft wp-image-6983 " src="https://kuwehi.de/wp-content/uploads/2023/04/Selbstportrait-Scherenschnitt-laengliches-Bild-84x150.jpg" alt="" width="186" height="332" srcset="https://kuwehi.de/wp-content/uploads/2023/04/Selbstportrait-Scherenschnitt-laengliches-Bild-84x150.jpg 84w, https://kuwehi.de/wp-content/uploads/2023/04/Selbstportrait-Scherenschnitt-laengliches-Bild-576x1024.jpg 576w, https://kuwehi.de/wp-content/uploads/2023/04/Selbstportrait-Scherenschnitt-laengliches-Bild-768x1365.jpg 768w, https://kuwehi.de/wp-content/uploads/2023/04/Selbstportrait-Scherenschnitt-laengliches-Bild-864x1536.jpg 864w, https://kuwehi.de/wp-content/uploads/2023/04/Selbstportrait-Scherenschnitt-laengliches-Bild-1152x2048.jpg 1152w, https://kuwehi.de/wp-content/uploads/2023/04/Selbstportrait-Scherenschnitt-laengliches-Bild-1600x2844.jpg 1600w, https://kuwehi.de/wp-content/uploads/2023/04/Selbstportrait-Scherenschnitt-laengliches-Bild-scaled.jpg 1440w" sizes="(max-width: 186px) 100vw, 186px" />Immer wieder machen wir Selfies mit dem Handy, und das ist spannend und geht so einfach!<br />
In der Samstagswerkstatt sehen wir mal genauer hin und probieren aus, wie man ein Gesicht auch<br />
noch anders darstellen könnte. Ganz altmodisch nehmen wir erstmal Bleistift oder Zeichenkohle und<br />
zeichnen unser Spiegelbild oder auch nach einem Foto, das Ihr mitbringen könnt.<br />
Gar nicht so einfach!<br />
Mit viel Kreativität, Vorstellungskraft und handwerklichen Druck-Techniken wollen wir dann<br />
weitermachen und nachspüren, wie moderne Künstler ein Porträt geschaffen haben.<br />
Überraschendes kann dabei entstehen!<br />
Bringt zu dieser zweiteiligen Veranstaltung gern einen Spiegel oder auch einen Ausdruck eines<br />
Selfies mit!</h5>
<p>&nbsp;</p>
<h5 style="text-align: center;">Termin: 20. und 27. Mai 2023 jeweils von 10:00 bis 12:30 Uhr</h5>
<p style="text-align: center;"><span style="color: #000000;"><a style="color: #000000;" href="https://kuwehi.de/?tribe_events=mein-selfie-mal-anders-erster-samstag">&gt; Zur Anmeldung &lt;</a></span></p>
