{"id":6791,"date":"2023-02-16T16:06:49","date_gmt":"2023-02-16T15:06:49","guid":{"rendered":"https:\/\/kuwehi.de\/?post_type=tribe_events&#038;p=6791"},"modified":"2023-03-13T14:04:55","modified_gmt":"2023-03-13T13:04:55","slug":"filzen-fuer-ostern-familienangebot","status":"publish","type":"tribe_events","link":"https:\/\/kuwehi.de\/?tribe_events=filzen-fuer-ostern-familienangebot","title":{"rendered":"Filzen f\u00fcr Ostern &#8211; Familienangebot"},"content":{"rendered":"<h2 style=\"text-align: center;\"><strong>FAMILIENTAG! &#8211; Filzen f\u00fcr Ostern<\/strong><\/h2>\n<h5><img fetchpriority=\"high\" decoding=\"async\" class=\"alignleft wp-image-6755\" src=\"https:\/\/kuwehi.de\/wp-content\/uploads\/2023\/02\/Hasi-mit-allem-3zu2-Rechteck-300x200.jpg\" alt=\"\" width=\"300\" height=\"200\" srcset=\"https:\/\/kuwehi.de\/wp-content\/uploads\/2023\/02\/Hasi-mit-allem-3zu2-Rechteck-300x200.jpg 300w, https:\/\/kuwehi.de\/wp-content\/uploads\/2023\/02\/Hasi-mit-allem-3zu2-Rechteck-1024x683.jpg 1024w, https:\/\/kuwehi.de\/wp-content\/uploads\/2023\/02\/Hasi-mit-allem-3zu2-Rechteck-150x100.jpg 150w, https:\/\/kuwehi.de\/wp-content\/uploads\/2023\/02\/Hasi-mit-allem-3zu2-Rechteck-768x512.jpg 768w, https:\/\/kuwehi.de\/wp-content\/uploads\/2023\/02\/Hasi-mit-allem-3zu2-Rechteck-1536x1024.jpg 1536w, https:\/\/kuwehi.de\/wp-content\/uploads\/2023\/02\/Hasi-mit-allem-3zu2-Rechteck-2048x1366.jpg 2048w, https:\/\/kuwehi.de\/wp-content\/uploads\/2023\/02\/Hasi-mit-allem-3zu2-Rechteck-1600x1067.jpg 1600w\" sizes=\"(max-width: 300px) 100vw, 300px\" \/><\/h5>\n<h5>An diesem Sonntag k\u00f6nnen Sie zusammen mit ihrem Kind oder Patenkind, sch\u00f6ne Dinge f\u00fcr Ostern filzen.<\/h5>\n<h5>Schon kleine Kinder haben Spa\u00df am Filzen, lieben die weichen bunten Wollen und das Bewegen der H\u00e4nde im warmen Wasser.<\/h5>\n<p>&nbsp;<\/p>\n<p>&nbsp;<\/p>\n<h5><img decoding=\"async\" class=\"alignleft wp-image-6747\" src=\"https:\/\/kuwehi.de\/wp-content\/uploads\/2023\/02\/Andrea-200x300.jpg\" alt=\"\" width=\"300\" height=\"450\" srcset=\"https:\/\/kuwehi.de\/wp-content\/uploads\/2023\/02\/Andrea-200x300.jpg 200w, https:\/\/kuwehi.de\/wp-content\/uploads\/2023\/02\/Andrea-683x1024.jpg 683w, https:\/\/kuwehi.de\/wp-content\/uploads\/2023\/02\/Andrea-100x150.jpg 100w, https:\/\/kuwehi.de\/wp-content\/uploads\/2023\/02\/Andrea-768x1152.jpg 768w, https:\/\/kuwehi.de\/wp-content\/uploads\/2023\/02\/Andrea-1024x1536.jpg 1024w, https:\/\/kuwehi.de\/wp-content\/uploads\/2023\/02\/Andrea-1365x2048.jpg 1365w, https:\/\/kuwehi.de\/wp-content\/uploads\/2023\/02\/Andrea-1600x2400.jpg 1600w, https:\/\/kuwehi.de\/wp-content\/uploads\/2023\/02\/Andrea-scaled.jpg 1707w\" sizes=\"(max-width: 300px) 100vw, 300px\" \/><\/h5>\n<p>&nbsp;<\/p>\n<h5>Termin:<\/h5>\n<h5>Sonntag, 19. M\u00e4rz, von 11 bis 14 Uhr<\/h5>\n<h5>Kursgeb\u00fchr :<\/h5>\n<h5>\u00a0ein\/e Erwachsene\/r und ein Kind: 40 \u20ac<\/h5>\n<h5>zweites Kind: 10 \u20ac.<\/h5>\n<h5>+ Material (wird je nach Verbrauch im Kurs bezahlt)<\/h5>\n","protected":false},"excerpt":{"rendered":"<p>FAMILIENTAG! &#8211; Filzen f\u00fcr Ostern An diesem Sonntag k\u00f6nnen Sie zusammen mit ihrem Kind oder Patenkind, sch\u00f6ne Dinge f\u00fcr Ostern&hellip;<\/p>\n","protected":false},"author":1,"featured_media":0,"template":"","meta":{"_price":"","_stock":"","_tribe_ticket_header":"","_tribe_default_ticket_provider":"","_tribe_ticket_capacity":"0","_ticket_start_date":"","_ticket_end_date":"","_tribe_ticket_show_description":"","_tribe_ticket_show_not_going":false,"_tribe_ticket_use_global_stock":"","_tribe_ticket_global_stock_level":"","_global_stock_mode":"","_global_stock_cap":"","_tribe_rsvp_for_event":"","_tribe_ticket_going_count":"","_tribe_ticket_not_going_count":"","_tribe_tickets_list":"[]","_tribe_ticket_has_attendee_info_fields":false,"_tribe_events_status":"","_tribe_events_status_reason":"","footnotes":"","_tec_slr_enabled":"","_tec_slr_layout":""},"tags":[],"tribe_events_cat":[],"class_list":["post-6791","tribe_events","type-tribe_events","status-publish","hentry"],"ticketed":false,"_links":{"self":[{"href":"https:\/\/kuwehi.de\/index.php?rest_route=\/wp\/v2\/tribe_events\/6791","targetHints":{"allow":["GET"]}}],"collection":[{"href":"https:\/\/kuwehi.de\/index.php?rest_route=\/wp\/v2\/tribe_events"}],"about":[{"href":"https:\/\/kuwehi.de\/index.php?rest_route=\/wp\/v2\/types\/tribe_events"}],"author":[{"embeddable":true,"href":"https:\/\/kuwehi.de\/index.php?rest_route=\/wp\/v2\/users\/1"}],"version-history":[{"count":11,"href":"https:\/\/kuwehi.de\/index.php?rest_route=\/wp\/v2\/tribe_events\/6791\/revisions"}],"predecessor-version":[{"id":6939,"href":"https:\/\/kuwehi.de\/index.php?rest_route=\/wp\/v2\/tribe_events\/6791\/revisions\/6939"}],"wp:attachment":[{"href":"https:\/\/kuwehi.de\/index.php?rest_route=%2Fwp%2Fv2%2Fmedia&parent=6791"}],"wp:term":[{"taxonomy":"post_tag","embeddable":true,"href":"https:\/\/kuwehi.de\/index.php?rest_route=%2Fwp%2Fv2%2Ftags&post=6791"},{"taxonomy":"tribe_events_cat","embeddable":true,"href":"https:\/\/kuwehi.de\/index.php?rest_route=%2Fwp%2Fv2%2Ftribe_events_cat&post=6791"}],"curies":[{"name":"wp","href":"https:\/\/api.w.org\/{rel}","templated":true}]}}

Filzen für Ostern &#8211; Familienangebot

<h2 style="text-align: center;"><strong>FAMILIENTAG! &#8211; Filzen für Ostern</strong></h2>
<h5><img fetchpriority="high" decoding="async" class="alignleft wp-image-6755" src="https://kuwehi.de/wp-content/uploads/2023/02/Hasi-mit-allem-3zu2-Rechteck-300x200.jpg" alt="" width="300" height="200" srcset="https://kuwehi.de/wp-content/uploads/2023/02/Hasi-mit-allem-3zu2-Rechteck-300x200.jpg 300w, https://kuwehi.de/wp-content/uploads/2023/02/Hasi-mit-allem-3zu2-Rechteck-1024x683.jpg 1024w, https://kuwehi.de/wp-content/uploads/2023/02/Hasi-mit-allem-3zu2-Rechteck-150x100.jpg 150w, https://kuwehi.de/wp-content/uploads/2023/02/Hasi-mit-allem-3zu2-Rechteck-768x512.jpg 768w, https://kuwehi.de/wp-content/uploads/2023/02/Hasi-mit-allem-3zu2-Rechteck-1536x1024.jpg 1536w, https://kuwehi.de/wp-content/uploads/2023/02/Hasi-mit-allem-3zu2-Rechteck-2048x1366.jpg 2048w, https://kuwehi.de/wp-content/uploads/2023/02/Hasi-mit-allem-3zu2-Rechteck-1600x1067.jpg 1600w" sizes="(max-width: 300px) 100vw, 300px" /></h5>
<h5>An diesem Sonntag können Sie zusammen mit ihrem Kind oder Patenkind, schöne Dinge für Ostern filzen.</h5>
<h5>Schon kleine Kinder haben Spaß am Filzen, lieben die weichen bunten Wollen und das Bewegen der Hände im warmen Wasser.</h5>
<p>&nbsp;</p>
<p>&nbsp;</p>
<h5><img decoding="async" class="alignleft wp-image-6747" src="https://kuwehi.de/wp-content/uploads/2023/02/Andrea-200x300.jpg" alt="" width="300" height="450" srcset="https://kuwehi.de/wp-content/uploads/2023/02/Andrea-200x300.jpg 200w, https://kuwehi.de/wp-content/uploads/2023/02/Andrea-683x1024.jpg 683w, https://kuwehi.de/wp-content/uploads/2023/02/Andrea-100x150.jpg 100w, https://kuwehi.de/wp-content/uploads/2023/02/Andrea-768x1152.jpg 768w, https://kuwehi.de/wp-content/uploads/2023/02/Andrea-1024x1536.jpg 1024w, https://kuwehi.de/wp-content/uploads/2023/02/Andrea-1365x2048.jpg 1365w, https://kuwehi.de/wp-content/uploads/2023/02/Andrea-1600x2400.jpg 1600w, https://kuwehi.de/wp-content/uploads/2023/02/Andrea-scaled.jpg 1707w" sizes="(max-width: 300px) 100vw, 300px" /></h5>
<p>&nbsp;</p>
<h5>Termin:</h5>
<h5>Sonntag, 19. März, von 11 bis 14 Uhr</h5>
<h5>Kursgebühr :</h5>
<h5> ein/e Erwachsene/r und ein Kind: 40 €</h5>
<h5>zweites Kind: 10 €.</h5>
<h5>+ Material (wird je nach Verbrauch im Kurs bezahlt)</h5>

<p>FAMILIENTAG! &#8211; Filzen für Ostern An diesem Sonntag können Sie zusammen mit ihrem Kind oder Patenkind, schöne Dinge für Ostern&hellip;</p>
