{"id":6735,"date":"2023-02-15T18:09:43","date_gmt":"2023-02-15T17:09:43","guid":{"rendered":"https:\/\/kuwehi.de\/?post_type=tribe_events&#038;p=6735"},"modified":"2023-03-14T19:37:55","modified_gmt":"2023-03-14T18:37:55","slug":"konzertlesung-fuer-kinder-und-eltern","status":"publish","type":"tribe_events","link":"https:\/\/kuwehi.de\/?tribe_events=konzertlesung-fuer-kinder-und-eltern","title":{"rendered":"Konzertlesung f\u00fcr Kinder und Eltern"},"content":{"rendered":"<h2 style=\"text-align: center;\"><strong>M\u00e4rchen und Musik<\/strong><\/h2>\n<h5 style=\"text-align: center;\">F\u00fcr Kinder (ab 6 Jahren) und (Gro\u00df-) Eltern<\/h5>\n<h5 style=\"text-align: center;\">Konzert-Lesung in der Kulturwerkstatt Hiddenhausen<\/h5>\n<h5 style=\"text-align: center;\"><strong>Am 26. M\u00e4rz 2023 um 15:00 Uhr<\/strong><\/h5>\n<p>&nbsp;<\/p>\n<figure id=\"attachment_6728\" aria-describedby=\"caption-attachment-6728\" style=\"width: 688px\" class=\"wp-caption alignleft\"><img fetchpriority=\"high\" decoding=\"async\" class=\"wp-image-6728 size-large\" src=\"https:\/\/kuwehi.de\/wp-content\/uploads\/2023\/02\/ABM00273-1-1024x819.jpg\" alt=\"\" width=\"688\" height=\"550\" srcset=\"https:\/\/kuwehi.de\/wp-content\/uploads\/2023\/02\/ABM00273-1-1024x819.jpg 1024w, https:\/\/kuwehi.de\/wp-content\/uploads\/2023\/02\/ABM00273-1-300x240.jpg 300w, https:\/\/kuwehi.de\/wp-content\/uploads\/2023\/02\/ABM00273-1-150x120.jpg 150w, https:\/\/kuwehi.de\/wp-content\/uploads\/2023\/02\/ABM00273-1-768x614.jpg 768w, https:\/\/kuwehi.de\/wp-content\/uploads\/2023\/02\/ABM00273-1-1536x1229.jpg 1536w, https:\/\/kuwehi.de\/wp-content\/uploads\/2023\/02\/ABM00273-1-2048x1638.jpg 2048w, https:\/\/kuwehi.de\/wp-content\/uploads\/2023\/02\/ABM00273-1-1600x1280.jpg 1600w\" sizes=\"(max-width: 688px) 100vw, 688px\" \/><figcaption id=\"caption-attachment-6728\" class=\"wp-caption-text\"><span style=\"font-size: 10pt;\">Mit: Maximillian Schultis am Violoncello, Th\u00e9ophile Bonhert am Kontrabass und Dirk Strehl als Sprecher<\/span><\/figcaption><\/figure>\n<h5 style=\"text-align: center;\"><\/h5>\n<p>&nbsp;<\/p>\n<h5 style=\"text-align: center;\"><\/h5>\n<h5><\/h5>\n<h5 style=\"text-align: center;\">Dirk Strehl liest und erz\u00e4hlt M\u00e4rchen aus Osteuropa, musikalisch untermalt von Maximillian Schultis am Violoncello und Th\u00e9ophile Bonhert am Kontrabass. Eine Zauberwelt in der Zaren, Prinzessinnen und die Hexe Baba Jaga vorkommen. Geschichten von Spinnen, R\u00fcben und Iwan mit seinem Zauberpferdchen. Eine Reise in die Welt der Phantasie und der magischen Kl\u00e4nge.<\/h5>\n<h5><\/h5>\n<h5 style=\"text-align: center;\">Eintritt f\u00fcr Kinder ab 6 Jahren: 5 \u20ac<\/h5>\n<h5 style=\"text-align: center;\">Eintritt f\u00fcr Erwachsene: 15 \u20ac<\/h5>\n<h5 style=\"text-align: center;\"><\/h5>\n<p>&nbsp;<\/p>\n<p>&nbsp;<\/p>\n<p>&nbsp;<\/p>\n<h5 style=\"text-align: center;\">Karten und Reservierung:<\/h5>\n<h5 style=\"text-align: center;\">B\u00fcro der Kulturwerkstatt: 05223 &#8211; 98 59 880<\/h5>\n<h5><\/h5>\n<h6 style=\"text-align: center;\">oder Buchhandlung Auslese: <span id=\"m_-676730220218997053m_-8304571317806328129isPasted\">05221 &#8211; 58 765, <\/span><span id=\"m_-676730220218997053m_-8304571317806328129isPasted\">Goebenstr. 3\u20137 <\/span>im Elsbach-Haus, 32052 Herford<\/h6>\n<h5><\/h5>\n","protected":false},"excerpt":{"rendered":"<p>M\u00e4rchen und Musik F\u00fcr Kinder (ab 6 Jahren) und (Gro\u00df-) Eltern Konzert-Lesung in der Kulturwerkstatt Hiddenhausen Am 26. M\u00e4rz 2023&hellip;<\/p>\n","protected":false},"author":1,"featured_media":0,"template":"","meta":{"_price":"","_stock":"","_tribe_ticket_header":"","_tribe_default_ticket_provider":"","_tribe_ticket_capacity":"0","_ticket_start_date":"","_ticket_end_date":"","_tribe_ticket_show_description":"","_tribe_ticket_show_not_going":false,"_tribe_ticket_use_global_stock":"","_tribe_ticket_global_stock_level":"","_global_stock_mode":"","_global_stock_cap":"","_tribe_rsvp_for_event":"","_tribe_ticket_going_count":"","_tribe_ticket_not_going_count":"","_tribe_tickets_list":"[]","_tribe_ticket_has_attendee_info_fields":false,"_tribe_events_status":"","_tribe_events_status_reason":"","footnotes":"","_tec_slr_enabled":"","_tec_slr_layout":""},"tags":[],"tribe_events_cat":[],"class_list":["post-6735","tribe_events","type-tribe_events","status-publish","hentry"],"ticketed":false,"_links":{"self":[{"href":"https:\/\/kuwehi.de\/index.php?rest_route=\/wp\/v2\/tribe_events\/6735","targetHints":{"allow":["GET"]}}],"collection":[{"href":"https:\/\/kuwehi.de\/index.php?rest_route=\/wp\/v2\/tribe_events"}],"about":[{"href":"https:\/\/kuwehi.de\/index.php?rest_route=\/wp\/v2\/types\/tribe_events"}],"author":[{"embeddable":true,"href":"https:\/\/kuwehi.de\/index.php?rest_route=\/wp\/v2\/users\/1"}],"version-history":[{"count":3,"href":"https:\/\/kuwehi.de\/index.php?rest_route=\/wp\/v2\/tribe_events\/6735\/revisions"}],"predecessor-version":[{"id":6944,"href":"https:\/\/kuwehi.de\/index.php?rest_route=\/wp\/v2\/tribe_events\/6735\/revisions\/6944"}],"wp:attachment":[{"href":"https:\/\/kuwehi.de\/index.php?rest_route=%2Fwp%2Fv2%2Fmedia&parent=6735"}],"wp:term":[{"taxonomy":"post_tag","embeddable":true,"href":"https:\/\/kuwehi.de\/index.php?rest_route=%2Fwp%2Fv2%2Ftags&post=6735"},{"taxonomy":"tribe_events_cat","embeddable":true,"href":"https:\/\/kuwehi.de\/index.php?rest_route=%2Fwp%2Fv2%2Ftribe_events_cat&post=6735"}],"curies":[{"name":"wp","href":"https:\/\/api.w.org\/{rel}","templated":true}]}}

Konzertlesung für Kinder und Eltern

<h2 style="text-align: center;"><strong>Märchen und Musik</strong></h2>
<h5 style="text-align: center;">Für Kinder (ab 6 Jahren) und (Groß-) Eltern</h5>
<h5 style="text-align: center;">Konzert-Lesung in der Kulturwerkstatt Hiddenhausen</h5>
<h5 style="text-align: center;"><strong>Am 26. März 2023 um 15:00 Uhr</strong></h5>
<p>&nbsp;</p>
<figure id="attachment_6728" aria-describedby="caption-attachment-6728" style="width: 688px" class="wp-caption alignleft"><img fetchpriority="high" decoding="async" class="wp-image-6728 size-large" src="https://kuwehi.de/wp-content/uploads/2023/02/ABM00273-1-1024x819.jpg" alt="" width="688" height="550" srcset="https://kuwehi.de/wp-content/uploads/2023/02/ABM00273-1-1024x819.jpg 1024w, https://kuwehi.de/wp-content/uploads/2023/02/ABM00273-1-300x240.jpg 300w, https://kuwehi.de/wp-content/uploads/2023/02/ABM00273-1-150x120.jpg 150w, https://kuwehi.de/wp-content/uploads/2023/02/ABM00273-1-768x614.jpg 768w, https://kuwehi.de/wp-content/uploads/2023/02/ABM00273-1-1536x1229.jpg 1536w, https://kuwehi.de/wp-content/uploads/2023/02/ABM00273-1-2048x1638.jpg 2048w, https://kuwehi.de/wp-content/uploads/2023/02/ABM00273-1-1600x1280.jpg 1600w" sizes="(max-width: 688px) 100vw, 688px" /><figcaption id="caption-attachment-6728" class="wp-caption-text"><span style="font-size: 10pt;">Mit: Maximillian Schultis am Violoncello, Théophile Bonhert am Kontrabass und Dirk Strehl als Sprecher</span></figcaption></figure>
<h5 style="text-align: center;"></h5>
<p>&nbsp;</p>
<h5 style="text-align: center;"></h5>
<h5></h5>
<h5 style="text-align: center;">Dirk Strehl liest und erzählt Märchen aus Osteuropa, musikalisch untermalt von Maximillian Schultis am Violoncello und Théophile Bonhert am Kontrabass. Eine Zauberwelt in der Zaren, Prinzessinnen und die Hexe Baba Jaga vorkommen. Geschichten von Spinnen, Rüben und Iwan mit seinem Zauberpferdchen. Eine Reise in die Welt der Phantasie und der magischen Klänge.</h5>
<h5></h5>
<h5 style="text-align: center;">Eintritt für Kinder ab 6 Jahren: 5 €</h5>
<h5 style="text-align: center;">Eintritt für Erwachsene: 15 €</h5>
<h5 style="text-align: center;"></h5>
<p>&nbsp;</p>
<p>&nbsp;</p>
<p>&nbsp;</p>
<h5 style="text-align: center;">Karten und Reservierung:</h5>
<h5 style="text-align: center;">Büro der Kulturwerkstatt: 05223 &#8211; 98 59 880</h5>
<h5></h5>
<h6 style="text-align: center;">oder Buchhandlung Auslese: <span id="m_-676730220218997053m_-8304571317806328129isPasted">05221 &#8211; 58 765, </span><span id="m_-676730220218997053m_-8304571317806328129isPasted">Goebenstr. 3–7 </span>im Elsbach-Haus, 32052 Herford</h6>
<h5></h5>

<p>Märchen und Musik Für Kinder (ab 6 Jahren) und (Groß-) Eltern Konzert-Lesung in der Kulturwerkstatt Hiddenhausen Am 26. März 2023&hellip;</p>
