{"id":5891,"date":"2022-09-21T15:03:23","date_gmt":"2022-09-21T13:03:23","guid":{"rendered":"https:\/\/kuwehi.de\/?post_type=tribe_events&#038;p=5891"},"modified":"2023-11-20T14:10:09","modified_gmt":"2023-11-20T13:10:09","slug":"adventliche-tuerkraenze","status":"publish","type":"tribe_events","link":"https:\/\/kuwehi.de\/?tribe_events=adventliche-tuerkraenze","title":{"rendered":"Kr\u00e4nze Winden &#8211; Adventliche T\u00fcrkr\u00e4nze im November 2023"},"content":{"rendered":"<h1 style=\"text-align: center;\"><strong>Adventliche T\u00fcrkr\u00e4nze<\/strong><\/h1>\n<h3 style=\"text-align: center;\"><strong>Mit Ingrid Kerber<\/strong><\/h3>\n<h5><strong><img fetchpriority=\"high\" decoding=\"async\" class=\"alignleft wp-image-2120\" src=\"https:\/\/kuwehi.de\/wp-content\/uploads\/2020\/09\/Kr\u00e4nze-binden-2-Quadrat-300x300.jpg\" alt=\"\" width=\"345\" height=\"345\" srcset=\"https:\/\/kuwehi.de\/wp-content\/uploads\/2020\/09\/Kr\u00e4nze-binden-2-Quadrat-300x300.jpg 300w, https:\/\/kuwehi.de\/wp-content\/uploads\/2020\/09\/Kr\u00e4nze-binden-2-Quadrat-1024x1024.jpg 1024w, https:\/\/kuwehi.de\/wp-content\/uploads\/2020\/09\/Kr\u00e4nze-binden-2-Quadrat-150x150.jpg 150w, https:\/\/kuwehi.de\/wp-content\/uploads\/2020\/09\/Kr\u00e4nze-binden-2-Quadrat-768x768.jpg 768w, https:\/\/kuwehi.de\/wp-content\/uploads\/2020\/09\/Kr\u00e4nze-binden-2-Quadrat-1536x1536.jpg 1536w, https:\/\/kuwehi.de\/wp-content\/uploads\/2020\/09\/Kr\u00e4nze-binden-2-Quadrat-2048x2048.jpg 2048w, https:\/\/kuwehi.de\/wp-content\/uploads\/2020\/09\/Kr\u00e4nze-binden-2-Quadrat-1600x1601.jpg 1600w\" sizes=\"(max-width: 345px) 100vw, 345px\" \/><\/strong><\/h5>\n<h5><strong>Aus einer F\u00fclle von Gr\u00fcnschnitt und kleinen Fr\u00fcchten winden wir T\u00fcrkr\u00e4nze. Auch klassische Tisch-Adventskr\u00e4nze sind m\u00f6glich, wenn Sie eine Unterlage (Stroh-Ring) daf\u00fcr mitbringen! Nat\u00fcrlich k\u00f6nnen Sie auch gerne eigenes Schnittgut verarbeiten.<\/strong><\/h5>\n<h5><strong>Bringen Sie bitte eine Rosenschere mit!<\/strong><\/h5>\n<h5><strong>Samstag, 25. November 2023, 14.00 \u2013 16.00 Uhr<\/strong><\/h5>\n<h5><strong>Kursgeb\u00fchr: 1 5 Euro (bitte vorab an die KuWeHi \u00fcberweisen) <\/strong><strong>und 5 &#8211; 7 Euro Materialkosten pro Kranz (bitte bei der Kursleiterin im Kurs bezahlen)<br \/>\n<\/strong><\/h5>\n","protected":false},"excerpt":{"rendered":"<p>Adventliche T\u00fcrkr\u00e4nze Mit Ingrid Kerber Aus einer F\u00fclle von Gr\u00fcnschnitt und kleinen Fr\u00fcchten winden wir T\u00fcrkr\u00e4nze. Auch klassische Tisch-Adventskr\u00e4nze sind&hellip;<\/p>\n","protected":false},"author":1,"featured_media":0,"template":"","meta":{"_price":"","_stock":"","_tribe_ticket_header":"","_tribe_default_ticket_provider":"","_tribe_ticket_capacity":"0","_ticket_start_date":"","_ticket_end_date":"","_tribe_ticket_show_description":"","_tribe_ticket_show_not_going":false,"_tribe_ticket_use_global_stock":"","_tribe_ticket_global_stock_level":"","_global_stock_mode":"","_global_stock_cap":"","_tribe_rsvp_for_event":"","_tribe_ticket_going_count":"","_tribe_ticket_not_going_count":"","_tribe_tickets_list":"[]","_tribe_ticket_has_attendee_info_fields":false,"_tribe_events_status":"","_tribe_events_status_reason":"","footnotes":"","_tec_slr_enabled":"","_tec_slr_layout":""},"tags":[],"tribe_events_cat":[],"class_list":["post-5891","tribe_events","type-tribe_events","status-publish","hentry"],"ticketed":false,"_links":{"self":[{"href":"https:\/\/kuwehi.de\/index.php?rest_route=\/wp\/v2\/tribe_events\/5891","targetHints":{"allow":["GET"]}}],"collection":[{"href":"https:\/\/kuwehi.de\/index.php?rest_route=\/wp\/v2\/tribe_events"}],"about":[{"href":"https:\/\/kuwehi.de\/index.php?rest_route=\/wp\/v2\/types\/tribe_events"}],"author":[{"embeddable":true,"href":"https:\/\/kuwehi.de\/index.php?rest_route=\/wp\/v2\/users\/1"}],"version-history":[{"count":9,"href":"https:\/\/kuwehi.de\/index.php?rest_route=\/wp\/v2\/tribe_events\/5891\/revisions"}],"predecessor-version":[{"id":7928,"href":"https:\/\/kuwehi.de\/index.php?rest_route=\/wp\/v2\/tribe_events\/5891\/revisions\/7928"}],"wp:attachment":[{"href":"https:\/\/kuwehi.de\/index.php?rest_route=%2Fwp%2Fv2%2Fmedia&parent=5891"}],"wp:term":[{"taxonomy":"post_tag","embeddable":true,"href":"https:\/\/kuwehi.de\/index.php?rest_route=%2Fwp%2Fv2%2Ftags&post=5891"},{"taxonomy":"tribe_events_cat","embeddable":true,"href":"https:\/\/kuwehi.de\/index.php?rest_route=%2Fwp%2Fv2%2Ftribe_events_cat&post=5891"}],"curies":[{"name":"wp","href":"https:\/\/api.w.org\/{rel}","templated":true}]}}

Kränze Winden &#8211; Adventliche Türkränze im November 2023

<h1 style="text-align: center;"><strong>Adventliche Türkränze</strong></h1>
<h3 style="text-align: center;"><strong>Mit Ingrid Kerber</strong></h3>
<h5><strong><img fetchpriority="high" decoding="async" class="alignleft wp-image-2120" src="https://kuwehi.de/wp-content/uploads/2020/09/Kränze-binden-2-Quadrat-300x300.jpg" alt="" width="345" height="345" srcset="https://kuwehi.de/wp-content/uploads/2020/09/Kränze-binden-2-Quadrat-300x300.jpg 300w, https://kuwehi.de/wp-content/uploads/2020/09/Kränze-binden-2-Quadrat-1024x1024.jpg 1024w, https://kuwehi.de/wp-content/uploads/2020/09/Kränze-binden-2-Quadrat-150x150.jpg 150w, https://kuwehi.de/wp-content/uploads/2020/09/Kränze-binden-2-Quadrat-768x768.jpg 768w, https://kuwehi.de/wp-content/uploads/2020/09/Kränze-binden-2-Quadrat-1536x1536.jpg 1536w, https://kuwehi.de/wp-content/uploads/2020/09/Kränze-binden-2-Quadrat-2048x2048.jpg 2048w, https://kuwehi.de/wp-content/uploads/2020/09/Kränze-binden-2-Quadrat-1600x1601.jpg 1600w" sizes="(max-width: 345px) 100vw, 345px" /></strong></h5>
<h5><strong>Aus einer Fülle von Grünschnitt und kleinen Früchten winden wir Türkränze. Auch klassische Tisch-Adventskränze sind möglich, wenn Sie eine Unterlage (Stroh-Ring) dafür mitbringen! Natürlich können Sie auch gerne eigenes Schnittgut verarbeiten.</strong></h5>
<h5><strong>Bringen Sie bitte eine Rosenschere mit!</strong></h5>
<h5><strong>Samstag, 25. November 2023, 14.00 – 16.00 Uhr</strong></h5>
<h5><strong>Kursgebühr: 1 5 Euro (bitte vorab an die KuWeHi überweisen) </strong><strong>und 5 &#8211; 7 Euro Materialkosten pro Kranz (bitte bei der Kursleiterin im Kurs bezahlen)<br />
</strong></h5>

<p>Adventliche Türkränze Mit Ingrid Kerber Aus einer Fülle von Grünschnitt und kleinen Früchten winden wir Türkränze. Auch klassische Tisch-Adventskränze sind&hellip;</p>
