{"id":11371,"date":"2026-03-27T10:43:04","date_gmt":"2026-03-27T09:43:04","guid":{"rendered":"https:\/\/kuwehi.de\/?post_type=tribe_events&#038;p=11371"},"modified":"2026-03-27T11:04:09","modified_gmt":"2026-03-27T10:04:09","slug":"samstagswerkstatt-gemeinsam-herbstliches-filzen","status":"publish","type":"tribe_events","link":"https:\/\/kuwehi.de\/?tribe_events=samstagswerkstatt-gemeinsam-herbstliches-filzen","title":{"rendered":"Samstagswerkstatt gemeinsam: Herbstliches Filzen"},"content":{"rendered":"<h1 style=\"text-align: center;\">Samstagswerkstatt gemeinsam: Herbstliches Filzen<br \/>\n(f\u00fcr Kinder ab 6 Jahren)<\/h1>\n<h3 style=\"text-align: center;\">Mit Andrea Mallwitz-Jander<\/h3>\n<h5 style=\"text-align: center;\">M\u00e4use im Apfelversteck, Igel im Herbstlaub oder Kastanien und Eicheln\u2026\u2026von der Natur inspiriert ist<br \/>\nalles m\u00f6glich. Mit der Nassfilztechnik entstehen wundersch\u00f6ne Filzobjekte, egal ob Anf\u00e4nger*innen<br \/>\noder Fortgeschrittene. F\u00fcr jeden ist etwas Passendes dabei.<\/h5>\n<h5 style=\"text-align: center;\">Familienangebot mit Kindern ab 6 Jahren.<br \/>\nKinder ohne Begleitung ab 8 J.<\/h5>\n<h3 style=\"text-align: center;\">\u00a0 Termin: Samstag, 26.09.2026<br \/>\nUhrzeit: 10:00 &#8211; 12:30 Uhr<\/h3>\n<h5 style=\"text-align: center;\">Kosten f\u00fcr Kinder: 6 \u20ac<\/h5>\n<h5 style=\"text-align: center;\">Kosten f\u00fcr Erwachsene: 15 \u20ac<br \/>\n(F\u00fcr eine bessere \u00dcbersicht, bitten wir Sie sich getrennt von ihrem Kind anzumelden.)<\/h5>\n<h5 style=\"text-align: center;\"><img decoding=\"async\" class=\"size-medium wp-image-9639 aligncenter\" src=\"https:\/\/kuwehi.de\/wp-content\/uploads\/2024\/11\/Osthushenrich-Stiftung_logo_rgb_300-300x160.jpg\" sizes=\"(max-width: 300px) 100vw, 300px\" srcset=\"https:\/\/kuwehi.de\/wp-content\/uploads\/2024\/11\/Osthushenrich-Stiftung_logo_rgb_300-300x160.jpg 300w, https:\/\/kuwehi.de\/wp-content\/uploads\/2024\/11\/Osthushenrich-Stiftung_logo_rgb_300-1024x546.jpg 1024w, https:\/\/kuwehi.de\/wp-content\/uploads\/2024\/11\/Osthushenrich-Stiftung_logo_rgb_300-150x80.jpg 150w, https:\/\/kuwehi.de\/wp-content\/uploads\/2024\/11\/Osthushenrich-Stiftung_logo_rgb_300-768x410.jpg 768w, https:\/\/kuwehi.de\/wp-content\/uploads\/2024\/11\/Osthushenrich-Stiftung_logo_rgb_300-1536x819.jpg 1536w, https:\/\/kuwehi.de\/wp-content\/uploads\/2024\/11\/Osthushenrich-Stiftung_logo_rgb_300-2048x1092.jpg 2048w, https:\/\/kuwehi.de\/wp-content\/uploads\/2024\/11\/Osthushenrich-Stiftung_logo_rgb_300-1600x854.jpg 1600w\" alt=\"\" width=\"300\" height=\"160\" \/>Die Veranstaltung wird gef\u00f6rdert von der Osthushenrichstiftung.<\/h5>\n<p>&nbsp;<\/p>\n","protected":false},"excerpt":{"rendered":"<p>Samstagswerkstatt gemeinsam: Herbstliches Filzen (f\u00fcr Kinder ab 6 Jahren) Mit Andrea Mallwitz-Jander M\u00e4use im Apfelversteck, Igel im Herbstlaub oder Kastanien&hellip;<\/p>\n","protected":false},"author":1,"featured_media":11383,"template":"","meta":{"_price":"","_stock":"","_tribe_ticket_header":"","_tribe_default_ticket_provider":"","_tribe_ticket_capacity":"0","_ticket_start_date":"","_ticket_end_date":"","_tribe_ticket_show_description":"","_tribe_ticket_show_not_going":false,"_tribe_ticket_use_global_stock":"","_tribe_ticket_global_stock_level":"","_global_stock_mode":"","_global_stock_cap":"","_tribe_rsvp_for_event":"","_tribe_ticket_going_count":"","_tribe_ticket_not_going_count":"","_tribe_tickets_list":"[]","_tribe_ticket_has_attendee_info_fields":false,"_tribe_events_status":"","_tribe_events_status_reason":"","footnotes":"","_tec_slr_enabled":"","_tec_slr_layout":""},"tags":[],"tribe_events_cat":[],"class_list":["post-11371","tribe_events","type-tribe_events","status-publish","has-post-thumbnail","hentry"],"ticketed":false,"_links":{"self":[{"href":"https:\/\/kuwehi.de\/index.php?rest_route=\/wp\/v2\/tribe_events\/11371","targetHints":{"allow":["GET"]}}],"collection":[{"href":"https:\/\/kuwehi.de\/index.php?rest_route=\/wp\/v2\/tribe_events"}],"about":[{"href":"https:\/\/kuwehi.de\/index.php?rest_route=\/wp\/v2\/types\/tribe_events"}],"author":[{"embeddable":true,"href":"https:\/\/kuwehi.de\/index.php?rest_route=\/wp\/v2\/users\/1"}],"version-history":[{"count":6,"href":"https:\/\/kuwehi.de\/index.php?rest_route=\/wp\/v2\/tribe_events\/11371\/revisions"}],"predecessor-version":[{"id":11382,"href":"https:\/\/kuwehi.de\/index.php?rest_route=\/wp\/v2\/tribe_events\/11371\/revisions\/11382"}],"wp:featuredmedia":[{"embeddable":true,"href":"https:\/\/kuwehi.de\/index.php?rest_route=\/wp\/v2\/media\/11383"}],"wp:attachment":[{"href":"https:\/\/kuwehi.de\/index.php?rest_route=%2Fwp%2Fv2%2Fmedia&parent=11371"}],"wp:term":[{"taxonomy":"post_tag","embeddable":true,"href":"https:\/\/kuwehi.de\/index.php?rest_route=%2Fwp%2Fv2%2Ftags&post=11371"},{"taxonomy":"tribe_events_cat","embeddable":true,"href":"https:\/\/kuwehi.de\/index.php?rest_route=%2Fwp%2Fv2%2Ftribe_events_cat&post=11371"}],"curies":[{"name":"wp","href":"https:\/\/api.w.org\/{rel}","templated":true}]}}

<h1 style="text-align: center;">Samstagswerkstatt gemeinsam: Herbstliches Filzen<br />
(für Kinder ab 6 Jahren)</h1>
<h3 style="text-align: center;">Mit Andrea Mallwitz-Jander</h3>
<h5 style="text-align: center;">Mäuse im Apfelversteck, Igel im Herbstlaub oder Kastanien und Eicheln……von der Natur inspiriert ist<br />
alles möglich. Mit der Nassfilztechnik entstehen wunderschöne Filzobjekte, egal ob Anfänger*innen<br />
oder Fortgeschrittene. Für jeden ist etwas Passendes dabei.</h5>
<h5 style="text-align: center;">Familienangebot mit Kindern ab 6 Jahren.<br />
Kinder ohne Begleitung ab 8 J.</h5>
<h3 style="text-align: center;">  Termin: Samstag, 26.09.2026<br />
Uhrzeit: 10:00 &#8211; 12:30 Uhr</h3>
<h5 style="text-align: center;">Kosten für Kinder: 6 €</h5>
<h5 style="text-align: center;">Kosten für Erwachsene: 15 €<br />
(Für eine bessere Übersicht, bitten wir Sie sich getrennt von ihrem Kind anzumelden.)</h5>
<h5 style="text-align: center;"><img decoding="async" class="size-medium wp-image-9639 aligncenter" src="https://kuwehi.de/wp-content/uploads/2024/11/Osthushenrich-Stiftung_logo_rgb_300-300x160.jpg" sizes="(max-width: 300px) 100vw, 300px" srcset="https://kuwehi.de/wp-content/uploads/2024/11/Osthushenrich-Stiftung_logo_rgb_300-300x160.jpg 300w, https://kuwehi.de/wp-content/uploads/2024/11/Osthushenrich-Stiftung_logo_rgb_300-1024x546.jpg 1024w, https://kuwehi.de/wp-content/uploads/2024/11/Osthushenrich-Stiftung_logo_rgb_300-150x80.jpg 150w, https://kuwehi.de/wp-content/uploads/2024/11/Osthushenrich-Stiftung_logo_rgb_300-768x410.jpg 768w, https://kuwehi.de/wp-content/uploads/2024/11/Osthushenrich-Stiftung_logo_rgb_300-1536x819.jpg 1536w, https://kuwehi.de/wp-content/uploads/2024/11/Osthushenrich-Stiftung_logo_rgb_300-2048x1092.jpg 2048w, https://kuwehi.de/wp-content/uploads/2024/11/Osthushenrich-Stiftung_logo_rgb_300-1600x854.jpg 1600w" alt="" width="300" height="160" />Die Veranstaltung wird gefördert von der Osthushenrichstiftung.</h5>
<p>&nbsp;</p>

<p>Samstagswerkstatt gemeinsam: Herbstliches Filzen (für Kinder ab 6 Jahren) Mit Andrea Mallwitz-Jander Mäuse im Apfelversteck, Igel im Herbstlaub oder Kastanien&hellip;</p>
