{"id":10770,"date":"2025-09-26T11:28:26","date_gmt":"2025-09-26T09:28:26","guid":{"rendered":"https:\/\/kuwehi.de\/?post_type=tribe_events&#038;p=10770"},"modified":"2025-10-20T10:15:25","modified_gmt":"2025-10-20T08:15:25","slug":"ferienwerkstatt-traumfaenger-workshop-lass-deine-kreativitaet-fliegen","status":"publish","type":"tribe_events","link":"https:\/\/kuwehi.de\/?tribe_events=ferienwerkstatt-traumfaenger-workshop-lass-deine-kreativitaet-fliegen","title":{"rendered":"Ferienwerkstatt: &#8222;Traumf\u00e4nger Workshop &#8211; Lass deine Kreativit\u00e4t fliegen&#8220;"},"content":{"rendered":"<h1 style=\"text-align: center;\"><span style=\"color: #ff0000;\">ABGESAGT !<\/span><\/h1>\n<h1><\/h1>\n<h1 style=\"text-align: center;\">Ferienwerkstatt: &#8222;Traumf\u00e4nger Workshop &#8211; Lass deine Kreativit\u00e4t fliegen&#8220;<\/h1>\n<h4 style=\"text-align: center;\">Mit Doris Oles<\/h4>\n<h5 style=\"text-align: center;\"><strong>F\u00fcr Kinder ab 10 Jahren<\/strong><\/h5>\n<p style=\"text-align: center;\">Hey Kids!<br \/>\nBist du bereit deine Tr\u00e4ume zu fangen und deine Kreativit\u00e4t zu entfesseln?<br \/>\nDann komm zu unserem Traumf\u00e4nger-Workshop!<br \/>\nWir basteln gemeinsam einzigartige Traumf\u00e4nger, die deine Tr\u00e4ume sch\u00fctzen und in denen sich deine guten Tr\u00e4ume fangen.<br \/>\nWas wir machen:<br \/>\nWir verwenden Federn, Perlen und Garn, um unsere eigenen Traumf\u00e4nger zu erstellen.<br \/>\nWir lassen unsere Fantasie spielen und gestalten unsere Traumf\u00e4nger ganz individuell.<br \/>\nWir haben Spa\u00df und eine tolle Zeit miteinander.<\/p>\n<p style=\"text-align: center;\"><strong><span style=\"font-family: tahoma, arial, helvetica, sans-serif;\">Termin: 21.10.25 und 22.10.25<\/span><\/strong><br \/>\n<strong><span style=\"font-family: tahoma, arial, helvetica, sans-serif;\">jeweils von 10:00 &#8211; 12:30 Uhr<\/span><\/strong><br \/>\n<strong><span style=\"font-family: tahoma, arial, helvetica, sans-serif;\">Kursgeb\u00fchr: 12\u20ac<\/span><\/strong><br \/>\n<strong><span style=\"font-family: tahoma, arial, helvetica, sans-serif;\">(Beide Tage nur zusammenh\u00e4ngend buchbar!)<\/span><\/strong><\/p>\n<p>&nbsp;<\/p>\n<p><img decoding=\"async\" class=\"wp-image-9639 size-medium alignleft\" src=\"https:\/\/kuwehi.de\/wp-content\/uploads\/2024\/11\/Osthushenrich-Stiftung_logo_rgb_300-300x160.jpg\" alt=\"\" width=\"300\" height=\"160\" srcset=\"https:\/\/kuwehi.de\/wp-content\/uploads\/2024\/11\/Osthushenrich-Stiftung_logo_rgb_300-300x160.jpg 300w, https:\/\/kuwehi.de\/wp-content\/uploads\/2024\/11\/Osthushenrich-Stiftung_logo_rgb_300-1024x546.jpg 1024w, https:\/\/kuwehi.de\/wp-content\/uploads\/2024\/11\/Osthushenrich-Stiftung_logo_rgb_300-150x80.jpg 150w, https:\/\/kuwehi.de\/wp-content\/uploads\/2024\/11\/Osthushenrich-Stiftung_logo_rgb_300-768x410.jpg 768w, https:\/\/kuwehi.de\/wp-content\/uploads\/2024\/11\/Osthushenrich-Stiftung_logo_rgb_300-1536x819.jpg 1536w, https:\/\/kuwehi.de\/wp-content\/uploads\/2024\/11\/Osthushenrich-Stiftung_logo_rgb_300-2048x1092.jpg 2048w, https:\/\/kuwehi.de\/wp-content\/uploads\/2024\/11\/Osthushenrich-Stiftung_logo_rgb_300-1600x854.jpg 1600w\" sizes=\"(max-width: 300px) 100vw, 300px\" \/>Die Veranstaltung wird gef\u00f6rdert von der Osthushenrichstiftung und kostet daher nur 6 \u20ac pro TeilnehmerIn pro Tag<\/p>\n","protected":false},"excerpt":{"rendered":"<p>ABGESAGT ! Ferienwerkstatt: &#8222;Traumf\u00e4nger Workshop &#8211; Lass deine Kreativit\u00e4t fliegen&#8220; Mit Doris Oles F\u00fcr Kinder ab 10 Jahren Hey Kids!&hellip;<\/p>\n","protected":false},"author":1,"featured_media":10771,"template":"","meta":{"_price":"","_stock":"","_tribe_ticket_header":"","_tribe_default_ticket_provider":"","_tribe_ticket_capacity":"0","_ticket_start_date":"","_ticket_end_date":"","_tribe_ticket_show_description":"","_tribe_ticket_show_not_going":false,"_tribe_ticket_use_global_stock":"","_tribe_ticket_global_stock_level":"","_global_stock_mode":"","_global_stock_cap":"","_tribe_rsvp_for_event":"","_tribe_ticket_going_count":"","_tribe_ticket_not_going_count":"","_tribe_tickets_list":"[]","_tribe_ticket_has_attendee_info_fields":false,"_tribe_events_status":"","_tribe_events_status_reason":"","footnotes":"","_tec_slr_enabled":"","_tec_slr_layout":""},"tags":[],"tribe_events_cat":[],"class_list":["post-10770","tribe_events","type-tribe_events","status-publish","has-post-thumbnail","hentry"],"ticketed":false,"_links":{"self":[{"href":"https:\/\/kuwehi.de\/index.php?rest_route=\/wp\/v2\/tribe_events\/10770","targetHints":{"allow":["GET"]}}],"collection":[{"href":"https:\/\/kuwehi.de\/index.php?rest_route=\/wp\/v2\/tribe_events"}],"about":[{"href":"https:\/\/kuwehi.de\/index.php?rest_route=\/wp\/v2\/types\/tribe_events"}],"author":[{"embeddable":true,"href":"https:\/\/kuwehi.de\/index.php?rest_route=\/wp\/v2\/users\/1"}],"version-history":[{"count":4,"href":"https:\/\/kuwehi.de\/index.php?rest_route=\/wp\/v2\/tribe_events\/10770\/revisions"}],"predecessor-version":[{"id":10842,"href":"https:\/\/kuwehi.de\/index.php?rest_route=\/wp\/v2\/tribe_events\/10770\/revisions\/10842"}],"wp:featuredmedia":[{"embeddable":true,"href":"https:\/\/kuwehi.de\/index.php?rest_route=\/wp\/v2\/media\/10771"}],"wp:attachment":[{"href":"https:\/\/kuwehi.de\/index.php?rest_route=%2Fwp%2Fv2%2Fmedia&parent=10770"}],"wp:term":[{"taxonomy":"post_tag","embeddable":true,"href":"https:\/\/kuwehi.de\/index.php?rest_route=%2Fwp%2Fv2%2Ftags&post=10770"},{"taxonomy":"tribe_events_cat","embeddable":true,"href":"https:\/\/kuwehi.de\/index.php?rest_route=%2Fwp%2Fv2%2Ftribe_events_cat&post=10770"}],"curies":[{"name":"wp","href":"https:\/\/api.w.org\/{rel}","templated":true}]}}

Ferienwerkstatt: &#8222;Traumfänger Workshop &#8211; Lass deine Kreativität fliegen&#8220;

<h1 style="text-align: center;"><span style="color: #ff0000;">ABGESAGT !</span></h1>
<h1></h1>
<h1 style="text-align: center;">Ferienwerkstatt: &#8222;Traumfänger Workshop &#8211; Lass deine Kreativität fliegen&#8220;</h1>
<h4 style="text-align: center;">Mit Doris Oles</h4>
<h5 style="text-align: center;"><strong>Für Kinder ab 10 Jahren</strong></h5>
<p style="text-align: center;">Hey Kids!<br />
Bist du bereit deine Träume zu fangen und deine Kreativität zu entfesseln?<br />
Dann komm zu unserem Traumfänger-Workshop!<br />
Wir basteln gemeinsam einzigartige Traumfänger, die deine Träume schützen und in denen sich deine guten Träume fangen.<br />
Was wir machen:<br />
Wir verwenden Federn, Perlen und Garn, um unsere eigenen Traumfänger zu erstellen.<br />
Wir lassen unsere Fantasie spielen und gestalten unsere Traumfänger ganz individuell.<br />
Wir haben Spaß und eine tolle Zeit miteinander.</p>
<p style="text-align: center;"><strong><span style="font-family: tahoma, arial, helvetica, sans-serif;">Termin: 21.10.25 und 22.10.25</span></strong><br />
<strong><span style="font-family: tahoma, arial, helvetica, sans-serif;">jeweils von 10:00 &#8211; 12:30 Uhr</span></strong><br />
<strong><span style="font-family: tahoma, arial, helvetica, sans-serif;">Kursgebühr: 12€</span></strong><br />
<strong><span style="font-family: tahoma, arial, helvetica, sans-serif;">(Beide Tage nur zusammenhängend buchbar!)</span></strong></p>
<p>&nbsp;</p>
<p><img decoding="async" class="wp-image-9639 size-medium alignleft" src="https://kuwehi.de/wp-content/uploads/2024/11/Osthushenrich-Stiftung_logo_rgb_300-300x160.jpg" alt="" width="300" height="160" srcset="https://kuwehi.de/wp-content/uploads/2024/11/Osthushenrich-Stiftung_logo_rgb_300-300x160.jpg 300w, https://kuwehi.de/wp-content/uploads/2024/11/Osthushenrich-Stiftung_logo_rgb_300-1024x546.jpg 1024w, https://kuwehi.de/wp-content/uploads/2024/11/Osthushenrich-Stiftung_logo_rgb_300-150x80.jpg 150w, https://kuwehi.de/wp-content/uploads/2024/11/Osthushenrich-Stiftung_logo_rgb_300-768x410.jpg 768w, https://kuwehi.de/wp-content/uploads/2024/11/Osthushenrich-Stiftung_logo_rgb_300-1536x819.jpg 1536w, https://kuwehi.de/wp-content/uploads/2024/11/Osthushenrich-Stiftung_logo_rgb_300-2048x1092.jpg 2048w, https://kuwehi.de/wp-content/uploads/2024/11/Osthushenrich-Stiftung_logo_rgb_300-1600x854.jpg 1600w" sizes="(max-width: 300px) 100vw, 300px" />Die Veranstaltung wird gefördert von der Osthushenrichstiftung und kostet daher nur 6 € pro TeilnehmerIn pro Tag</p>

<p>ABGESAGT ! Ferienwerkstatt: &#8222;Traumfänger Workshop &#8211; Lass deine Kreativität fliegen&#8220; Mit Doris Oles Für Kinder ab 10 Jahren Hey Kids!&hellip;</p>
