{"id":10644,"date":"2025-07-25T14:12:00","date_gmt":"2025-07-25T12:12:00","guid":{"rendered":"https:\/\/kuwehi.de\/?post_type=tribe_events&#038;p=10644"},"modified":"2025-10-08T14:02:10","modified_gmt":"2025-10-08T12:02:10","slug":"10644","status":"publish","type":"tribe_events","link":"https:\/\/kuwehi.de\/?tribe_events=10644","title":{"rendered":"Kulturrucksack: B\u00fchnengestaltung &#8222;B\u00fchnenwerker&#8220;"},"content":{"rendered":"<h2 style=\"text-align: center;\"><span style=\"color: #ff6600;\">! Leider abgesagt !<\/span><\/h2>\n<h2><\/h2>\n<h2 style=\"text-align: center;\">B\u00fchnengestaltung \u2013 B\u00fchnenwerker<\/h2>\n<h4 style=\"text-align: center;\">mit K\u00fcnstlerin Kathrin Wolters<\/h4>\n<h5>Du erfindest, gestaltest und baust mit anderen ein B\u00fchnenbild zum Thema Handwerk und stellst auch kleinere Requisiten her. Parallel findet ein Workshop statt, in dem Teilnehmer*innen ein Theaterst\u00fcck zu eurem B\u00fchnenbild entwickeln.<\/h5>\n<h5>Am Ende gibt es eine Auff\u00fchrung vor eurem B\u00fchnenbild f\u00fcr Familien und Freunde.<\/h5>\n<h5>13. \u2013 17. 10.2025 jeweils von 10 bis 15 Uhr,<\/h5>\n<h5>Freitag bis 16 Uhr (15:00 Uhr findet die Auff\u00fchrung statt, zu der Familie und Freunde herzlich eingeladen sind!)<\/h5>\n<p>Das Angebot richtet sich an Kinder und Jugendlichen <strong>von 10 bis 14 Jahren<\/strong>.<\/p>\n<div class=\"tribe-events-single-event-description tribe-events-content\">\n<p><img fetchpriority=\"high\" decoding=\"async\" class=\"alignleft size-full wp-image-5015\" src=\"https:\/\/kuwehi.de\/wp-content\/uploads\/2022\/05\/Logo-Kulturrucksack-Foerderung-vom-Ministerium-Schule.png\" alt=\"\" width=\"259\" height=\"194\" \/><\/p>\n<p>&nbsp;<\/p>\n<p><img decoding=\"async\" class=\"alignleft size-medium wp-image-2545\" src=\"https:\/\/kuwehi.de\/wp-content\/uploads\/2021\/01\/Logo-Ministerium-f\u00fcr-Kinder...-NRW-300x103.png\" sizes=\"(max-width: 300px) 100vw, 300px\" srcset=\"https:\/\/kuwehi.de\/wp-content\/uploads\/2021\/01\/Logo-Ministerium-f\u00fcr-Kinder...-NRW-300x103.png 300w, https:\/\/kuwehi.de\/wp-content\/uploads\/2021\/01\/Logo-Ministerium-f\u00fcr-Kinder...-NRW.png 527w\" alt=\"\" width=\"300\" height=\"103\" \/><strong>\u2026 und daher f\u00fcr die Teilnehmenden kostenlos !<\/strong><\/p>\n<\/div>\n<p>&nbsp;<\/p>\n<p>&nbsp;<\/p>\n<p>Mehr Informationen zu Kathrin Wolters gibt es hier: <span style=\"color: #666699;\"><a style=\"color: #666699;\" href=\"https:\/\/kathrinwolters.de\/about\/\">Kathrin Wolters<\/a><\/span><\/p>\n","protected":false},"excerpt":{"rendered":"<p>! Leider abgesagt ! B\u00fchnengestaltung \u2013 B\u00fchnenwerker mit K\u00fcnstlerin Kathrin Wolters Du erfindest, gestaltest und baust mit anderen ein B\u00fchnenbild&hellip;<\/p>\n","protected":false},"author":1,"featured_media":10647,"template":"","meta":{"_price":"","_stock":"","_tribe_ticket_header":"","_tribe_default_ticket_provider":"","_tribe_ticket_capacity":"0","_ticket_start_date":"","_ticket_end_date":"","_tribe_ticket_show_description":"","_tribe_ticket_show_not_going":false,"_tribe_ticket_use_global_stock":"","_tribe_ticket_global_stock_level":"","_global_stock_mode":"","_global_stock_cap":"","_tribe_rsvp_for_event":"","_tribe_ticket_going_count":"","_tribe_ticket_not_going_count":"","_tribe_tickets_list":"[]","_tribe_ticket_has_attendee_info_fields":false,"_tribe_events_status":"","_tribe_events_status_reason":"","footnotes":"","_tec_slr_enabled":"","_tec_slr_layout":""},"tags":[],"tribe_events_cat":[],"class_list":["post-10644","tribe_events","type-tribe_events","status-publish","has-post-thumbnail","hentry"],"ticketed":false,"_links":{"self":[{"href":"https:\/\/kuwehi.de\/index.php?rest_route=\/wp\/v2\/tribe_events\/10644","targetHints":{"allow":["GET"]}}],"collection":[{"href":"https:\/\/kuwehi.de\/index.php?rest_route=\/wp\/v2\/tribe_events"}],"about":[{"href":"https:\/\/kuwehi.de\/index.php?rest_route=\/wp\/v2\/types\/tribe_events"}],"author":[{"embeddable":true,"href":"https:\/\/kuwehi.de\/index.php?rest_route=\/wp\/v2\/users\/1"}],"version-history":[{"count":5,"href":"https:\/\/kuwehi.de\/index.php?rest_route=\/wp\/v2\/tribe_events\/10644\/revisions"}],"predecessor-version":[{"id":10824,"href":"https:\/\/kuwehi.de\/index.php?rest_route=\/wp\/v2\/tribe_events\/10644\/revisions\/10824"}],"wp:featuredmedia":[{"embeddable":true,"href":"https:\/\/kuwehi.de\/index.php?rest_route=\/wp\/v2\/media\/10647"}],"wp:attachment":[{"href":"https:\/\/kuwehi.de\/index.php?rest_route=%2Fwp%2Fv2%2Fmedia&parent=10644"}],"wp:term":[{"taxonomy":"post_tag","embeddable":true,"href":"https:\/\/kuwehi.de\/index.php?rest_route=%2Fwp%2Fv2%2Ftags&post=10644"},{"taxonomy":"tribe_events_cat","embeddable":true,"href":"https:\/\/kuwehi.de\/index.php?rest_route=%2Fwp%2Fv2%2Ftribe_events_cat&post=10644"}],"curies":[{"name":"wp","href":"https:\/\/api.w.org\/{rel}","templated":true}]}}

Kulturrucksack: Bühnengestaltung &#8222;Bühnenwerker&#8220;

<h2 style="text-align: center;"><span style="color: #ff6600;">! Leider abgesagt !</span></h2>
<h2></h2>
<h2 style="text-align: center;">Bühnengestaltung – Bühnenwerker</h2>
<h4 style="text-align: center;">mit Künstlerin Kathrin Wolters</h4>
<h5>Du erfindest, gestaltest und baust mit anderen ein Bühnenbild zum Thema Handwerk und stellst auch kleinere Requisiten her. Parallel findet ein Workshop statt, in dem Teilnehmer*innen ein Theaterstück zu eurem Bühnenbild entwickeln.</h5>
<h5>Am Ende gibt es eine Aufführung vor eurem Bühnenbild für Familien und Freunde.</h5>
<h5>13. – 17. 10.2025 jeweils von 10 bis 15 Uhr,</h5>
<h5>Freitag bis 16 Uhr (15:00 Uhr findet die Aufführung statt, zu der Familie und Freunde herzlich eingeladen sind!)</h5>
<p>Das Angebot richtet sich an Kinder und Jugendlichen <strong>von 10 bis 14 Jahren</strong>.</p>
<div class="tribe-events-single-event-description tribe-events-content">
<p><img fetchpriority="high" decoding="async" class="alignleft size-full wp-image-5015" src="https://kuwehi.de/wp-content/uploads/2022/05/Logo-Kulturrucksack-Foerderung-vom-Ministerium-Schule.png" alt="" width="259" height="194" /></p>
<p>&nbsp;</p>
<p><img decoding="async" class="alignleft size-medium wp-image-2545" src="https://kuwehi.de/wp-content/uploads/2021/01/Logo-Ministerium-für-Kinder...-NRW-300x103.png" sizes="(max-width: 300px) 100vw, 300px" srcset="https://kuwehi.de/wp-content/uploads/2021/01/Logo-Ministerium-für-Kinder...-NRW-300x103.png 300w, https://kuwehi.de/wp-content/uploads/2021/01/Logo-Ministerium-für-Kinder...-NRW.png 527w" alt="" width="300" height="103" /><strong>… und daher für die Teilnehmenden kostenlos !</strong></p>
</div>
<p>&nbsp;</p>
<p>&nbsp;</p>
<p>Mehr Informationen zu Kathrin Wolters gibt es hier: <span style="color: #666699;"><a style="color: #666699;" href="https://kathrinwolters.de/about/">Kathrin Wolters</a></span></p>

<p>! Leider abgesagt ! Bühnengestaltung – Bühnenwerker mit Künstlerin Kathrin Wolters Du erfindest, gestaltest und baust mit anderen ein Bühnenbild&hellip;</p>
