{"id":10609,"date":"2025-07-01T20:56:37","date_gmt":"2025-07-01T18:56:37","guid":{"rendered":"https:\/\/kuwehi.de\/?post_type=tribe_events&#038;p=10609"},"modified":"2025-09-26T13:06:01","modified_gmt":"2025-09-26T11:06:01","slug":"kulturrucksack-ein-portraet-gross-malen","status":"publish","type":"tribe_events","link":"https:\/\/kuwehi.de\/?tribe_events=kulturrucksack-ein-portraet-gross-malen","title":{"rendered":"Kulturrucksack: Ein Portr\u00e4t gro\u00df malen!"},"content":{"rendered":"<h1 style=\"text-align: center;\">Ein Portrait gro\u00df malen!<\/h1>\n<h3 style=\"text-align: center;\">Mit<br \/>\nmit Kristine W.Benn<\/h3>\n<h5 style=\"text-align: center;\">In den ersten Stunden wird intensiv gelernt\/ge\u00fcbt, ein Portr\u00e4t<br \/>\noder ein Selbstportr\u00e4t zu malen. Dabei erarbeitete L\u00f6sungen<br \/>\nwerden f\u00fcr die \u00dcbertragung auf eine gro\u00dfe Leinwand<br \/>\nvorbereitet. Im zweiten Teil wird die Zeichnung auf die<br \/>\nLeinwand gebracht und farblich zum gemalten Portr\u00e4t<br \/>\nausgearbeitet. Dabei spielen nat\u00fcrlich Form und Ausdruck<br \/>\neine gro\u00dfe Rolle, ebenso das Mischen der Farbe.<br \/>\nWir lernen von anderen K\u00fcnstlern, indem wir Abbildungen von<br \/>\nderen Werken studieren.<\/h5>\n<p style=\"text-align: center;\">Das Angebot richtet sich an Kinder und Jugendlichen von 10 bis 14 Jahren.<\/p>\n<h5 style=\"text-align: center;\">Samstag: 27.09.2025 von 10:00 bis 15:00 Uhr<br \/>\nund<br \/>\nSonntag: 28.09.2025 von 10:00 bis 15:00 Uhr<\/h5>\n<p style=\"text-align: center;\">Das Angebot wird gef\u00f6rdert und ist daher f\u00fcr die Teilnehmenden kostenlos.<br \/>\nEine Anmeldung ist erforderlich!<\/p>\n<p><img fetchpriority=\"high\" decoding=\"async\" class=\"size-full wp-image-5015 aligncenter\" src=\"https:\/\/kuwehi.de\/wp-content\/uploads\/2022\/05\/Logo-Kulturrucksack-Foerderung-vom-Ministerium-Schule.png\" alt=\"\" width=\"259\" height=\"194\" \/><\/p>\n","protected":false},"excerpt":{"rendered":"<p>Ein Portrait gro\u00df malen! Mit mit Kristine W.Benn In den ersten Stunden wird intensiv gelernt\/ge\u00fcbt, ein Portr\u00e4t oder ein Selbstportr\u00e4t&hellip;<\/p>\n","protected":false},"author":1,"featured_media":10610,"template":"","meta":{"_price":"","_stock":"","_tribe_ticket_header":"","_tribe_default_ticket_provider":"","_tribe_ticket_capacity":"0","_ticket_start_date":"","_ticket_end_date":"","_tribe_ticket_show_description":"","_tribe_ticket_show_not_going":false,"_tribe_ticket_use_global_stock":"","_tribe_ticket_global_stock_level":"","_global_stock_mode":"","_global_stock_cap":"","_tribe_rsvp_for_event":"","_tribe_ticket_going_count":"","_tribe_ticket_not_going_count":"","_tribe_tickets_list":"[]","_tribe_ticket_has_attendee_info_fields":false,"_tribe_events_status":"","_tribe_events_status_reason":"","footnotes":"","_tec_slr_enabled":"","_tec_slr_layout":""},"tags":[],"tribe_events_cat":[],"class_list":["post-10609","tribe_events","type-tribe_events","status-publish","has-post-thumbnail","hentry"],"ticketed":false,"_links":{"self":[{"href":"https:\/\/kuwehi.de\/index.php?rest_route=\/wp\/v2\/tribe_events\/10609","targetHints":{"allow":["GET"]}}],"collection":[{"href":"https:\/\/kuwehi.de\/index.php?rest_route=\/wp\/v2\/tribe_events"}],"about":[{"href":"https:\/\/kuwehi.de\/index.php?rest_route=\/wp\/v2\/types\/tribe_events"}],"author":[{"embeddable":true,"href":"https:\/\/kuwehi.de\/index.php?rest_route=\/wp\/v2\/users\/1"}],"version-history":[{"count":3,"href":"https:\/\/kuwehi.de\/index.php?rest_route=\/wp\/v2\/tribe_events\/10609\/revisions"}],"predecessor-version":[{"id":10612,"href":"https:\/\/kuwehi.de\/index.php?rest_route=\/wp\/v2\/tribe_events\/10609\/revisions\/10612"}],"wp:featuredmedia":[{"embeddable":true,"href":"https:\/\/kuwehi.de\/index.php?rest_route=\/wp\/v2\/media\/10610"}],"wp:attachment":[{"href":"https:\/\/kuwehi.de\/index.php?rest_route=%2Fwp%2Fv2%2Fmedia&parent=10609"}],"wp:term":[{"taxonomy":"post_tag","embeddable":true,"href":"https:\/\/kuwehi.de\/index.php?rest_route=%2Fwp%2Fv2%2Ftags&post=10609"},{"taxonomy":"tribe_events_cat","embeddable":true,"href":"https:\/\/kuwehi.de\/index.php?rest_route=%2Fwp%2Fv2%2Ftribe_events_cat&post=10609"}],"curies":[{"name":"wp","href":"https:\/\/api.w.org\/{rel}","templated":true}]}}

Kulturrucksack: Ein Porträt groß malen!

<h1 style="text-align: center;">Ein Portrait groß malen!</h1>
<h3 style="text-align: center;">Mit<br />
mit Kristine W.Benn</h3>
<h5 style="text-align: center;">In den ersten Stunden wird intensiv gelernt/geübt, ein Porträt<br />
oder ein Selbstporträt zu malen. Dabei erarbeitete Lösungen<br />
werden für die Übertragung auf eine große Leinwand<br />
vorbereitet. Im zweiten Teil wird die Zeichnung auf die<br />
Leinwand gebracht und farblich zum gemalten Porträt<br />
ausgearbeitet. Dabei spielen natürlich Form und Ausdruck<br />
eine große Rolle, ebenso das Mischen der Farbe.<br />
Wir lernen von anderen Künstlern, indem wir Abbildungen von<br />
deren Werken studieren.</h5>
<p style="text-align: center;">Das Angebot richtet sich an Kinder und Jugendlichen von 10 bis 14 Jahren.</p>
<h5 style="text-align: center;">Samstag: 27.09.2025 von 10:00 bis 15:00 Uhr<br />
und<br />
Sonntag: 28.09.2025 von 10:00 bis 15:00 Uhr</h5>
<p style="text-align: center;">Das Angebot wird gefördert und ist daher für die Teilnehmenden kostenlos.<br />
Eine Anmeldung ist erforderlich!</p>
<p><img fetchpriority="high" decoding="async" class="size-full wp-image-5015 aligncenter" src="https://kuwehi.de/wp-content/uploads/2022/05/Logo-Kulturrucksack-Foerderung-vom-Ministerium-Schule.png" alt="" width="259" height="194" /></p>

<p>Ein Portrait groß malen! Mit mit Kristine W.Benn In den ersten Stunden wird intensiv gelernt/geübt, ein Porträt oder ein Selbstporträt&hellip;</p>
