{"id":10025,"date":"2025-03-03T18:25:25","date_gmt":"2025-03-03T17:25:25","guid":{"rendered":"https:\/\/kuwehi.de\/?post_type=tribe_events&#038;p=10025"},"modified":"2025-04-08T19:06:59","modified_gmt":"2025-04-08T17:06:59","slug":"filzen-zu-ostern-2025","status":"publish","type":"tribe_events","link":"https:\/\/kuwehi.de\/?tribe_events=filzen-zu-ostern-2025","title":{"rendered":"Filzen zu Ostern 2025"},"content":{"rendered":"<h2 style=\"text-align: center;\"><span style=\"font-family: trebuchet ms, geneva;\">Filzen zu Ostern<\/span><\/h2>\n<h4 style=\"text-align: center;\"><span style=\"font-family: trebuchet ms, geneva;\">Mit Annette Jeitner<\/span><\/h4>\n<h5><span style=\"font-family: trebuchet ms, geneva;\">Wir erschaffen mit unseren H\u00e4nden mit Hilfe von Wasser und Seife in Nassfilztechnik<\/span><\/h5>\n<h5><span style=\"font-family: trebuchet ms, geneva;\">Osterk\u00f6rbchen, Eierw\u00e4rmer in Tierform &#8230; schr\u00e4ge V\u00f6gel oder was die Fantasie so hergibt.<\/span><\/h5>\n<h5><span style=\"font-family: trebuchet ms, geneva;\">Nach einer kurzen Einf\u00fchrung in die Technik des Nassfilzens k\u00f6nnen ganz individuell \u00f6sterliche Gebrauchs- oder Dekoobjekte angefertigt werden.<\/span><\/h5>\n<h5><span style=\"font-family: trebuchet ms, geneva;\">Vorkenntnisse sind nicht n\u00f6tig.\u00a0 Eine Teilnahme ist f\u00fcr Jugendliche mit einem Alter ab 16 Jahren m\u00f6glich.<\/span><\/h5>\n<h5 style=\"text-align: center;\"><span style=\"font-family: trebuchet ms, geneva;\">Kosten: <\/span><\/h5>\n<h5 style=\"text-align: center;\"><span style=\"font-family: trebuchet ms, geneva;\">Kursgeb\u00fchr: 35 \u20ac\u00a0<\/span><\/h5>\n<h5 style=\"text-align: center;\">Die Materialkosten werden im Kurs je nach Verbrauch (3 &#8211; 8 \u20ac) im Kurs abgerechnet.<\/h5>\n<h5 style=\"text-align: center;\">Termin: Sonntag, 13.04.2025, von 14:00 &#8211; 17:30 Uhr<\/h5>\n<h5><span style=\"font-family: trebuchet ms, geneva;\">\u00a0<\/span><\/h5>\n","protected":false},"excerpt":{"rendered":"<p>Filzen zu Ostern Mit Annette Jeitner Wir erschaffen mit unseren H\u00e4nden mit Hilfe von Wasser und Seife in Nassfilztechnik Osterk\u00f6rbchen,&hellip;<\/p>\n","protected":false},"author":1,"featured_media":10027,"template":"","meta":{"_price":"","_stock":"","_tribe_ticket_header":"","_tribe_default_ticket_provider":"","_tribe_ticket_capacity":"0","_ticket_start_date":"","_ticket_end_date":"","_tribe_ticket_show_description":"","_tribe_ticket_show_not_going":false,"_tribe_ticket_use_global_stock":"","_tribe_ticket_global_stock_level":"","_global_stock_mode":"","_global_stock_cap":"","_tribe_rsvp_for_event":"","_tribe_ticket_going_count":"","_tribe_ticket_not_going_count":"","_tribe_tickets_list":"[]","_tribe_ticket_has_attendee_info_fields":false,"_tribe_events_status":"","_tribe_events_status_reason":"","footnotes":"","_tec_slr_enabled":"","_tec_slr_layout":""},"tags":[],"tribe_events_cat":[],"class_list":["post-10025","tribe_events","type-tribe_events","status-publish","has-post-thumbnail","hentry"],"ticketed":false,"_links":{"self":[{"href":"https:\/\/kuwehi.de\/index.php?rest_route=\/wp\/v2\/tribe_events\/10025","targetHints":{"allow":["GET"]}}],"collection":[{"href":"https:\/\/kuwehi.de\/index.php?rest_route=\/wp\/v2\/tribe_events"}],"about":[{"href":"https:\/\/kuwehi.de\/index.php?rest_route=\/wp\/v2\/types\/tribe_events"}],"author":[{"embeddable":true,"href":"https:\/\/kuwehi.de\/index.php?rest_route=\/wp\/v2\/users\/1"}],"version-history":[{"count":2,"href":"https:\/\/kuwehi.de\/index.php?rest_route=\/wp\/v2\/tribe_events\/10025\/revisions"}],"predecessor-version":[{"id":10029,"href":"https:\/\/kuwehi.de\/index.php?rest_route=\/wp\/v2\/tribe_events\/10025\/revisions\/10029"}],"wp:featuredmedia":[{"embeddable":true,"href":"https:\/\/kuwehi.de\/index.php?rest_route=\/wp\/v2\/media\/10027"}],"wp:attachment":[{"href":"https:\/\/kuwehi.de\/index.php?rest_route=%2Fwp%2Fv2%2Fmedia&parent=10025"}],"wp:term":[{"taxonomy":"post_tag","embeddable":true,"href":"https:\/\/kuwehi.de\/index.php?rest_route=%2Fwp%2Fv2%2Ftags&post=10025"},{"taxonomy":"tribe_events_cat","embeddable":true,"href":"https:\/\/kuwehi.de\/index.php?rest_route=%2Fwp%2Fv2%2Ftribe_events_cat&post=10025"}],"curies":[{"name":"wp","href":"https:\/\/api.w.org\/{rel}","templated":true}]}}

<h2 style="text-align: center;"><span style="font-family: trebuchet ms, geneva;">Filzen zu Ostern</span></h2>
<h4 style="text-align: center;"><span style="font-family: trebuchet ms, geneva;">Mit Annette Jeitner</span></h4>
<h5><span style="font-family: trebuchet ms, geneva;">Wir erschaffen mit unseren Händen mit Hilfe von Wasser und Seife in Nassfilztechnik</span></h5>
<h5><span style="font-family: trebuchet ms, geneva;">Osterkörbchen, Eierwärmer in Tierform &#8230; schräge Vögel oder was die Fantasie so hergibt.</span></h5>
<h5><span style="font-family: trebuchet ms, geneva;">Nach einer kurzen Einführung in die Technik des Nassfilzens können ganz individuell österliche Gebrauchs- oder Dekoobjekte angefertigt werden.</span></h5>
<h5><span style="font-family: trebuchet ms, geneva;">Vorkenntnisse sind nicht nötig.  Eine Teilnahme ist für Jugendliche mit einem Alter ab 16 Jahren möglich.</span></h5>
<h5 style="text-align: center;"><span style="font-family: trebuchet ms, geneva;">Kosten: </span></h5>
<h5 style="text-align: center;"><span style="font-family: trebuchet ms, geneva;">Kursgebühr: 35 € </span></h5>
<h5 style="text-align: center;">Die Materialkosten werden im Kurs je nach Verbrauch (3 &#8211; 8 €) im Kurs abgerechnet.</h5>
<h5 style="text-align: center;">Termin: Sonntag, 13.04.2025, von 14:00 &#8211; 17:30 Uhr</h5>
<h5><span style="font-family: trebuchet ms, geneva;"> </span></h5>

<p>Filzen zu Ostern Mit Annette Jeitner Wir erschaffen mit unseren Händen mit Hilfe von Wasser und Seife in Nassfilztechnik Osterkörbchen,&hellip;</p>
