{"id":9857,"date":"2025-01-15T15:05:22","date_gmt":"2025-01-15T14:05:22","guid":{"rendered":"https:\/\/kuwehi.de\/?page_id=9857"},"modified":"2025-01-15T15:22:24","modified_gmt":"2025-01-15T14:22:24","slug":"sonntags-yoga","status":"publish","type":"page","link":"https:\/\/kuwehi.de\/?page_id=9857","title":{"rendered":"Sonntags-Yoga"},"content":{"rendered":"<h2><span data-contrast=\"auto\">Sonntags-Yoga mit Alexandra <img fetchpriority=\"high\" decoding=\"async\" class=\"size-medium wp-image-9851 alignright\" src=\"https:\/\/kuwehi.de\/wp-content\/uploads\/2025\/01\/YIN-YOGA-Alex-alleine-300x287.jpg\" alt=\"\" width=\"300\" height=\"287\" srcset=\"https:\/\/kuwehi.de\/wp-content\/uploads\/2025\/01\/YIN-YOGA-Alex-alleine-300x287.jpg 300w, https:\/\/kuwehi.de\/wp-content\/uploads\/2025\/01\/YIN-YOGA-Alex-alleine-150x144.jpg 150w, https:\/\/kuwehi.de\/wp-content\/uploads\/2025\/01\/YIN-YOGA-Alex-alleine.jpg 330w\" sizes=\"(max-width: 300px) 100vw, 300px\" \/><\/span><\/h2>\n<h5><span data-contrast=\"auto\">Wir starten in den Sonntag mit einem<\/span><span data-ccp-props=\"{&quot;335551550&quot;:2,&quot;335551620&quot;:2}\">\u00a0<\/span><span data-contrast=\"auto\">aktiven Vinyasa Flow<\/span><span data-ccp-props=\"{&quot;335551550&quot;:2,&quot;335551620&quot;:2}\">.<\/span><\/h5>\n<h5><span data-ccp-props=\"{&quot;335551550&quot;:2,&quot;335551620&quot;:2}\">\u00a0<\/span><\/h5>\n<h5><span data-contrast=\"auto\">Die Verbindung von Atem und Bewegung in einem Vinyasa-Flow bringt dich in dieser sch\u00f6nen Yogaeinheit zu deiner k\u00f6rperlichen Energie zur\u00fcck.<\/span><span data-ccp-props=\"{}\">\u00a0<\/span><\/h5>\n<p>&nbsp;<\/p>\n<p><img decoding=\"async\" class=\"alignleft wp-image-9855\" src=\"https:\/\/kuwehi.de\/wp-content\/uploads\/2025\/01\/YIN-YOGA-Buddakopf-823x1024.jpg\" alt=\"\" width=\"394\" height=\"490\" srcset=\"https:\/\/kuwehi.de\/wp-content\/uploads\/2025\/01\/YIN-YOGA-Buddakopf-823x1024.jpg 823w, https:\/\/kuwehi.de\/wp-content\/uploads\/2025\/01\/YIN-YOGA-Buddakopf-241x300.jpg 241w, https:\/\/kuwehi.de\/wp-content\/uploads\/2025\/01\/YIN-YOGA-Buddakopf-121x150.jpg 121w, https:\/\/kuwehi.de\/wp-content\/uploads\/2025\/01\/YIN-YOGA-Buddakopf-768x955.jpg 768w, https:\/\/kuwehi.de\/wp-content\/uploads\/2025\/01\/YIN-YOGA-Buddakopf.jpg 828w\" sizes=\"(max-width: 394px) 100vw, 394px\" \/><\/p>\n<h5><span data-contrast=\"auto\">Die Abfolge von verschiedenen aneinandergereihten Asanas stabilisiert dich in deinem K\u00f6rper, die Begleitung des Atems bringt Ruhe in deinen Geist.<\/span><span data-ccp-props=\"{}\">\u00a0<\/span><\/h5>\n<h5><span data-contrast=\"auto\">Eine gef\u00fchrte Meditation, Visualisierung oder Fantasiereise schlie\u00dft diese Einheit ab und du f\u00fchlst dich frisch, aktiv und entspannt danach.<\/span><span data-ccp-props=\"{}\">\u00a0<\/span><\/h5>\n<h5><span data-contrast=\"auto\">Unterst\u00fctzt wird diese Einheit durch ein \u00e4therisches \u00d6l.<\/span><span data-ccp-props=\"{}\">\u00a0<\/span><\/h5>\n<h5><span data-contrast=\"auto\">Ein wenig Yogaerfahrung w\u00e4re von Vorteil.<\/span><span data-ccp-props=\"{}\">\u00a0<\/span><\/h5>\n<h5><span data-contrast=\"auto\">Bring bitte eine eigene Matte, eine Decke f\u00fcr die Entspannungsphase mit und zieh dir bequeme sportliche Kleidung an.\u00a0<\/span><span data-ccp-props=\"{}\">\u00a0<\/span><\/h5>\n<h5><span data-contrast=\"auto\">Namaste! Namaste! Namaste!<\/span><span data-ccp-props=\"{}\">\u00a0<\/span><\/h5>\n<p>&nbsp;<\/p>\n<h5><span style=\"font-family: trebuchet ms, geneva;\">Termine:<\/span><\/h5>\n<h5><span style=\"font-family: trebuchet ms, geneva;\">26. Januar 2025 von 10:00 bis 11:30 Uhr \u00a0 \u00a0 \u00a0 \u00a0\u00a0 <span style=\"color: #666699;\"><a style=\"color: #666699;\" href=\"https:\/\/kuwehi.de\/?tribe_events=sonntags-yoga-im-januar-2025\">&gt; Zur Anmeldung &lt;<\/a><\/span><\/span><\/h5>\n<h5><span style=\"font-family: trebuchet ms, geneva;\">23. Februar 2025 von 10:00 bis 11:30 Uhr\u00a0\u00a0\u00a0\u00a0\u00a0\u00a0\u00a0 <span style=\"color: #666699;\"><a style=\"color: #666699;\" href=\"https:\/\/kuwehi.de\/?tribe_events=sonntags-yoga-im-februar-2025\">&gt; Zur Anmeldung &lt;<\/a><\/span><\/span><\/h5>\n<h5><span style=\"font-family: trebuchet ms, geneva;\">Kursgeb\u00fchr: 18 \u20ac<\/span><\/h5>\n","protected":false},"excerpt":{"rendered":"<p>Sonntags-Yoga mit Alexandra Wir starten in den Sonntag mit einem\u00a0aktiven Vinyasa Flow. \u00a0 Die Verbindung von Atem und Bewegung in&hellip;<\/p>\n","protected":false},"author":1,"featured_media":9854,"parent":0,"menu_order":0,"comment_status":"closed","ping_status":"closed","template":"","meta":{"_price":"","_stock":"","_tribe_ticket_header":"","_tribe_default_ticket_provider":"","_tribe_ticket_capacity":"0","_ticket_start_date":"","_ticket_end_date":"","_tribe_ticket_show_description":"","_tribe_ticket_show_not_going":false,"_tribe_ticket_use_global_stock":"","_tribe_ticket_global_stock_level":"","_global_stock_mode":"","_global_stock_cap":"","_tribe_rsvp_for_event":"","_tribe_ticket_going_count":"","_tribe_ticket_not_going_count":"","_tribe_tickets_list":"[]","_tribe_ticket_has_attendee_info_fields":false,"footnotes":"","_tec_slr_enabled":"","_tec_slr_layout":""},"class_list":["post-9857","page","type-page","status-publish","has-post-thumbnail","hentry"],"ticketed":false,"_links":{"self":[{"href":"https:\/\/kuwehi.de\/index.php?rest_route=\/wp\/v2\/pages\/9857","targetHints":{"allow":["GET"]}}],"collection":[{"href":"https:\/\/kuwehi.de\/index.php?rest_route=\/wp\/v2\/pages"}],"about":[{"href":"https:\/\/kuwehi.de\/index.php?rest_route=\/wp\/v2\/types\/page"}],"author":[{"embeddable":true,"href":"https:\/\/kuwehi.de\/index.php?rest_route=\/wp\/v2\/users\/1"}],"replies":[{"embeddable":true,"href":"https:\/\/kuwehi.de\/index.php?rest_route=%2Fwp%2Fv2%2Fcomments&post=9857"}],"version-history":[{"count":6,"href":"https:\/\/kuwehi.de\/index.php?rest_route=\/wp\/v2\/pages\/9857\/revisions"}],"predecessor-version":[{"id":9869,"href":"https:\/\/kuwehi.de\/index.php?rest_route=\/wp\/v2\/pages\/9857\/revisions\/9869"}],"wp:featuredmedia":[{"embeddable":true,"href":"https:\/\/kuwehi.de\/index.php?rest_route=\/wp\/v2\/media\/9854"}],"wp:attachment":[{"href":"https:\/\/kuwehi.de\/index.php?rest_route=%2Fwp%2Fv2%2Fmedia&parent=9857"}],"curies":[{"name":"wp","href":"https:\/\/api.w.org\/{rel}","templated":true}]}}

<h2><span data-contrast="auto">Sonntags-Yoga mit Alexandra <img fetchpriority="high" decoding="async" class="size-medium wp-image-9851 alignright" src="https://kuwehi.de/wp-content/uploads/2025/01/YIN-YOGA-Alex-alleine-300x287.jpg" alt="" width="300" height="287" srcset="https://kuwehi.de/wp-content/uploads/2025/01/YIN-YOGA-Alex-alleine-300x287.jpg 300w, https://kuwehi.de/wp-content/uploads/2025/01/YIN-YOGA-Alex-alleine-150x144.jpg 150w, https://kuwehi.de/wp-content/uploads/2025/01/YIN-YOGA-Alex-alleine.jpg 330w" sizes="(max-width: 300px) 100vw, 300px" /></span></h2>
<h5><span data-contrast="auto">Wir starten in den Sonntag mit einem</span><span data-ccp-props="{&quot;335551550&quot;:2,&quot;335551620&quot;:2}"> </span><span data-contrast="auto">aktiven Vinyasa Flow</span><span data-ccp-props="{&quot;335551550&quot;:2,&quot;335551620&quot;:2}">.</span></h5>
<h5><span data-ccp-props="{&quot;335551550&quot;:2,&quot;335551620&quot;:2}"> </span></h5>
<h5><span data-contrast="auto">Die Verbindung von Atem und Bewegung in einem Vinyasa-Flow bringt dich in dieser schönen Yogaeinheit zu deiner körperlichen Energie zurück.</span><span data-ccp-props="{}"> </span></h5>
<p>&nbsp;</p>
<p><img decoding="async" class="alignleft wp-image-9855" src="https://kuwehi.de/wp-content/uploads/2025/01/YIN-YOGA-Buddakopf-823x1024.jpg" alt="" width="394" height="490" srcset="https://kuwehi.de/wp-content/uploads/2025/01/YIN-YOGA-Buddakopf-823x1024.jpg 823w, https://kuwehi.de/wp-content/uploads/2025/01/YIN-YOGA-Buddakopf-241x300.jpg 241w, https://kuwehi.de/wp-content/uploads/2025/01/YIN-YOGA-Buddakopf-121x150.jpg 121w, https://kuwehi.de/wp-content/uploads/2025/01/YIN-YOGA-Buddakopf-768x955.jpg 768w, https://kuwehi.de/wp-content/uploads/2025/01/YIN-YOGA-Buddakopf.jpg 828w" sizes="(max-width: 394px) 100vw, 394px" /></p>
<h5><span data-contrast="auto">Die Abfolge von verschiedenen aneinandergereihten Asanas stabilisiert dich in deinem Körper, die Begleitung des Atems bringt Ruhe in deinen Geist.</span><span data-ccp-props="{}"> </span></h5>
<h5><span data-contrast="auto">Eine geführte Meditation, Visualisierung oder Fantasiereise schließt diese Einheit ab und du fühlst dich frisch, aktiv und entspannt danach.</span><span data-ccp-props="{}"> </span></h5>
<h5><span data-contrast="auto">Unterstützt wird diese Einheit durch ein ätherisches Öl.</span><span data-ccp-props="{}"> </span></h5>
<h5><span data-contrast="auto">Ein wenig Yogaerfahrung wäre von Vorteil.</span><span data-ccp-props="{}"> </span></h5>
<h5><span data-contrast="auto">Bring bitte eine eigene Matte, eine Decke für die Entspannungsphase mit und zieh dir bequeme sportliche Kleidung an. </span><span data-ccp-props="{}"> </span></h5>
<h5><span data-contrast="auto">Namaste! Namaste! Namaste!</span><span data-ccp-props="{}"> </span></h5>
<p>&nbsp;</p>
<h5><span style="font-family: trebuchet ms, geneva;">Termine:</span></h5>
<h5><span style="font-family: trebuchet ms, geneva;">26. Januar 2025 von 10:00 bis 11:30 Uhr          <span style="color: #666699;"><a style="color: #666699;" href="https://kuwehi.de/?tribe_events=sonntags-yoga-im-januar-2025">&gt; Zur Anmeldung &lt;</a></span></span></h5>
<h5><span style="font-family: trebuchet ms, geneva;">23. Februar 2025 von 10:00 bis 11:30 Uhr        <span style="color: #666699;"><a style="color: #666699;" href="https://kuwehi.de/?tribe_events=sonntags-yoga-im-februar-2025">&gt; Zur Anmeldung &lt;</a></span></span></h5>
<h5><span style="font-family: trebuchet ms, geneva;">Kursgebühr: 18 €</span></h5>
