{"id":896,"date":"2020-04-26T11:10:04","date_gmt":"2020-04-26T11:10:04","guid":{"rendered":"http:\/\/test.kuwehi.de\/?page_id=896"},"modified":"2026-01-27T18:54:55","modified_gmt":"2026-01-27T17:54:55","slug":"unser-verein-heute","status":"publish","type":"page","link":"https:\/\/kuwehi.de\/?page_id=896","title":{"rendered":"&#8230;unser Verein heute"},"content":{"rendered":"<h1 style=\"text-align: center;\"><span style=\"font-family: comic sans ms, sans-serif;\">Unser Verein &#8222;Kulturwerkstatt Hiddenhausen e.V.&#8220;<\/span><\/h1>\n<h5><span style=\"font-family: comic sans ms, sans-serif;\">Der Verein Kulturwerkstatt Hiddenhausen besteht seit 1999. (Mehr zur Geschichte des Vereins und des Geb\u00e4udes erfahren Sie unter: <span style=\"color: #666699;\"><a style=\"color: #666699;\" href=\"https:\/\/kuwehi.de\/?page_id=889\">Wie alles begann&#8230;<\/a><\/span>) <\/span><\/h5>\n<h5><span style=\"font-family: comic sans ms, sans-serif;\"><b>Ziel des Vereins ist der Betrieb einer Werkstatt, in der alte Handwerkstraditionen aufgegriffen und mit p\u00e4dagogischen \u00dcberlegungen verkn\u00fcpft werden, um den Bed\u00fcrfnissen von Kindern, Jugendlichen aber auch Erwachsenen zu entsprechen.<\/b><\/span><\/h5>\n<h5><span style=\"font-family: comic sans ms, sans-serif;\">Mit sich wandelnden Vorst\u00e4nden und &#8211; je nach Zeitkapazit\u00e4ten &#8211; weiteren unterschiedlichen, sehr vielf\u00e4ltigen Personen kann der Verein gem\u00e4\u00df der Satzung Veranstaltungen im kreativen wie auch kulturellen Bereich f\u00fcr Kinder, Jugendliche und Erwachsene anbieten. Wir freuen uns \u00fcber jeden neuen interessierten Menschen, der unsere Arbeit unterst\u00fctzen m\u00f6chte &#8211; ob als zahlendes Mitglied oder aktiv als KursleiterIn\/ OrganisatorIn\/ KuchenspenderIn\/ oder auf andere Art. Melden Sie sich gern bei uns und wir finden bestimmt den Platz im Verein, der durch Sie perfekt ausgef\u00fcllt werden kann.<\/span><\/h5>\n<p>&nbsp;<\/p>\n<h5><span style=\"font-family: comic sans ms, sans-serif;\"><span style=\"color: #666699;\"><a style=\"color: #666699;\" href=\"https:\/\/kuwehi.de\/?page_id=9183\">\u00a0 \u00a0 \u00a0 \u00a0 \u00a0* Unser aktives Leitungsteam<\/a><\/span>\u00a0 \u00a0 \u00a0 \u00a0 \u00a0 \u00a0 \u00a0 \u00a0 \u00a0 \u00a0 \u00a0 \u00a0 \u00a0<\/span><span style=\"color: #666699;\"><a style=\"color: #666699;\" href=\"https:\/\/kuwehi.de\/wp-content\/uploads\/2024\/08\/Mitgliedsantrag-Kulturwerkstatt-Hiddenhausen-e.V.pdf\"><span style=\"font-family: comic sans ms, sans-serif;\">* Mitglied werden<\/span><\/a><\/span><\/h5>\n<h5><\/h5>\n<h5>Inzwischen musste der Verein Ende 2025 die sch\u00f6nen R\u00e4ume in der Maschstra\u00dfe verlassen. Gro\u00dfes liegt vor uns: Rund 25 Jahre lang waren wir in dem sch\u00f6nen Gen\u00e4ude zuhause. Nun steht wieder ein Umbau einer ehemals landwirtschaftlich genutzten Scheune an einem neuen Standort an.<\/h5>\n<h5>Falls Sie einen kurzen Eindruck von der alten Kulturwerkstatt und unserer immernoch bestehenden Arbeitsweise bekommen wollen, k\u00f6nnen Sie sich gern den &#8211; spontan in einem Workshop entstandenen, von Teenagern gedrehten &#8211; Film anschauen. Haben Sie Interesse an der Zukunft unseres Vereins, schauen Sie sich gern den sp\u00e4ter speziell zu unserem &#8222;Dritte-Orte-Projekt&#8220; gedrehten Film an.<\/h5>\n<h5 style=\"text-align: center;\">Viel Spa\u00df!<\/h5>\n<p>&nbsp;<\/p>\n<p><iframe title=\"KulturWerkstatt Hiddenhausen\" width=\"688\" height=\"387\" src=\"https:\/\/www.youtube.com\/embed\/LAUE-VqTwck?feature=oembed\" frameborder=\"0\" allow=\"accelerometer; autoplay; clipboard-write; encrypted-media; gyroscope; picture-in-picture; web-share\" referrerpolicy=\"strict-origin-when-cross-origin\" allowfullscreen><\/iframe><\/p>\n<h5>Raum, Zeit und Inspiration<\/h5>\n<h5>Dieser Film \u00fcber die KulturWerkstatt Hiddenhausen ist im Rahmen eines Video-Workshops in der KulturWerkstatt entstanden.<\/h5>\n<h5>Alle Aufnahmen stammen von den beteiligten Jugendlichen.<\/h5>\n<h5>Workshopleitung und Postproduktion: <span class=\"il\">Ivo<\/span> T\u00f6dtmann<\/h5>\n<hr \/>\n<p>&nbsp;<\/p>\n<p>&nbsp;<\/p>\n<h4><img decoding=\"async\" class=\"alignleft size-medium wp-image-7658\" src=\"https:\/\/kuwehi.de\/wp-content\/uploads\/2023\/09\/Susanne-Foto-156x300.png\" alt=\"\" width=\"156\" height=\"300\" srcset=\"https:\/\/kuwehi.de\/wp-content\/uploads\/2023\/09\/Susanne-Foto-156x300.png 156w, https:\/\/kuwehi.de\/wp-content\/uploads\/2023\/09\/Susanne-Foto-78x150.png 78w, https:\/\/kuwehi.de\/wp-content\/uploads\/2023\/09\/Susanne-Foto.png 321w\" sizes=\"(max-width: 156px) 100vw, 156px\" \/><\/h4>\n<h4><img fetchpriority=\"high\" decoding=\"async\" class=\"alignleft size-medium wp-image-7661\" src=\"https:\/\/kuwehi.de\/wp-content\/uploads\/2023\/09\/Susannes-Kunst-287x300.png\" alt=\"\" width=\"287\" height=\"300\" srcset=\"https:\/\/kuwehi.de\/wp-content\/uploads\/2023\/09\/Susannes-Kunst-287x300.png 287w, https:\/\/kuwehi.de\/wp-content\/uploads\/2023\/09\/Susannes-Kunst-143x150.png 143w, https:\/\/kuwehi.de\/wp-content\/uploads\/2023\/09\/Susannes-Kunst.png 450w\" sizes=\"(max-width: 287px) 100vw, 287px\" \/><\/h4>\n<p>Susanne K\u00f6nig<\/p>\n<h5>Am Morgen des 16. August 2023 ist Susanne K\u00f6nig, federf\u00fchrende Mit-Gr\u00fcnderin und langj\u00e4hrige Vorsitzende unseres Vereins verstorben.<\/h5>\n<hr \/>\n","protected":false},"excerpt":{"rendered":"<p>Unser Verein &#8222;Kulturwerkstatt Hiddenhausen e.V.&#8220; Der Verein Kulturwerkstatt Hiddenhausen besteht seit 1999. (Mehr zur Geschichte des Vereins und des Geb\u00e4udes&hellip;<\/p>\n","protected":false},"author":1,"featured_media":1700,"parent":0,"menu_order":0,"comment_status":"closed","ping_status":"closed","template":"","meta":{"_price":"","_stock":"","_tribe_ticket_header":"","_tribe_default_ticket_provider":"","_tribe_ticket_capacity":"0","_ticket_start_date":"","_ticket_end_date":"","_tribe_ticket_show_description":"","_tribe_ticket_show_not_going":false,"_tribe_ticket_use_global_stock":"","_tribe_ticket_global_stock_level":"","_global_stock_mode":"","_global_stock_cap":"","_tribe_rsvp_for_event":"","_tribe_ticket_going_count":"","_tribe_ticket_not_going_count":"","_tribe_tickets_list":"[]","_tribe_ticket_has_attendee_info_fields":false,"footnotes":"","_tec_slr_enabled":"","_tec_slr_layout":""},"class_list":["post-896","page","type-page","status-publish","has-post-thumbnail","hentry"],"ticketed":false,"_links":{"self":[{"href":"https:\/\/kuwehi.de\/index.php?rest_route=\/wp\/v2\/pages\/896","targetHints":{"allow":["GET"]}}],"collection":[{"href":"https:\/\/kuwehi.de\/index.php?rest_route=\/wp\/v2\/pages"}],"about":[{"href":"https:\/\/kuwehi.de\/index.php?rest_route=\/wp\/v2\/types\/page"}],"author":[{"embeddable":true,"href":"https:\/\/kuwehi.de\/index.php?rest_route=\/wp\/v2\/users\/1"}],"replies":[{"embeddable":true,"href":"https:\/\/kuwehi.de\/index.php?rest_route=%2Fwp%2Fv2%2Fcomments&post=896"}],"version-history":[{"count":13,"href":"https:\/\/kuwehi.de\/index.php?rest_route=\/wp\/v2\/pages\/896\/revisions"}],"predecessor-version":[{"id":11223,"href":"https:\/\/kuwehi.de\/index.php?rest_route=\/wp\/v2\/pages\/896\/revisions\/11223"}],"wp:featuredmedia":[{"embeddable":true,"href":"https:\/\/kuwehi.de\/index.php?rest_route=\/wp\/v2\/media\/1700"}],"wp:attachment":[{"href":"https:\/\/kuwehi.de\/index.php?rest_route=%2Fwp%2Fv2%2Fmedia&parent=896"}],"curies":[{"name":"wp","href":"https:\/\/api.w.org\/{rel}","templated":true}]}}

<h1 style="text-align: center;"><span style="font-family: comic sans ms, sans-serif;">Unser Verein &#8222;Kulturwerkstatt Hiddenhausen e.V.&#8220;</span></h1>
<h5><span style="font-family: comic sans ms, sans-serif;">Der Verein Kulturwerkstatt Hiddenhausen besteht seit 1999. (Mehr zur Geschichte des Vereins und des Gebäudes erfahren Sie unter: <span style="color: #666699;"><a style="color: #666699;" href="https://kuwehi.de/?page_id=889">Wie alles begann&#8230;</a></span>) </span></h5>
<h5><span style="font-family: comic sans ms, sans-serif;"><b>Ziel des Vereins ist der Betrieb einer Werkstatt, in der alte Handwerkstraditionen aufgegriffen und mit pädagogischen Überlegungen verknüpft werden, um den Bedürfnissen von Kindern, Jugendlichen aber auch Erwachsenen zu entsprechen.</b></span></h5>
<h5><span style="font-family: comic sans ms, sans-serif;">Mit sich wandelnden Vorständen und &#8211; je nach Zeitkapazitäten &#8211; weiteren unterschiedlichen, sehr vielfältigen Personen kann der Verein gemäß der Satzung Veranstaltungen im kreativen wie auch kulturellen Bereich für Kinder, Jugendliche und Erwachsene anbieten. Wir freuen uns über jeden neuen interessierten Menschen, der unsere Arbeit unterstützen möchte &#8211; ob als zahlendes Mitglied oder aktiv als KursleiterIn/ OrganisatorIn/ KuchenspenderIn/ oder auf andere Art. Melden Sie sich gern bei uns und wir finden bestimmt den Platz im Verein, der durch Sie perfekt ausgefüllt werden kann.</span></h5>
<p>&nbsp;</p>
<h5><span style="font-family: comic sans ms, sans-serif;"><span style="color: #666699;"><a style="color: #666699;" href="https://kuwehi.de/?page_id=9183">         * Unser aktives Leitungsteam</a></span>                         </span><span style="color: #666699;"><a style="color: #666699;" href="https://kuwehi.de/wp-content/uploads/2024/08/Mitgliedsantrag-Kulturwerkstatt-Hiddenhausen-e.V.pdf"><span style="font-family: comic sans ms, sans-serif;">* Mitglied werden</span></a></span></h5>
<h5></h5>
<h5>Inzwischen musste der Verein Ende 2025 die schönen Räume in der Maschstraße verlassen. Großes liegt vor uns: Rund 25 Jahre lang waren wir in dem schönen Genäude zuhause. Nun steht wieder ein Umbau einer ehemals landwirtschaftlich genutzten Scheune an einem neuen Standort an.</h5>
<h5>Falls Sie einen kurzen Eindruck von der alten Kulturwerkstatt und unserer immernoch bestehenden Arbeitsweise bekommen wollen, können Sie sich gern den &#8211; spontan in einem Workshop entstandenen, von Teenagern gedrehten &#8211; Film anschauen. Haben Sie Interesse an der Zukunft unseres Vereins, schauen Sie sich gern den später speziell zu unserem &#8222;Dritte-Orte-Projekt&#8220; gedrehten Film an.</h5>
<h5 style="text-align: center;">Viel Spaß!</h5>
<p>&nbsp;</p>
<p><iframe title="KulturWerkstatt Hiddenhausen" width="688" height="387" src="https://www.youtube.com/embed/LAUE-VqTwck?feature=oembed" frameborder="0" allow="accelerometer; autoplay; clipboard-write; encrypted-media; gyroscope; picture-in-picture; web-share" referrerpolicy="strict-origin-when-cross-origin" allowfullscreen></iframe></p>
<h5>Raum, Zeit und Inspiration</h5>
<h5>Dieser Film über die KulturWerkstatt Hiddenhausen ist im Rahmen eines Video-Workshops in der KulturWerkstatt entstanden.</h5>
<h5>Alle Aufnahmen stammen von den beteiligten Jugendlichen.</h5>
<h5>Workshopleitung und Postproduktion: <span class="il">Ivo</span> Tödtmann</h5>
<hr />
<p>&nbsp;</p>
<p>&nbsp;</p>
<h4><img decoding="async" class="alignleft size-medium wp-image-7658" src="https://kuwehi.de/wp-content/uploads/2023/09/Susanne-Foto-156x300.png" alt="" width="156" height="300" srcset="https://kuwehi.de/wp-content/uploads/2023/09/Susanne-Foto-156x300.png 156w, https://kuwehi.de/wp-content/uploads/2023/09/Susanne-Foto-78x150.png 78w, https://kuwehi.de/wp-content/uploads/2023/09/Susanne-Foto.png 321w" sizes="(max-width: 156px) 100vw, 156px" /></h4>
<h4><img fetchpriority="high" decoding="async" class="alignleft size-medium wp-image-7661" src="https://kuwehi.de/wp-content/uploads/2023/09/Susannes-Kunst-287x300.png" alt="" width="287" height="300" srcset="https://kuwehi.de/wp-content/uploads/2023/09/Susannes-Kunst-287x300.png 287w, https://kuwehi.de/wp-content/uploads/2023/09/Susannes-Kunst-143x150.png 143w, https://kuwehi.de/wp-content/uploads/2023/09/Susannes-Kunst.png 450w" sizes="(max-width: 287px) 100vw, 287px" /></h4>
<p>Susanne König</p>
<h5>Am Morgen des 16. August 2023 ist Susanne König, federführende Mit-Gründerin und langjährige Vorsitzende unseres Vereins verstorben.</h5>
<hr />

<p>Unser Verein &#8222;Kulturwerkstatt Hiddenhausen e.V.&#8220; Der Verein Kulturwerkstatt Hiddenhausen besteht seit 1999. (Mehr zur Geschichte des Vereins und des Gebäudes&hellip;</p>
