{"id":889,"date":"2020-04-26T11:05:40","date_gmt":"2020-04-26T11:05:40","guid":{"rendered":"http:\/\/test.kuwehi.de\/?page_id=889"},"modified":"2024-08-07T14:49:02","modified_gmt":"2024-08-07T12:49:02","slug":"wie-allles-begann","status":"publish","type":"page","link":"https:\/\/kuwehi.de\/?page_id=889","title":{"rendered":"Wie alles begann&#8230;.."},"content":{"rendered":"<div class=\"sqracc sqraccopen\">\n<div class=\"sqracccontainer\">\n<div>\n<div class=\"sqrpara\">\n<h2 style=\"text-align: center;\"><strong>Die Idee:<\/strong><\/h2>\n<h5 style=\"text-align: center;\">Nat\u00fcrliche Werkstoffe und urspr\u00fcngliche Arbeitsmethoden mit diesen Materialien stehen Kindern und Jugendlichen heutzutage kaum noch zur Verf\u00fcgung. Jedoch ist gerade die F\u00f6rderung der krativ-handwerklichen F\u00e4higkeiten f\u00fcr eine gesunde kindliche Entwicklung von gro\u00dfer Bedeutung. So entstand der Gedanke, in Hiddenhausen einen Raum f\u00fcr ein handwerks-p\u00e4dagogisches Zentrum zu schaffen.<\/h5>\n<\/div>\n<\/div>\n<\/div>\n<\/div>\n<div class=\"sqracccontainer\" style=\"text-align: center;\">\n<div>\n<div class=\"sqrpara\">\n<h2 class=\"sqrfigr\"><strong>Die Scheune vor dem Umbau:<\/strong><b><br \/>\n<\/b><\/h2>\n<p>&nbsp;<\/p>\n<figure id=\"attachment_9262\" aria-describedby=\"caption-attachment-9262\" style=\"width: 688px\" class=\"wp-caption aligncenter\"><img fetchpriority=\"high\" decoding=\"async\" class=\"wp-image-9262 size-large\" src=\"https:\/\/kuwehi.de\/wp-content\/uploads\/2024\/08\/1999.12.09-Rueckseite-der-alten-Scheune-vor-dem-Umbau-Zeitungsfoto-1024x684.png\" alt=\"\" width=\"688\" height=\"460\" srcset=\"https:\/\/kuwehi.de\/wp-content\/uploads\/2024\/08\/1999.12.09-Rueckseite-der-alten-Scheune-vor-dem-Umbau-Zeitungsfoto-1024x684.png 1024w, https:\/\/kuwehi.de\/wp-content\/uploads\/2024\/08\/1999.12.09-Rueckseite-der-alten-Scheune-vor-dem-Umbau-Zeitungsfoto-300x200.png 300w, https:\/\/kuwehi.de\/wp-content\/uploads\/2024\/08\/1999.12.09-Rueckseite-der-alten-Scheune-vor-dem-Umbau-Zeitungsfoto-150x100.png 150w, https:\/\/kuwehi.de\/wp-content\/uploads\/2024\/08\/1999.12.09-Rueckseite-der-alten-Scheune-vor-dem-Umbau-Zeitungsfoto-768x513.png 768w, https:\/\/kuwehi.de\/wp-content\/uploads\/2024\/08\/1999.12.09-Rueckseite-der-alten-Scheune-vor-dem-Umbau-Zeitungsfoto.png 1068w\" sizes=\"(max-width: 688px) 100vw, 688px\" \/><figcaption id=\"caption-attachment-9262\" class=\"wp-caption-text\">Das marode Geb\u00e4ude, 1999.12.09 R\u00fcckseite der alten Scheune vor dem Umbau<\/figcaption><\/figure>\n<h5 style=\"text-align: center;\"><b>Noch war es kaum vorstellbar, da\u00df aus dieser Ruine irgendwann einmal R\u00e4ume entstehen w\u00fcrden, in denen die KulturWerkstatt ihren Betrieb aufnehmen kann. <\/b><\/h5>\n<\/div>\n<h2><strong>Die Kornscheune:<\/strong><\/h2>\n<\/div>\n<figure id=\"attachment_9263\" aria-describedby=\"caption-attachment-9263\" style=\"width: 310px\" class=\"wp-caption aligncenter\"><img decoding=\"async\" class=\"wp-image-9263\" src=\"https:\/\/kuwehi.de\/wp-content\/uploads\/2024\/08\/1999-2002.01.13-Zahn-der-Zeit-nagt-an-Scheune.png\" alt=\"\" width=\"310\" height=\"460\" srcset=\"https:\/\/kuwehi.de\/wp-content\/uploads\/2024\/08\/1999-2002.01.13-Zahn-der-Zeit-nagt-an-Scheune.png 290w, https:\/\/kuwehi.de\/wp-content\/uploads\/2024\/08\/1999-2002.01.13-Zahn-der-Zeit-nagt-an-Scheune-202x300.png 202w, https:\/\/kuwehi.de\/wp-content\/uploads\/2024\/08\/1999-2002.01.13-Zahn-der-Zeit-nagt-an-Scheune-101x150.png 101w\" sizes=\"(max-width: 310px) 100vw, 310px\" \/><figcaption id=\"caption-attachment-9263\" class=\"wp-caption-text\">Der Zahn der Zeit nagte \u00fcberall.<\/figcaption><\/figure>\n<\/div>\n<div class=\"sqracccontainer\" style=\"text-align: center;\">\n<div>\n<div class=\"sqrpara\">\n<figure class=\"sqrfigr\"><\/figure>\n<h5><b>Das Geb\u00e4ude geh\u00f6rt zum Ensemble der barocken Gutsanlage Hiddenhausen im Besitz der Familie von Consbruch. Die alte Kornscheuer aus dem Jahr 1764 verfiel mehr und mehr. Irgendwann kamen der Besitzer, die <\/b><span style=\"color: #666699;\"><a class=\"link\" style=\"color: #666699;\" title=\"\" href=\"http:\/\/www.hiddenhausen.de\/index2.htm\" target=\"_blank\" rel=\"noopener noreferrer\">Gemeinde Hiddenhausen<\/a><\/span><b> als Mittler und interessierte P\u00e4dagogen und Therapeuten zusammen, um \u00fcber die Instandsetzung und Nutzung dieser Scheune zu sprechen- nach dem Motto: &#8222;Der eine hat das Pferd, der andere kann reiten&#8220;!<\/b><\/h5>\n<\/div>\n<\/div>\n<\/div>\n<div class=\"sqracchead\" style=\"text-align: center;\">\n<h2><strong>Die Gr\u00fcndung des Vereins:<\/strong><\/h2>\n<\/div>\n<div class=\"sqracccontainer\" style=\"text-align: center;\">\n<div>\n<div class=\"sqrpara\">\n<h5><b>Idee und Ort schienen wie f\u00fcr einander geschaffen. Mitte 1999 wurder der Verein KulturWerkstatt e.V. von Christine Bethge, Stephanie Ende, Susanne K\u00f6nig, Ingrid Otterpohl und Christiane Ruske gegr\u00fcndet. Ziel des Vereins ist der Betrieb einer Werkstatt, in der alte Handwerkstraditionen aufgegriffen und mit p\u00e4dagogischen \u00dcberlegungen verkn\u00fcpft werden, um den Bed\u00fcrfnissen von Kindern, Jugendlichen aber auch Erwachsenen zu entsprechen. R\u00e4umen, in denen Ideen unter k\u00fcnstlerischen und handwerklichen Gesichtspunkten verwirklicht werden k\u00f6nnen. Freir\u00e4ume f\u00fcr Kreativit\u00e4t und Phantasie . . . Aktionsr\u00e4ume . . . lebendige R\u00e4ume . . . Lebensr\u00e4ume . . . <\/b><\/h5>\n<\/div>\n<\/div>\n<\/div>\n<h2 class=\"sqracchead\" style=\"text-align: center;\"><strong>Jetzt wird in die H\u00e4nde gespuckt:<\/strong><\/h2>\n<figure id=\"attachment_9264\" aria-describedby=\"caption-attachment-9264\" style=\"width: 596px\" class=\"wp-caption aligncenter\"><img decoding=\"async\" class=\"wp-image-9264\" src=\"https:\/\/kuwehi.de\/wp-content\/uploads\/2024\/08\/2000.06.17-Morsche-Balken-Schuttberge-jede-Menge-Arbeit.png\" alt=\"\" width=\"596\" height=\"460\" srcset=\"https:\/\/kuwehi.de\/wp-content\/uploads\/2024\/08\/2000.06.17-Morsche-Balken-Schuttberge-jede-Menge-Arbeit.png 920w, https:\/\/kuwehi.de\/wp-content\/uploads\/2024\/08\/2000.06.17-Morsche-Balken-Schuttberge-jede-Menge-Arbeit-300x232.png 300w, https:\/\/kuwehi.de\/wp-content\/uploads\/2024\/08\/2000.06.17-Morsche-Balken-Schuttberge-jede-Menge-Arbeit-150x116.png 150w, https:\/\/kuwehi.de\/wp-content\/uploads\/2024\/08\/2000.06.17-Morsche-Balken-Schuttberge-jede-Menge-Arbeit-768x593.png 768w\" sizes=\"(max-width: 596px) 100vw, 596px\" \/><figcaption id=\"caption-attachment-9264\" class=\"wp-caption-text\">2000.06.17 , Morsche Balken, Schuttberge &#8211; jede Menge Arbeit<\/figcaption><\/figure>\n<div class=\"sqracccontainer\">\n<div>\n<div class=\"sqrpara\">\n<figure class=\"sqrfigr\">\n<h5 style=\"text-align: center;\"><b>Im Juni 2000 begann die Renovierung der Kornscheune mit Unterst\u00fctzung der <\/b><span style=\"color: #666699;\"><a class=\"link\" style=\"color: #666699;\" title=\"\" href=\"http:\/\/www.hiddenhausen.de\/index2.htm\" target=\"_blank\" rel=\"noopener noreferrer\">Gemeinde Hiddenhausen<\/a><\/span><b>. Finanziert wurde das Projekt aus Mitteln der St\u00e4dtebauf\u00f6rderung des Landes NRW, mit Hilfe das Arbeitsamtes Herford und Vereinsgeldern. Die Bauleitung \u00fcbernahm die &#8222;Heimst\u00e4tte D\u00fcnne&#8220;. Hubert Heinrichs leitete die Bauma\u00dfnahme und renovierte mit 6 ABM-Kr\u00e4ften unter Aufsicht des Denkmalamtes und in Zusammenarbeit mit dem Architekten Klaus Beck 19 Monate lang die Scheune. <\/b><\/h5>\n<\/figure>\n<\/div>\n<\/div>\n<\/div>\n<h2 class=\"sqracchead\" style=\"text-align: center;\"><strong>Umbau und Er\u00f6ffnung:<\/strong><\/h2>\n<figure id=\"attachment_9265\" aria-describedby=\"caption-attachment-9265\" style=\"width: 688px\" class=\"wp-caption aligncenter\"><img loading=\"lazy\" decoding=\"async\" class=\"wp-image-9265\" src=\"https:\/\/kuwehi.de\/wp-content\/uploads\/2024\/08\/1999.12.09-Alte-Scheune-in-der-Umbauphase-300x213.png\" alt=\"\" width=\"688\" height=\"489\" srcset=\"https:\/\/kuwehi.de\/wp-content\/uploads\/2024\/08\/1999.12.09-Alte-Scheune-in-der-Umbauphase-300x213.png 300w, https:\/\/kuwehi.de\/wp-content\/uploads\/2024\/08\/1999.12.09-Alte-Scheune-in-der-Umbauphase-150x107.png 150w, https:\/\/kuwehi.de\/wp-content\/uploads\/2024\/08\/1999.12.09-Alte-Scheune-in-der-Umbauphase.png 535w\" sizes=\"(max-width: 688px) 100vw, 688px\" \/><figcaption id=\"caption-attachment-9265\" class=\"wp-caption-text\">1999.12.09, Alte Scheune in der Umbauphase<\/figcaption><\/figure>\n<div class=\"sqracccontainer\">\n<div>\n<div class=\"sqrpara\">\n<h5 style=\"text-align: center;\"><b>Am 13. Januar 2002 konnte die KulturWerkstatt endlich er\u00f6ffnet werden. Mit einer gro\u00dfen Feier und vielen interessierten Besuchern wurden die R\u00e4ume f\u00fcr den Werkstattbetrieb eingeweiht. Es gibt Werkst\u00e4tten f\u00fcr Holz- Ton &#8211; Textil &#8211; Papier und Steinbearbeitung. Auch f\u00fcr Begegnung und Bewegung, Entspannung, Musik und andere kulturelle Angebote ist Raum da. <\/b><\/h5>\n<p>&nbsp;<\/p>\n<\/div>\n<p><img loading=\"lazy\" decoding=\"async\" class=\"aligncenter wp-image-1699 size-primer-featured\" src=\"https:\/\/kuwehi.de\/wp-content\/uploads\/2020\/05\/Haus-quer-1600x1067.jpg\" alt=\"\" width=\"688\" height=\"459\" srcset=\"https:\/\/kuwehi.de\/wp-content\/uploads\/2020\/05\/Haus-quer-1600x1067.jpg 1600w, https:\/\/kuwehi.de\/wp-content\/uploads\/2020\/05\/Haus-quer-300x200.jpg 300w, https:\/\/kuwehi.de\/wp-content\/uploads\/2020\/05\/Haus-quer-1024x683.jpg 1024w, https:\/\/kuwehi.de\/wp-content\/uploads\/2020\/05\/Haus-quer-768x512.jpg 768w, https:\/\/kuwehi.de\/wp-content\/uploads\/2020\/05\/Haus-quer-1536x1024.jpg 1536w, https:\/\/kuwehi.de\/wp-content\/uploads\/2020\/05\/Haus-quer-2048x1365.jpg 2048w\" sizes=\"(max-width: 688px) 100vw, 688px\" \/><\/p>\n<\/div>\n<\/div>\n","protected":false},"excerpt":{"rendered":"<p>Die Idee: Nat\u00fcrliche Werkstoffe und urspr\u00fcngliche Arbeitsmethoden mit diesen Materialien stehen Kindern und Jugendlichen heutzutage kaum noch zur Verf\u00fcgung. Jedoch&hellip;<\/p>\n","protected":false},"author":1,"featured_media":9271,"parent":0,"menu_order":0,"comment_status":"closed","ping_status":"closed","template":"","meta":{"_price":"","_stock":"","_tribe_ticket_header":"","_tribe_default_ticket_provider":"","_tribe_ticket_capacity":"0","_ticket_start_date":"","_ticket_end_date":"","_tribe_ticket_show_description":"","_tribe_ticket_show_not_going":false,"_tribe_ticket_use_global_stock":"","_tribe_ticket_global_stock_level":"","_global_stock_mode":"","_global_stock_cap":"","_tribe_rsvp_for_event":"","_tribe_ticket_going_count":"","_tribe_ticket_not_going_count":"","_tribe_tickets_list":"[]","_tribe_ticket_has_attendee_info_fields":false,"footnotes":"","_tec_slr_enabled":"","_tec_slr_layout":""},"class_list":["post-889","page","type-page","status-publish","has-post-thumbnail","hentry"],"ticketed":false,"_links":{"self":[{"href":"https:\/\/kuwehi.de\/index.php?rest_route=\/wp\/v2\/pages\/889","targetHints":{"allow":["GET"]}}],"collection":[{"href":"https:\/\/kuwehi.de\/index.php?rest_route=\/wp\/v2\/pages"}],"about":[{"href":"https:\/\/kuwehi.de\/index.php?rest_route=\/wp\/v2\/types\/page"}],"author":[{"embeddable":true,"href":"https:\/\/kuwehi.de\/index.php?rest_route=\/wp\/v2\/users\/1"}],"replies":[{"embeddable":true,"href":"https:\/\/kuwehi.de\/index.php?rest_route=%2Fwp%2Fv2%2Fcomments&post=889"}],"version-history":[{"count":9,"href":"https:\/\/kuwehi.de\/index.php?rest_route=\/wp\/v2\/pages\/889\/revisions"}],"predecessor-version":[{"id":9273,"href":"https:\/\/kuwehi.de\/index.php?rest_route=\/wp\/v2\/pages\/889\/revisions\/9273"}],"wp:featuredmedia":[{"embeddable":true,"href":"https:\/\/kuwehi.de\/index.php?rest_route=\/wp\/v2\/media\/9271"}],"wp:attachment":[{"href":"https:\/\/kuwehi.de\/index.php?rest_route=%2Fwp%2Fv2%2Fmedia&parent=889"}],"curies":[{"name":"wp","href":"https:\/\/api.w.org\/{rel}","templated":true}]}}

<div class="sqracc sqraccopen">
<div class="sqracccontainer">
<div>
<div class="sqrpara">
<h2 style="text-align: center;"><strong>Die Idee:</strong></h2>
<h5 style="text-align: center;">Natürliche Werkstoffe und ursprüngliche Arbeitsmethoden mit diesen Materialien stehen Kindern und Jugendlichen heutzutage kaum noch zur Verfügung. Jedoch ist gerade die Förderung der krativ-handwerklichen Fähigkeiten für eine gesunde kindliche Entwicklung von großer Bedeutung. So entstand der Gedanke, in Hiddenhausen einen Raum für ein handwerks-pädagogisches Zentrum zu schaffen.</h5>
</div>
</div>
</div>
</div>
<div class="sqracccontainer" style="text-align: center;">
<div>
<div class="sqrpara">
<h2 class="sqrfigr"><strong>Die Scheune vor dem Umbau:</strong><b><br />
</b></h2>
<p>&nbsp;</p>
<figure id="attachment_9262" aria-describedby="caption-attachment-9262" style="width: 688px" class="wp-caption aligncenter"><img fetchpriority="high" decoding="async" class="wp-image-9262 size-large" src="https://kuwehi.de/wp-content/uploads/2024/08/1999.12.09-Rueckseite-der-alten-Scheune-vor-dem-Umbau-Zeitungsfoto-1024x684.png" alt="" width="688" height="460" srcset="https://kuwehi.de/wp-content/uploads/2024/08/1999.12.09-Rueckseite-der-alten-Scheune-vor-dem-Umbau-Zeitungsfoto-1024x684.png 1024w, https://kuwehi.de/wp-content/uploads/2024/08/1999.12.09-Rueckseite-der-alten-Scheune-vor-dem-Umbau-Zeitungsfoto-300x200.png 300w, https://kuwehi.de/wp-content/uploads/2024/08/1999.12.09-Rueckseite-der-alten-Scheune-vor-dem-Umbau-Zeitungsfoto-150x100.png 150w, https://kuwehi.de/wp-content/uploads/2024/08/1999.12.09-Rueckseite-der-alten-Scheune-vor-dem-Umbau-Zeitungsfoto-768x513.png 768w, https://kuwehi.de/wp-content/uploads/2024/08/1999.12.09-Rueckseite-der-alten-Scheune-vor-dem-Umbau-Zeitungsfoto.png 1068w" sizes="(max-width: 688px) 100vw, 688px" /><figcaption id="caption-attachment-9262" class="wp-caption-text">Das marode Gebäude, 1999.12.09 Rückseite der alten Scheune vor dem Umbau</figcaption></figure>
<h5 style="text-align: center;"><b>Noch war es kaum vorstellbar, daß aus dieser Ruine irgendwann einmal Räume entstehen würden, in denen die KulturWerkstatt ihren Betrieb aufnehmen kann. </b></h5>
</div>
<h2><strong>Die Kornscheune:</strong></h2>
</div>
<figure id="attachment_9263" aria-describedby="caption-attachment-9263" style="width: 310px" class="wp-caption aligncenter"><img decoding="async" class="wp-image-9263" src="https://kuwehi.de/wp-content/uploads/2024/08/1999-2002.01.13-Zahn-der-Zeit-nagt-an-Scheune.png" alt="" width="310" height="460" srcset="https://kuwehi.de/wp-content/uploads/2024/08/1999-2002.01.13-Zahn-der-Zeit-nagt-an-Scheune.png 290w, https://kuwehi.de/wp-content/uploads/2024/08/1999-2002.01.13-Zahn-der-Zeit-nagt-an-Scheune-202x300.png 202w, https://kuwehi.de/wp-content/uploads/2024/08/1999-2002.01.13-Zahn-der-Zeit-nagt-an-Scheune-101x150.png 101w" sizes="(max-width: 310px) 100vw, 310px" /><figcaption id="caption-attachment-9263" class="wp-caption-text">Der Zahn der Zeit nagte überall.</figcaption></figure>
</div>
<div class="sqracccontainer" style="text-align: center;">
<div>
<div class="sqrpara">
<figure class="sqrfigr"></figure>
<h5><b>Das Gebäude gehört zum Ensemble der barocken Gutsanlage Hiddenhausen im Besitz der Familie von Consbruch. Die alte Kornscheuer aus dem Jahr 1764 verfiel mehr und mehr. Irgendwann kamen der Besitzer, die </b><span style="color: #666699;"><a class="link" style="color: #666699;" title="" href="http://www.hiddenhausen.de/index2.htm" target="_blank" rel="noopener noreferrer">Gemeinde Hiddenhausen</a></span><b> als Mittler und interessierte Pädagogen und Therapeuten zusammen, um über die Instandsetzung und Nutzung dieser Scheune zu sprechen- nach dem Motto: &#8222;Der eine hat das Pferd, der andere kann reiten&#8220;!</b></h5>
</div>
</div>
</div>
<div class="sqracchead" style="text-align: center;">
<h2><strong>Die Gründung des Vereins:</strong></h2>
</div>
<div class="sqracccontainer" style="text-align: center;">
<div>
<div class="sqrpara">
<h5><b>Idee und Ort schienen wie für einander geschaffen. Mitte 1999 wurder der Verein KulturWerkstatt e.V. von Christine Bethge, Stephanie Ende, Susanne König, Ingrid Otterpohl und Christiane Ruske gegründet. Ziel des Vereins ist der Betrieb einer Werkstatt, in der alte Handwerkstraditionen aufgegriffen und mit pädagogischen Überlegungen verknüpft werden, um den Bedürfnissen von Kindern, Jugendlichen aber auch Erwachsenen zu entsprechen. Räumen, in denen Ideen unter künstlerischen und handwerklichen Gesichtspunkten verwirklicht werden können. Freiräume für Kreativität und Phantasie . . . Aktionsräume . . . lebendige Räume . . . Lebensräume . . . </b></h5>
</div>
</div>
</div>
<h2 class="sqracchead" style="text-align: center;"><strong>Jetzt wird in die Hände gespuckt:</strong></h2>
<figure id="attachment_9264" aria-describedby="caption-attachment-9264" style="width: 596px" class="wp-caption aligncenter"><img decoding="async" class="wp-image-9264" src="https://kuwehi.de/wp-content/uploads/2024/08/2000.06.17-Morsche-Balken-Schuttberge-jede-Menge-Arbeit.png" alt="" width="596" height="460" srcset="https://kuwehi.de/wp-content/uploads/2024/08/2000.06.17-Morsche-Balken-Schuttberge-jede-Menge-Arbeit.png 920w, https://kuwehi.de/wp-content/uploads/2024/08/2000.06.17-Morsche-Balken-Schuttberge-jede-Menge-Arbeit-300x232.png 300w, https://kuwehi.de/wp-content/uploads/2024/08/2000.06.17-Morsche-Balken-Schuttberge-jede-Menge-Arbeit-150x116.png 150w, https://kuwehi.de/wp-content/uploads/2024/08/2000.06.17-Morsche-Balken-Schuttberge-jede-Menge-Arbeit-768x593.png 768w" sizes="(max-width: 596px) 100vw, 596px" /><figcaption id="caption-attachment-9264" class="wp-caption-text">2000.06.17 , Morsche Balken, Schuttberge &#8211; jede Menge Arbeit</figcaption></figure>
<div class="sqracccontainer">
<div>
<div class="sqrpara">
<figure class="sqrfigr">
<h5 style="text-align: center;"><b>Im Juni 2000 begann die Renovierung der Kornscheune mit Unterstützung der </b><span style="color: #666699;"><a class="link" style="color: #666699;" title="" href="http://www.hiddenhausen.de/index2.htm" target="_blank" rel="noopener noreferrer">Gemeinde Hiddenhausen</a></span><b>. Finanziert wurde das Projekt aus Mitteln der Städtebauförderung des Landes NRW, mit Hilfe das Arbeitsamtes Herford und Vereinsgeldern. Die Bauleitung übernahm die &#8222;Heimstätte Dünne&#8220;. Hubert Heinrichs leitete die Baumaßnahme und renovierte mit 6 ABM-Kräften unter Aufsicht des Denkmalamtes und in Zusammenarbeit mit dem Architekten Klaus Beck 19 Monate lang die Scheune. </b></h5>
</figure>
</div>
</div>
</div>
<h2 class="sqracchead" style="text-align: center;"><strong>Umbau und Eröffnung:</strong></h2>
<figure id="attachment_9265" aria-describedby="caption-attachment-9265" style="width: 688px" class="wp-caption aligncenter"><img loading="lazy" decoding="async" class="wp-image-9265" src="https://kuwehi.de/wp-content/uploads/2024/08/1999.12.09-Alte-Scheune-in-der-Umbauphase-300x213.png" alt="" width="688" height="489" srcset="https://kuwehi.de/wp-content/uploads/2024/08/1999.12.09-Alte-Scheune-in-der-Umbauphase-300x213.png 300w, https://kuwehi.de/wp-content/uploads/2024/08/1999.12.09-Alte-Scheune-in-der-Umbauphase-150x107.png 150w, https://kuwehi.de/wp-content/uploads/2024/08/1999.12.09-Alte-Scheune-in-der-Umbauphase.png 535w" sizes="(max-width: 688px) 100vw, 688px" /><figcaption id="caption-attachment-9265" class="wp-caption-text">1999.12.09, Alte Scheune in der Umbauphase</figcaption></figure>
<div class="sqracccontainer">
<div>
<div class="sqrpara">
<h5 style="text-align: center;"><b>Am 13. Januar 2002 konnte die KulturWerkstatt endlich eröffnet werden. Mit einer großen Feier und vielen interessierten Besuchern wurden die Räume für den Werkstattbetrieb eingeweiht. Es gibt Werkstätten für Holz- Ton &#8211; Textil &#8211; Papier und Steinbearbeitung. Auch für Begegnung und Bewegung, Entspannung, Musik und andere kulturelle Angebote ist Raum da. </b></h5>
<p>&nbsp;</p>
</div>
<p><img loading="lazy" decoding="async" class="aligncenter wp-image-1699 size-primer-featured" src="https://kuwehi.de/wp-content/uploads/2020/05/Haus-quer-1600x1067.jpg" alt="" width="688" height="459" srcset="https://kuwehi.de/wp-content/uploads/2020/05/Haus-quer-1600x1067.jpg 1600w, https://kuwehi.de/wp-content/uploads/2020/05/Haus-quer-300x200.jpg 300w, https://kuwehi.de/wp-content/uploads/2020/05/Haus-quer-1024x683.jpg 1024w, https://kuwehi.de/wp-content/uploads/2020/05/Haus-quer-768x512.jpg 768w, https://kuwehi.de/wp-content/uploads/2020/05/Haus-quer-1536x1024.jpg 1536w, https://kuwehi.de/wp-content/uploads/2020/05/Haus-quer-2048x1365.jpg 2048w" sizes="(max-width: 688px) 100vw, 688px" /></p>
</div>
</div>

<p>Die Idee: Natürliche Werkstoffe und ursprüngliche Arbeitsmethoden mit diesen Materialien stehen Kindern und Jugendlichen heutzutage kaum noch zur Verfügung. Jedoch&hellip;</p>
