{"id":8853,"date":"2024-04-13T11:17:18","date_gmt":"2024-04-13T09:17:18","guid":{"rendered":"https:\/\/kuwehi.de\/?page_id=8853"},"modified":"2025-10-07T12:10:41","modified_gmt":"2025-10-07T10:10:41","slug":"farbe-im-garten-plein-air-malerei-im-juni-24","status":"publish","type":"page","link":"https:\/\/kuwehi.de\/?page_id=8853","title":{"rendered":"Farbe im Garten &#8211; Plein-air Malerei"},"content":{"rendered":"<h2 style=\"text-align: center;\">Farbe im Garten &#8211; Plein-air Malerei im Garten<\/h2>\n<h3 style=\"text-align: center;\">Mit Ingrid Kerber<\/h3>\n<h5><img fetchpriority=\"high\" decoding=\"async\" class=\"alignleft wp-image-8854 size-medium\" src=\"https:\/\/kuwehi.de\/wp-content\/uploads\/2024\/04\/Farbe-im-Garten-Bild-1-300x200.jpg\" alt=\"\" width=\"300\" height=\"200\" srcset=\"https:\/\/kuwehi.de\/wp-content\/uploads\/2024\/04\/Farbe-im-Garten-Bild-1-300x200.jpg 300w, https:\/\/kuwehi.de\/wp-content\/uploads\/2024\/04\/Farbe-im-Garten-Bild-1-1024x683.jpg 1024w, https:\/\/kuwehi.de\/wp-content\/uploads\/2024\/04\/Farbe-im-Garten-Bild-1-150x100.jpg 150w, https:\/\/kuwehi.de\/wp-content\/uploads\/2024\/04\/Farbe-im-Garten-Bild-1-768x512.jpg 768w, https:\/\/kuwehi.de\/wp-content\/uploads\/2024\/04\/Farbe-im-Garten-Bild-1-1536x1024.jpg 1536w, https:\/\/kuwehi.de\/wp-content\/uploads\/2024\/04\/Farbe-im-Garten-Bild-1-2048x1365.jpg 2048w, https:\/\/kuwehi.de\/wp-content\/uploads\/2024\/04\/Farbe-im-Garten-Bild-1-1600x1067.jpg 1600w\" sizes=\"(max-width: 300px) 100vw, 300px\" \/><span style=\"font-size: 26px;\">En <em>plein air<\/em> ist franz\u00f6sisch und bedeutet im Freiem. Und genau dort befindet sich das gr\u00f6\u00dfte und sch\u00f6nste Atelier, dass man sich zum Malen aussuchen kann.<\/span><\/h5>\n<h5><span style=\"font-size: 26px;\">Im Stile impressionistischer Freiluftmalerei k\u00f6nnen wir uns von der Bl\u00fctenvielfalt in den Beeten zu luftigen Blumenbildern als auch zu freien Farbkompositionen inspirieren lassen.<\/span><\/h5>\n<p>&nbsp;<\/p>\n<h5><span style=\"font-size: 28px;\"><img decoding=\"async\" class=\"alignleft wp-image-8855 size-medium\" src=\"https:\/\/kuwehi.de\/wp-content\/uploads\/2024\/04\/Farbe-im-Garten-Bild-3-3zu2-300x200.jpg\" alt=\"\" width=\"300\" height=\"200\" srcset=\"https:\/\/kuwehi.de\/wp-content\/uploads\/2024\/04\/Farbe-im-Garten-Bild-3-3zu2-300x200.jpg 300w, https:\/\/kuwehi.de\/wp-content\/uploads\/2024\/04\/Farbe-im-Garten-Bild-3-3zu2-1024x683.jpg 1024w, https:\/\/kuwehi.de\/wp-content\/uploads\/2024\/04\/Farbe-im-Garten-Bild-3-3zu2-150x100.jpg 150w, https:\/\/kuwehi.de\/wp-content\/uploads\/2024\/04\/Farbe-im-Garten-Bild-3-3zu2-768x512.jpg 768w, https:\/\/kuwehi.de\/wp-content\/uploads\/2024\/04\/Farbe-im-Garten-Bild-3-3zu2-1536x1024.jpg 1536w, https:\/\/kuwehi.de\/wp-content\/uploads\/2024\/04\/Farbe-im-Garten-Bild-3-3zu2-2048x1365.jpg 2048w, https:\/\/kuwehi.de\/wp-content\/uploads\/2024\/04\/Farbe-im-Garten-Bild-3-3zu2-1600x1066.jpg 1600w\" sizes=\"(max-width: 300px) 100vw, 300px\" \/><span style=\"font-size: 26px;\">Wir malen mit Gouache auf grundierter Pappe oder Aquarellpapier.<\/span><\/span><\/h5>\n<h5><\/h5>\n<h4><span style=\"color: #666699;\">Da wir bald aus unserem jetzigen Geb\u00e4ude ausziehen, sind wir derzeit in Absprachen, wann und wo neue Kurse im Bereich Malerei und Zeichnen in der \u00dcbergangszeit angeboten werden.<\/span><\/h4>\n","protected":false},"excerpt":{"rendered":"<p>Farbe im Garten &#8211; Plein-air Malerei im Garten Mit Ingrid Kerber En plein air ist franz\u00f6sisch und bedeutet im Freiem.&hellip;<\/p>\n","protected":false},"author":1,"featured_media":8856,"parent":0,"menu_order":0,"comment_status":"closed","ping_status":"closed","template":"","meta":{"_price":"","_stock":"","_tribe_ticket_header":"","_tribe_default_ticket_provider":"","_tribe_ticket_capacity":"0","_ticket_start_date":"","_ticket_end_date":"","_tribe_ticket_show_description":"","_tribe_ticket_show_not_going":false,"_tribe_ticket_use_global_stock":"","_tribe_ticket_global_stock_level":"","_global_stock_mode":"","_global_stock_cap":"","_tribe_rsvp_for_event":"","_tribe_ticket_going_count":"","_tribe_ticket_not_going_count":"","_tribe_tickets_list":"[]","_tribe_ticket_has_attendee_info_fields":false,"footnotes":"","_tec_slr_enabled":"","_tec_slr_layout":""},"class_list":["post-8853","page","type-page","status-publish","has-post-thumbnail","hentry"],"ticketed":false,"_links":{"self":[{"href":"https:\/\/kuwehi.de\/index.php?rest_route=\/wp\/v2\/pages\/8853","targetHints":{"allow":["GET"]}}],"collection":[{"href":"https:\/\/kuwehi.de\/index.php?rest_route=\/wp\/v2\/pages"}],"about":[{"href":"https:\/\/kuwehi.de\/index.php?rest_route=\/wp\/v2\/types\/page"}],"author":[{"embeddable":true,"href":"https:\/\/kuwehi.de\/index.php?rest_route=\/wp\/v2\/users\/1"}],"replies":[{"embeddable":true,"href":"https:\/\/kuwehi.de\/index.php?rest_route=%2Fwp%2Fv2%2Fcomments&post=8853"}],"version-history":[{"count":9,"href":"https:\/\/kuwehi.de\/index.php?rest_route=\/wp\/v2\/pages\/8853\/revisions"}],"predecessor-version":[{"id":10793,"href":"https:\/\/kuwehi.de\/index.php?rest_route=\/wp\/v2\/pages\/8853\/revisions\/10793"}],"wp:featuredmedia":[{"embeddable":true,"href":"https:\/\/kuwehi.de\/index.php?rest_route=\/wp\/v2\/media\/8856"}],"wp:attachment":[{"href":"https:\/\/kuwehi.de\/index.php?rest_route=%2Fwp%2Fv2%2Fmedia&parent=8853"}],"curies":[{"name":"wp","href":"https:\/\/api.w.org\/{rel}","templated":true}]}}

<h2 style="text-align: center;">Farbe im Garten &#8211; Plein-air Malerei im Garten</h2>
<h3 style="text-align: center;">Mit Ingrid Kerber</h3>
<h5><img fetchpriority="high" decoding="async" class="alignleft wp-image-8854 size-medium" src="https://kuwehi.de/wp-content/uploads/2024/04/Farbe-im-Garten-Bild-1-300x200.jpg" alt="" width="300" height="200" srcset="https://kuwehi.de/wp-content/uploads/2024/04/Farbe-im-Garten-Bild-1-300x200.jpg 300w, https://kuwehi.de/wp-content/uploads/2024/04/Farbe-im-Garten-Bild-1-1024x683.jpg 1024w, https://kuwehi.de/wp-content/uploads/2024/04/Farbe-im-Garten-Bild-1-150x100.jpg 150w, https://kuwehi.de/wp-content/uploads/2024/04/Farbe-im-Garten-Bild-1-768x512.jpg 768w, https://kuwehi.de/wp-content/uploads/2024/04/Farbe-im-Garten-Bild-1-1536x1024.jpg 1536w, https://kuwehi.de/wp-content/uploads/2024/04/Farbe-im-Garten-Bild-1-2048x1365.jpg 2048w, https://kuwehi.de/wp-content/uploads/2024/04/Farbe-im-Garten-Bild-1-1600x1067.jpg 1600w" sizes="(max-width: 300px) 100vw, 300px" /><span style="font-size: 26px;">En <em>plein air</em> ist französisch und bedeutet im Freiem. Und genau dort befindet sich das größte und schönste Atelier, dass man sich zum Malen aussuchen kann.</span></h5>
<h5><span style="font-size: 26px;">Im Stile impressionistischer Freiluftmalerei können wir uns von der Blütenvielfalt in den Beeten zu luftigen Blumenbildern als auch zu freien Farbkompositionen inspirieren lassen.</span></h5>
<p>&nbsp;</p>
<h5><span style="font-size: 28px;"><img decoding="async" class="alignleft wp-image-8855 size-medium" src="https://kuwehi.de/wp-content/uploads/2024/04/Farbe-im-Garten-Bild-3-3zu2-300x200.jpg" alt="" width="300" height="200" srcset="https://kuwehi.de/wp-content/uploads/2024/04/Farbe-im-Garten-Bild-3-3zu2-300x200.jpg 300w, https://kuwehi.de/wp-content/uploads/2024/04/Farbe-im-Garten-Bild-3-3zu2-1024x683.jpg 1024w, https://kuwehi.de/wp-content/uploads/2024/04/Farbe-im-Garten-Bild-3-3zu2-150x100.jpg 150w, https://kuwehi.de/wp-content/uploads/2024/04/Farbe-im-Garten-Bild-3-3zu2-768x512.jpg 768w, https://kuwehi.de/wp-content/uploads/2024/04/Farbe-im-Garten-Bild-3-3zu2-1536x1024.jpg 1536w, https://kuwehi.de/wp-content/uploads/2024/04/Farbe-im-Garten-Bild-3-3zu2-2048x1365.jpg 2048w, https://kuwehi.de/wp-content/uploads/2024/04/Farbe-im-Garten-Bild-3-3zu2-1600x1066.jpg 1600w" sizes="(max-width: 300px) 100vw, 300px" /><span style="font-size: 26px;">Wir malen mit Gouache auf grundierter Pappe oder Aquarellpapier.</span></span></h5>
<h5></h5>
<h4><span style="color: #666699;">Da wir bald aus unserem jetzigen Gebäude ausziehen, sind wir derzeit in Absprachen, wann und wo neue Kurse im Bereich Malerei und Zeichnen in der Übergangszeit angeboten werden.</span></h4>

<p>Farbe im Garten &#8211; Plein-air Malerei im Garten Mit Ingrid Kerber En plein air ist französisch und bedeutet im Freiem.&hellip;</p>
