{"id":8636,"date":"2024-03-16T17:56:41","date_gmt":"2024-03-16T16:56:41","guid":{"rendered":"https:\/\/kuwehi.de\/?page_id=8636"},"modified":"2025-01-10T14:34:31","modified_gmt":"2025-01-10T13:34:31","slug":"yoga-und-filzen-im-august-2024","status":"publish","type":"page","link":"https:\/\/kuwehi.de\/?page_id=8636","title":{"rendered":"Yoga und Filzen im Mai 2025"},"content":{"rendered":"<p>&nbsp;<\/p>\n<h1 style=\"text-align: center;\"><span style=\"font-family: verdana, geneva;\">Filz &amp; Yoga &#8211; Ein Tag f\u00fcr Kreativit\u00e4t und Wohlgef\u00fchl<br \/>\n<\/span><\/h1>\n<h3 style=\"text-align: center;\"><span style=\"font-family: verdana, geneva;\">Mit Sonja und Annette<\/span><\/h3>\n<h5><img fetchpriority=\"high\" decoding=\"async\" class=\"alignleft wp-image-8638\" src=\"https:\/\/kuwehi.de\/wp-content\/uploads\/2024\/03\/IMG_20240315_094557-182x300.jpg\" alt=\"\" width=\"290\" height=\"478\" srcset=\"https:\/\/kuwehi.de\/wp-content\/uploads\/2024\/03\/IMG_20240315_094557-182x300.jpg 182w, https:\/\/kuwehi.de\/wp-content\/uploads\/2024\/03\/IMG_20240315_094557-621x1024.jpg 621w, https:\/\/kuwehi.de\/wp-content\/uploads\/2024\/03\/IMG_20240315_094557-91x150.jpg 91w, https:\/\/kuwehi.de\/wp-content\/uploads\/2024\/03\/IMG_20240315_094557-768x1266.jpg 768w, https:\/\/kuwehi.de\/wp-content\/uploads\/2024\/03\/IMG_20240315_094557-932x1536.jpg 932w, https:\/\/kuwehi.de\/wp-content\/uploads\/2024\/03\/IMG_20240315_094557-1242x2048.jpg 1242w, https:\/\/kuwehi.de\/wp-content\/uploads\/2024\/03\/IMG_20240315_094557-1600x2638.jpg 1600w, https:\/\/kuwehi.de\/wp-content\/uploads\/2024\/03\/IMG_20240315_094557-scaled.jpg 1553w\" sizes=\"(max-width: 290px) 100vw, 290px\" \/><\/h5>\n<h5><span style=\"font-family: verdana, geneva;\">Erlebe einen einzigartigen Tag, an dem Bewegung und kreatives Schaffen Hand in Hand gehen. Wir starten mit einer <\/span><span style=\"font-family: verdana, geneva;\">sanften Yogaeinheit, die K\u00f6rper und Geist \u00f6ffnet, um ganz in den Flow des Tages einzutauchen. Anschlie\u00dfend tauchen wir <\/span><span style=\"font-family: verdana, geneva;\">ein, in die faszinierende Welt des Nassfilzens. Aus ungesponnener Schafswolle zaubern wir ein stimmungsvolles Windlicht <\/span><span style=\"font-family: verdana, geneva;\">\u2013 ein Prozess, der Ruhe, Achtsamkeit und Freude am Gestalten f\u00f6rdert. <\/span><span style=\"font-family: verdana, geneva;\">Nach einer Pause setzen wir den Tag mit einer weiteren Yogaeinheit fort, die dich in wohltuender Bewegung durchdehnt <\/span><span style=\"font-family: verdana, geneva;\">und entspannt.<\/span><\/h5>\n<h5><span style=\"font-family: verdana, geneva;\">Ein \u201ewollig-wohliger\u201c Tag voller Balance, Kreativit\u00e4t und Genuss \u2013 perfekt f\u00fcr Anf\u00e4nger in Yoga und Filzen und alle, die <\/span><span style=\"font-family: verdana, geneva;\">gerne kreativ und bewegt sind.<\/span><\/h5>\n<h5><span style=\"font-family: verdana, geneva;\">Sei dabei und entdecke, wie erf\u00fcllend die Verbindung von Bewegung und kreativem Schaffen sein kann!<\/span><\/h5>\n<h5><\/h5>\n<h5><span style=\"font-family: verdana, geneva;\">Annette und Sonja freuen sich auf einen freudigen Tag mit Dir.<\/span><\/h5>\n<h5><span style=\"font-family: verdana, geneva;\"><img decoding=\"async\" class=\"alignleft wp-image-8641\" src=\"https:\/\/kuwehi.de\/wp-content\/uploads\/2024\/03\/IMG_20230303_172214-300x298.jpg\" alt=\"\" width=\"290\" height=\"288\" srcset=\"https:\/\/kuwehi.de\/wp-content\/uploads\/2024\/03\/IMG_20230303_172214-300x298.jpg 300w, https:\/\/kuwehi.de\/wp-content\/uploads\/2024\/03\/IMG_20230303_172214-1024x1016.jpg 1024w, https:\/\/kuwehi.de\/wp-content\/uploads\/2024\/03\/IMG_20230303_172214-150x150.jpg 150w, https:\/\/kuwehi.de\/wp-content\/uploads\/2024\/03\/IMG_20230303_172214-768x762.jpg 768w, https:\/\/kuwehi.de\/wp-content\/uploads\/2024\/03\/IMG_20230303_172214.jpg 1080w\" sizes=\"(max-width: 290px) 100vw, 290px\" \/><\/span><\/h5>\n<h5><span style=\"font-family: verdana, geneva;\">Vorkenntnisse im Filzen oder Yoga sind nicht erforderlich. Eine Teilnahme ist ab 16 Jahren m\u00f6glich.<br \/>\n<\/span><\/h5>\n<h5><span style=\"font-family: verdana, geneva;\">F\u00fcr deine Yogapraxis bringe dir bitte eine eigene Matte, eine Decke und ein festes Kissen (Yogakissen) mit. Erfahrungsgem\u00e4\u00df sind warme Kuschelsocken und ein Schal f\u00fcr die Schultern auch angenehme Begleiter.<\/span><\/h5>\n<h5><span style=\"font-family: verdana, geneva;\">Verpflegung: Tee wird gestellt. Du kannst dir selbstverst\u00e4ndlich deinen eigenen Pausensnack mitbringen.<\/span><\/h5>\n<p>&nbsp;<\/p>\n<h5 style=\"text-align: center;\"><span style=\"font-family: verdana, geneva;\">Datum: 18.05.2025<br \/>\n<\/span><\/h5>\n<h5 style=\"text-align: center;\"><span style=\"font-family: verdana, geneva;\">Uhrzeit: 09:30 Uhr bis ca. 17:00 Uhr<\/span><\/h5>\n<h5 style=\"text-align: center;\"><span style=\"font-family: verdana, geneva;\">Kursgeb\u00fchr: 89 \u20ac (zzgl. Materialkosten, je nach Verbrauch &#8211; diese werden direkt vor Ort abgerechnet)<\/span><\/h5>\n<h5 style=\"text-align: center;\"><span style=\"color: #666699;\"><a style=\"color: #666699;\" href=\"https:\/\/kuwehi.de\/?tribe_events=filz-yoga-ein-tag-fuer-kreativitaet-und-wohlgefuehl\"><span style=\"font-family: verdana, geneva;\">&gt; Zur Anmeldung &lt;<\/span><\/a><\/span><\/h5>\n<h5 style=\"text-align: center;\"><\/h5>\n","protected":false},"excerpt":{"rendered":"<p>&nbsp; Filz &amp; Yoga &#8211; Ein Tag f\u00fcr Kreativit\u00e4t und Wohlgef\u00fchl Mit Sonja und Annette Erlebe einen einzigartigen Tag, an&hellip;<\/p>\n","protected":false},"author":1,"featured_media":8644,"parent":0,"menu_order":0,"comment_status":"closed","ping_status":"closed","template":"","meta":{"_price":"","_stock":"","_tribe_ticket_header":"","_tribe_default_ticket_provider":"","_tribe_ticket_capacity":"0","_ticket_start_date":"","_ticket_end_date":"","_tribe_ticket_show_description":"","_tribe_ticket_show_not_going":false,"_tribe_ticket_use_global_stock":"","_tribe_ticket_global_stock_level":"","_global_stock_mode":"","_global_stock_cap":"","_tribe_rsvp_for_event":"","_tribe_ticket_going_count":"","_tribe_ticket_not_going_count":"","_tribe_tickets_list":"[]","_tribe_ticket_has_attendee_info_fields":false,"footnotes":"","_tec_slr_enabled":"","_tec_slr_layout":""},"class_list":["post-8636","page","type-page","status-publish","has-post-thumbnail","hentry"],"ticketed":false,"_links":{"self":[{"href":"https:\/\/kuwehi.de\/index.php?rest_route=\/wp\/v2\/pages\/8636","targetHints":{"allow":["GET"]}}],"collection":[{"href":"https:\/\/kuwehi.de\/index.php?rest_route=\/wp\/v2\/pages"}],"about":[{"href":"https:\/\/kuwehi.de\/index.php?rest_route=\/wp\/v2\/types\/page"}],"author":[{"embeddable":true,"href":"https:\/\/kuwehi.de\/index.php?rest_route=\/wp\/v2\/users\/1"}],"replies":[{"embeddable":true,"href":"https:\/\/kuwehi.de\/index.php?rest_route=%2Fwp%2Fv2%2Fcomments&post=8636"}],"version-history":[{"count":20,"href":"https:\/\/kuwehi.de\/index.php?rest_route=\/wp\/v2\/pages\/8636\/revisions"}],"predecessor-version":[{"id":9818,"href":"https:\/\/kuwehi.de\/index.php?rest_route=\/wp\/v2\/pages\/8636\/revisions\/9818"}],"wp:featuredmedia":[{"embeddable":true,"href":"https:\/\/kuwehi.de\/index.php?rest_route=\/wp\/v2\/media\/8644"}],"wp:attachment":[{"href":"https:\/\/kuwehi.de\/index.php?rest_route=%2Fwp%2Fv2%2Fmedia&parent=8636"}],"curies":[{"name":"wp","href":"https:\/\/api.w.org\/{rel}","templated":true}]}}

<p>&nbsp;</p>
<h1 style="text-align: center;"><span style="font-family: verdana, geneva;">Filz &amp; Yoga &#8211; Ein Tag für Kreativität und Wohlgefühl<br />
</span></h1>
<h3 style="text-align: center;"><span style="font-family: verdana, geneva;">Mit Sonja und Annette</span></h3>
<h5><img fetchpriority="high" decoding="async" class="alignleft wp-image-8638" src="https://kuwehi.de/wp-content/uploads/2024/03/IMG_20240315_094557-182x300.jpg" alt="" width="290" height="478" srcset="https://kuwehi.de/wp-content/uploads/2024/03/IMG_20240315_094557-182x300.jpg 182w, https://kuwehi.de/wp-content/uploads/2024/03/IMG_20240315_094557-621x1024.jpg 621w, https://kuwehi.de/wp-content/uploads/2024/03/IMG_20240315_094557-91x150.jpg 91w, https://kuwehi.de/wp-content/uploads/2024/03/IMG_20240315_094557-768x1266.jpg 768w, https://kuwehi.de/wp-content/uploads/2024/03/IMG_20240315_094557-932x1536.jpg 932w, https://kuwehi.de/wp-content/uploads/2024/03/IMG_20240315_094557-1242x2048.jpg 1242w, https://kuwehi.de/wp-content/uploads/2024/03/IMG_20240315_094557-1600x2638.jpg 1600w, https://kuwehi.de/wp-content/uploads/2024/03/IMG_20240315_094557-scaled.jpg 1553w" sizes="(max-width: 290px) 100vw, 290px" /></h5>
<h5><span style="font-family: verdana, geneva;">Erlebe einen einzigartigen Tag, an dem Bewegung und kreatives Schaffen Hand in Hand gehen. Wir starten mit einer </span><span style="font-family: verdana, geneva;">sanften Yogaeinheit, die Körper und Geist öffnet, um ganz in den Flow des Tages einzutauchen. Anschließend tauchen wir </span><span style="font-family: verdana, geneva;">ein, in die faszinierende Welt des Nassfilzens. Aus ungesponnener Schafswolle zaubern wir ein stimmungsvolles Windlicht </span><span style="font-family: verdana, geneva;">– ein Prozess, der Ruhe, Achtsamkeit und Freude am Gestalten fördert. </span><span style="font-family: verdana, geneva;">Nach einer Pause setzen wir den Tag mit einer weiteren Yogaeinheit fort, die dich in wohltuender Bewegung durchdehnt </span><span style="font-family: verdana, geneva;">und entspannt.</span></h5>
<h5><span style="font-family: verdana, geneva;">Ein „wollig-wohliger“ Tag voller Balance, Kreativität und Genuss – perfekt für Anfänger in Yoga und Filzen und alle, die </span><span style="font-family: verdana, geneva;">gerne kreativ und bewegt sind.</span></h5>
<h5><span style="font-family: verdana, geneva;">Sei dabei und entdecke, wie erfüllend die Verbindung von Bewegung und kreativem Schaffen sein kann!</span></h5>
<h5></h5>
<h5><span style="font-family: verdana, geneva;">Annette und Sonja freuen sich auf einen freudigen Tag mit Dir.</span></h5>
<h5><span style="font-family: verdana, geneva;"><img decoding="async" class="alignleft wp-image-8641" src="https://kuwehi.de/wp-content/uploads/2024/03/IMG_20230303_172214-300x298.jpg" alt="" width="290" height="288" srcset="https://kuwehi.de/wp-content/uploads/2024/03/IMG_20230303_172214-300x298.jpg 300w, https://kuwehi.de/wp-content/uploads/2024/03/IMG_20230303_172214-1024x1016.jpg 1024w, https://kuwehi.de/wp-content/uploads/2024/03/IMG_20230303_172214-150x150.jpg 150w, https://kuwehi.de/wp-content/uploads/2024/03/IMG_20230303_172214-768x762.jpg 768w, https://kuwehi.de/wp-content/uploads/2024/03/IMG_20230303_172214.jpg 1080w" sizes="(max-width: 290px) 100vw, 290px" /></span></h5>
<h5><span style="font-family: verdana, geneva;">Vorkenntnisse im Filzen oder Yoga sind nicht erforderlich. Eine Teilnahme ist ab 16 Jahren möglich.<br />
</span></h5>
<h5><span style="font-family: verdana, geneva;">Für deine Yogapraxis bringe dir bitte eine eigene Matte, eine Decke und ein festes Kissen (Yogakissen) mit. Erfahrungsgemäß sind warme Kuschelsocken und ein Schal für die Schultern auch angenehme Begleiter.</span></h5>
<h5><span style="font-family: verdana, geneva;">Verpflegung: Tee wird gestellt. Du kannst dir selbstverständlich deinen eigenen Pausensnack mitbringen.</span></h5>
<p>&nbsp;</p>
<h5 style="text-align: center;"><span style="font-family: verdana, geneva;">Datum: 18.05.2025<br />
</span></h5>
<h5 style="text-align: center;"><span style="font-family: verdana, geneva;">Uhrzeit: 09:30 Uhr bis ca. 17:00 Uhr</span></h5>
<h5 style="text-align: center;"><span style="font-family: verdana, geneva;">Kursgebühr: 89 € (zzgl. Materialkosten, je nach Verbrauch &#8211; diese werden direkt vor Ort abgerechnet)</span></h5>
<h5 style="text-align: center;"><span style="color: #666699;"><a style="color: #666699;" href="https://kuwehi.de/?tribe_events=filz-yoga-ein-tag-fuer-kreativitaet-und-wohlgefuehl"><span style="font-family: verdana, geneva;">&gt; Zur Anmeldung &lt;</span></a></span></h5>
<h5 style="text-align: center;"></h5>

<p>&nbsp; Filz &amp; Yoga &#8211; Ein Tag für Kreativität und Wohlgefühl Mit Sonja und Annette Erlebe einen einzigartigen Tag, an&hellip;</p>
