{"id":8518,"date":"2024-02-26T23:32:17","date_gmt":"2024-02-26T22:32:17","guid":{"rendered":"https:\/\/kuwehi.de\/?page_id=8518"},"modified":"2024-04-19T12:51:21","modified_gmt":"2024-04-19T10:51:21","slug":"buchbinden-zurueck-zu-den-anfaengen-im-maerz-2024","status":"publish","type":"page","link":"https:\/\/kuwehi.de\/?page_id=8518","title":{"rendered":"Buchbinden &#8211; Zur\u00fcck zu den Anf\u00e4ngen im Mai 2024"},"content":{"rendered":"<h2 style=\"text-align: center;\"><strong><span style=\"font-family: book antiqua, palatino;\">Buchbinden &#8211; <\/span><\/strong><span style=\"font-family: book antiqua, palatino;\"><strong>Zur\u00fcck zu den Anf\u00e4ngen<\/strong><\/span><\/h2>\n<h4 style=\"text-align: center;\"><span style=\"font-family: book antiqua, palatino; font-size: 25px;\">mit Detlef Groth<\/span><\/h4>\n<figure id=\"attachment_8526\" aria-describedby=\"caption-attachment-8526\" style=\"width: 320px\" class=\"wp-caption alignleft\"><img fetchpriority=\"high\" decoding=\"async\" class=\"wp-image-8526\" src=\"https:\/\/kuwehi.de\/wp-content\/uploads\/2024\/02\/Koptische-Bindung-Ausschnitt-Buchruecken-und-Front-3zu4-Detlef-Groth-225x300.jpg\" alt=\"\" width=\"320\" height=\"427\" srcset=\"https:\/\/kuwehi.de\/wp-content\/uploads\/2024\/02\/Koptische-Bindung-Ausschnitt-Buchruecken-und-Front-3zu4-Detlef-Groth-225x300.jpg 225w, https:\/\/kuwehi.de\/wp-content\/uploads\/2024\/02\/Koptische-Bindung-Ausschnitt-Buchruecken-und-Front-3zu4-Detlef-Groth-768x1024.jpg 768w, https:\/\/kuwehi.de\/wp-content\/uploads\/2024\/02\/Koptische-Bindung-Ausschnitt-Buchruecken-und-Front-3zu4-Detlef-Groth-112x150.jpg 112w, https:\/\/kuwehi.de\/wp-content\/uploads\/2024\/02\/Koptische-Bindung-Ausschnitt-Buchruecken-und-Front-3zu4-Detlef-Groth-1152x1536.jpg 1152w, https:\/\/kuwehi.de\/wp-content\/uploads\/2024\/02\/Koptische-Bindung-Ausschnitt-Buchruecken-und-Front-3zu4-Detlef-Groth-1536x2048.jpg 1536w, https:\/\/kuwehi.de\/wp-content\/uploads\/2024\/02\/Koptische-Bindung-Ausschnitt-Buchruecken-und-Front-3zu4-Detlef-Groth.jpg 1573w\" sizes=\"(max-width: 320px) 100vw, 320px\" \/><figcaption id=\"caption-attachment-8526\" class=\"wp-caption-text\">Detlef Groth<\/figcaption><\/figure>\n<h5><span style=\"font-size: 26px;\"><span style=\"font-family: book antiqua, palatino;\">Bis ins 19. Jahrhundert hinein war das Binden von B\u00fcchern ein reines Handwerk. <\/span><\/span><\/h5>\n<h5><span style=\"font-size: 26px;\"><span style=\"font-family: book antiqua, palatino;\">Die heutigen B\u00fccher werden in industrieller Serienfertigung hergestellt.<\/span><\/span><\/h5>\n<h5><span style=\"font-family: book antiqua, palatino; font-size: 26px;\">Das zugrunde liegende Prinzip ist das gleiche geblieben, in der Ausf\u00fchrung unterscheiden sich handwerkliche und industrielle Fertigung aber wesentlich voneinander.<\/span><\/h5>\n<h5><span style=\"font-family: book antiqua, palatino; font-size: 26px;\">Das handwerkliche\u00a0Buchbinden\u00a0f\u00fchrt alle Arbeitsschritte nacheinander aus und benutzt daf\u00fcr nur wenige handbetriebene Ger\u00e4tschaften. Buchblock und Einband werden also vollst\u00e4ndig selbst gefertigt.<\/span><\/h5>\n<h5><\/h5>\n<h5><span style=\"font-family: book antiqua, palatino; font-size: 26px;\">In diesem Kurs gehen wir zur\u00fcck zu den Anf\u00e4ngen der Buchbinderei \u2013 der koptischen Bindung.<\/span><\/h5>\n<p>&nbsp;<\/p>\n<figure id=\"attachment_8525\" aria-describedby=\"caption-attachment-8525\" style=\"width: 320px\" class=\"wp-caption alignleft\"><img decoding=\"async\" class=\"wp-image-8525\" src=\"https:\/\/kuwehi.de\/wp-content\/uploads\/2024\/02\/Koptische-Bindung.-Buch-Ruecken16zu9-Detlef-Groth-300x169.jpg\" alt=\"\" width=\"320\" height=\"180\" srcset=\"https:\/\/kuwehi.de\/wp-content\/uploads\/2024\/02\/Koptische-Bindung.-Buch-Ruecken16zu9-Detlef-Groth-300x169.jpg 300w, https:\/\/kuwehi.de\/wp-content\/uploads\/2024\/02\/Koptische-Bindung.-Buch-Ruecken16zu9-Detlef-Groth-1024x576.jpg 1024w, https:\/\/kuwehi.de\/wp-content\/uploads\/2024\/02\/Koptische-Bindung.-Buch-Ruecken16zu9-Detlef-Groth-150x84.jpg 150w, https:\/\/kuwehi.de\/wp-content\/uploads\/2024\/02\/Koptische-Bindung.-Buch-Ruecken16zu9-Detlef-Groth-768x432.jpg 768w, https:\/\/kuwehi.de\/wp-content\/uploads\/2024\/02\/Koptische-Bindung.-Buch-Ruecken16zu9-Detlef-Groth-1536x864.jpg 1536w, https:\/\/kuwehi.de\/wp-content\/uploads\/2024\/02\/Koptische-Bindung.-Buch-Ruecken16zu9-Detlef-Groth-1600x900.jpg 1600w, https:\/\/kuwehi.de\/wp-content\/uploads\/2024\/02\/Koptische-Bindung.-Buch-Ruecken16zu9-Detlef-Groth.jpg 2039w\" sizes=\"(max-width: 320px) 100vw, 320px\" \/><figcaption id=\"caption-attachment-8525\" class=\"wp-caption-text\">Detlef Groth<\/figcaption><\/figure>\n<h5><span style=\"font-family: book antiqua, palatino; font-size: 26px;\">Bei der koptischen Heftung oder\u00a0Kettenstichheftung\u00a0erfolgt die Verbindung zwischen den einzelnen Lagen durch Verschlingungen des Heftfadens der gerade zu heftenden mit der vorherigen Lage. Die Koptische Heftung oder Bindung hat ihren Namen von den Gebetb\u00fcchern der Koptischen M\u00f6nche, die in dieser Technik gebunden sind.<\/span><\/h5>\n<p>&nbsp;<\/p>\n<h5><span style=\"font-family: book antiqua, palatino; font-size: 26px;\"><img decoding=\"async\" class=\"alignleft wp-image-7831\" src=\"https:\/\/kuwehi.de\/wp-content\/uploads\/2023\/11\/Zunftzeichen-Buchbinden.jpg\" alt=\"\" width=\"320\" height=\"332\" srcset=\"https:\/\/kuwehi.de\/wp-content\/uploads\/2023\/11\/Zunftzeichen-Buchbinden.jpg 212w, https:\/\/kuwehi.de\/wp-content\/uploads\/2023\/11\/Zunftzeichen-Buchbinden-145x150.jpg 145w\" sizes=\"(max-width: 320px) 100vw, 320px\" \/>Eine Besonderheit der koptischen Heftung ist, dass der Umschlag (Buchdeckel) ebenfalls durch Verschlingen des Heftfadens mit den Lagen verbunden wird. Dadurch l\u00e4sst sich das Buch ganz flach aufschlagen.<\/span><\/h5>\n<h5><span style=\"font-family: book antiqua, palatino;\">Bitte mitbringen:<\/span><br \/>\n<span style=\"font-family: book antiqua, palatino;\">Schere, Lineal, Nadel, kr\u00e4ftige F\u00e4den z.B. farbigen Sternzwirn,<\/span><br \/>\n<span style=\"font-family: book antiqua, palatino;\">Wunschpapier f\u00fcr den Buchblock, Zeichenblockpapier,<\/span><br \/>\n<span style=\"font-family: book antiqua, palatino;\">Bezugsmaterialien f\u00fcr die Deckel nach eigener Wahl, Graupappen, eventuell zugeschnittene Holzplatten.<\/span><br \/>\n<span style=\"font-family: book antiqua, palatino;\">Materialkostenpauschale 10,00 Euro<\/span><\/h5>\n<p>&nbsp;<\/p>\n<h5 style=\"text-align: center;\"><span style=\"font-family: book antiqua, palatino;\">Termin: Samstag, 25. Mai 2024, von 14:30 bis 18:30 Uhr<\/span><\/h5>\n<h5 style=\"text-align: center;\"><span style=\"font-family: book antiqua, palatino;\">Kursgeb\u00fchr: 60 \u20ac (bitte vorab an die KuWeHi \u00fcberweisen)<\/span><\/h5>\n<h5 style=\"text-align: center;\"><span style=\"font-family: book antiqua, palatino;\">und maximal 10 \u20ac Materialkosten (individuell nach Verbrauch beim Kursleiter zu entrichten)<\/span><\/h5>\n<h5 style=\"text-align: center;\"><span style=\"color: #000000;\"><a style=\"color: #000000;\" href=\"https:\/\/kuwehi.de\/?tribe_events=buchbinden-zurueck-zu-den-anfaengen\"><span style=\"font-family: book antiqua, palatino;\">&gt; Zur Anmeldung &lt;<\/span><\/a><\/span><\/h5>\n","protected":false},"excerpt":{"rendered":"<p>Buchbinden &#8211; Zur\u00fcck zu den Anf\u00e4ngen mit Detlef Groth Bis ins 19. Jahrhundert hinein war das Binden von B\u00fcchern ein&hellip;<\/p>\n","protected":false},"author":1,"featured_media":7835,"parent":0,"menu_order":0,"comment_status":"closed","ping_status":"closed","template":"","meta":{"_price":"","_stock":"","_tribe_ticket_header":"","_tribe_default_ticket_provider":"","_tribe_ticket_capacity":"0","_ticket_start_date":"","_ticket_end_date":"","_tribe_ticket_show_description":"","_tribe_ticket_show_not_going":false,"_tribe_ticket_use_global_stock":"","_tribe_ticket_global_stock_level":"","_global_stock_mode":"","_global_stock_cap":"","_tribe_rsvp_for_event":"","_tribe_ticket_going_count":"","_tribe_ticket_not_going_count":"","_tribe_tickets_list":"[]","_tribe_ticket_has_attendee_info_fields":false,"footnotes":"","_tec_slr_enabled":"","_tec_slr_layout":""},"class_list":["post-8518","page","type-page","status-publish","has-post-thumbnail","hentry"],"ticketed":false,"_links":{"self":[{"href":"https:\/\/kuwehi.de\/index.php?rest_route=\/wp\/v2\/pages\/8518","targetHints":{"allow":["GET"]}}],"collection":[{"href":"https:\/\/kuwehi.de\/index.php?rest_route=\/wp\/v2\/pages"}],"about":[{"href":"https:\/\/kuwehi.de\/index.php?rest_route=\/wp\/v2\/types\/page"}],"author":[{"embeddable":true,"href":"https:\/\/kuwehi.de\/index.php?rest_route=\/wp\/v2\/users\/1"}],"replies":[{"embeddable":true,"href":"https:\/\/kuwehi.de\/index.php?rest_route=%2Fwp%2Fv2%2Fcomments&post=8518"}],"version-history":[{"count":35,"href":"https:\/\/kuwehi.de\/index.php?rest_route=\/wp\/v2\/pages\/8518\/revisions"}],"predecessor-version":[{"id":8886,"href":"https:\/\/kuwehi.de\/index.php?rest_route=\/wp\/v2\/pages\/8518\/revisions\/8886"}],"wp:featuredmedia":[{"embeddable":true,"href":"https:\/\/kuwehi.de\/index.php?rest_route=\/wp\/v2\/media\/7835"}],"wp:attachment":[{"href":"https:\/\/kuwehi.de\/index.php?rest_route=%2Fwp%2Fv2%2Fmedia&parent=8518"}],"curies":[{"name":"wp","href":"https:\/\/api.w.org\/{rel}","templated":true}]}}