{"id":7705,"date":"2023-10-17T10:56:40","date_gmt":"2023-10-17T08:56:40","guid":{"rendered":"https:\/\/kuwehi.de\/?page_id=7705"},"modified":"2024-01-02T22:48:44","modified_gmt":"2024-01-02T21:48:44","slug":"7705-2","status":"publish","type":"page","link":"https:\/\/kuwehi.de\/?page_id=7705","title":{"rendered":"Ton und Wolle"},"content":{"rendered":"<h3 style=\"text-align: center;\"><span style=\"color: #ff0000;\"><strong>Samstagswerkstatt (<\/strong><strong>2 zusammenh\u00e4ngende Samstage)<\/strong><\/span><\/h3>\n<h5 class=\"page-content\" style=\"text-align: center;\"><span style=\"font-family: comic sans ms, sans-serif;\"><strong>mit Doris Oles<br \/>\n<\/strong><\/span><\/h5>\n<h1 class=\"page-content\" style=\"text-align: center;\"><span style=\"font-family: comic sans ms, sans-serif;\"><strong>Ton und Wolle<br \/>\n<\/strong><\/span><\/h1>\n<h5 class=\"page-content\" style=\"text-align: center;\"><span style=\"font-family: comic sans ms, sans-serif;\"><strong>(F\u00fcr 8 &#8211; bis 14 \u2013 J\u00e4hrige)<\/strong><\/span><\/h5>\n<h5><img fetchpriority=\"high\" decoding=\"async\" class=\"alignleft wp-image-7706 size-medium\" src=\"https:\/\/kuwehi.de\/wp-content\/uploads\/2023\/10\/64697-rotated-e1697532237398-225x300.jpg\" alt=\"\" width=\"225\" height=\"300\" srcset=\"https:\/\/kuwehi.de\/wp-content\/uploads\/2023\/10\/64697-rotated-e1697532237398-225x300.jpg 225w, https:\/\/kuwehi.de\/wp-content\/uploads\/2023\/10\/64697-rotated-e1697532237398-768x1024.jpg 768w, https:\/\/kuwehi.de\/wp-content\/uploads\/2023\/10\/64697-rotated-e1697532237398-113x150.jpg 113w, https:\/\/kuwehi.de\/wp-content\/uploads\/2023\/10\/64697-rotated-e1697532237398-1152x1536.jpg 1152w, https:\/\/kuwehi.de\/wp-content\/uploads\/2023\/10\/64697-rotated-e1697532237398.jpg 1536w\" sizes=\"(max-width: 225px) 100vw, 225px\" \/><\/h5>\n<h5><span style=\"font-family: comic sans ms, sans-serif;\">Wir gestalten an 2 Samstagvormittagen eine oder mehrere Tonplatten die nicht glasiert werden. Der Ton ist erst feucht k\u00fchl und geschmeidig, er gibt dem Druck unserer H\u00e4nde nach. Wir k\u00f6nnen abstrakt und frei gestalten, oder fig\u00fcrlich. <\/span><\/h5>\n<h5><span style=\"font-family: comic sans ms, sans-serif;\">Am 2. Samstagvormittag weben wir mit Wolle die ausgeschnittenen &#8218;Fenster&#8216; aus, verbinden das Weiche und Biegsame mit der inzwischen hart gebrannten Kachel.<\/span><\/h5>\n<div dir=\"auto\">\n<h5><span style=\"font-family: comic sans ms, sans-serif;\">So entstehen kleine und einmalige Kunstwerke f\u00fcr die Wand oder ein Fenster.<\/span><\/h5>\n<\/div>\n<div dir=\"auto\">\n<div class=\"adL\"><\/div>\n<\/div>\n<p>&nbsp;<\/p>\n","protected":false},"excerpt":{"rendered":"<p>Samstagswerkstatt (2 zusammenh\u00e4ngende Samstage) mit Doris Oles Ton und Wolle (F\u00fcr 8 &#8211; bis 14 \u2013 J\u00e4hrige) Wir gestalten an&hellip;<\/p>\n","protected":false},"author":1,"featured_media":7708,"parent":0,"menu_order":0,"comment_status":"closed","ping_status":"closed","template":"","meta":{"_price":"","_stock":"","_tribe_ticket_header":"","_tribe_default_ticket_provider":"","_tribe_ticket_capacity":"0","_ticket_start_date":"","_ticket_end_date":"","_tribe_ticket_show_description":"","_tribe_ticket_show_not_going":false,"_tribe_ticket_use_global_stock":"","_tribe_ticket_global_stock_level":"","_global_stock_mode":"","_global_stock_cap":"","_tribe_rsvp_for_event":"","_tribe_ticket_going_count":"","_tribe_ticket_not_going_count":"","_tribe_tickets_list":"[]","_tribe_ticket_has_attendee_info_fields":false,"footnotes":"","_tec_slr_enabled":"","_tec_slr_layout":""},"class_list":["post-7705","page","type-page","status-publish","has-post-thumbnail","hentry"],"ticketed":false,"_links":{"self":[{"href":"https:\/\/kuwehi.de\/index.php?rest_route=\/wp\/v2\/pages\/7705","targetHints":{"allow":["GET"]}}],"collection":[{"href":"https:\/\/kuwehi.de\/index.php?rest_route=\/wp\/v2\/pages"}],"about":[{"href":"https:\/\/kuwehi.de\/index.php?rest_route=\/wp\/v2\/types\/page"}],"author":[{"embeddable":true,"href":"https:\/\/kuwehi.de\/index.php?rest_route=\/wp\/v2\/users\/1"}],"replies":[{"embeddable":true,"href":"https:\/\/kuwehi.de\/index.php?rest_route=%2Fwp%2Fv2%2Fcomments&post=7705"}],"version-history":[{"count":32,"href":"https:\/\/kuwehi.de\/index.php?rest_route=\/wp\/v2\/pages\/7705\/revisions"}],"predecessor-version":[{"id":8123,"href":"https:\/\/kuwehi.de\/index.php?rest_route=\/wp\/v2\/pages\/7705\/revisions\/8123"}],"wp:featuredmedia":[{"embeddable":true,"href":"https:\/\/kuwehi.de\/index.php?rest_route=\/wp\/v2\/media\/7708"}],"wp:attachment":[{"href":"https:\/\/kuwehi.de\/index.php?rest_route=%2Fwp%2Fv2%2Fmedia&parent=7705"}],"curies":[{"name":"wp","href":"https:\/\/api.w.org\/{rel}","templated":true}]}}

<h3 style="text-align: center;"><span style="color: #ff0000;"><strong>Samstagswerkstatt (</strong><strong>2 zusammenhängende Samstage)</strong></span></h3>
<h5 class="page-content" style="text-align: center;"><span style="font-family: comic sans ms, sans-serif;"><strong>mit Doris Oles<br />
</strong></span></h5>
<h1 class="page-content" style="text-align: center;"><span style="font-family: comic sans ms, sans-serif;"><strong>Ton und Wolle<br />
</strong></span></h1>
<h5 class="page-content" style="text-align: center;"><span style="font-family: comic sans ms, sans-serif;"><strong>(Für 8 &#8211; bis 14 – Jährige)</strong></span></h5>
<h5><img fetchpriority="high" decoding="async" class="alignleft wp-image-7706 size-medium" src="https://kuwehi.de/wp-content/uploads/2023/10/64697-rotated-e1697532237398-225x300.jpg" alt="" width="225" height="300" srcset="https://kuwehi.de/wp-content/uploads/2023/10/64697-rotated-e1697532237398-225x300.jpg 225w, https://kuwehi.de/wp-content/uploads/2023/10/64697-rotated-e1697532237398-768x1024.jpg 768w, https://kuwehi.de/wp-content/uploads/2023/10/64697-rotated-e1697532237398-113x150.jpg 113w, https://kuwehi.de/wp-content/uploads/2023/10/64697-rotated-e1697532237398-1152x1536.jpg 1152w, https://kuwehi.de/wp-content/uploads/2023/10/64697-rotated-e1697532237398.jpg 1536w" sizes="(max-width: 225px) 100vw, 225px" /></h5>
<h5><span style="font-family: comic sans ms, sans-serif;">Wir gestalten an 2 Samstagvormittagen eine oder mehrere Tonplatten die nicht glasiert werden. Der Ton ist erst feucht kühl und geschmeidig, er gibt dem Druck unserer Hände nach. Wir können abstrakt und frei gestalten, oder figürlich. </span></h5>
<h5><span style="font-family: comic sans ms, sans-serif;">Am 2. Samstagvormittag weben wir mit Wolle die ausgeschnittenen &#8218;Fenster&#8216; aus, verbinden das Weiche und Biegsame mit der inzwischen hart gebrannten Kachel.</span></h5>
<div dir="auto">
<h5><span style="font-family: comic sans ms, sans-serif;">So entstehen kleine und einmalige Kunstwerke für die Wand oder ein Fenster.</span></h5>
</div>
<div dir="auto">
<div class="adL"></div>
</div>
<p>&nbsp;</p>

<p>Samstagswerkstatt (2 zusammenhängende Samstage) mit Doris Oles Ton und Wolle (Für 8 &#8211; bis 14 – Jährige) Wir gestalten an&hellip;</p>
