{"id":7284,"date":"2023-05-30T19:03:40","date_gmt":"2023-05-30T17:03:40","guid":{"rendered":"https:\/\/kuwehi.de\/?page_id=7284"},"modified":"2023-05-30T19:12:44","modified_gmt":"2023-05-30T17:12:44","slug":"schmiede-geburtstag-fuer-frauen","status":"publish","type":"page","link":"https:\/\/kuwehi.de\/?page_id=7284","title":{"rendered":"Schmiede-Geburtstag f\u00fcr Frauen"},"content":{"rendered":"<h1 style=\"text-align: center;\"><span style=\"font-family: impact, chicago;\"><strong>DER SCHMIEDE-GEBURTSTAG<\/strong> <\/span><\/h1>\n<h2 style=\"text-align: center;\"><span style=\"font-family: impact, chicago;\">Das besondere Event<\/span><\/h2>\n<h5><span style=\"font-family: courier new, courier;\"><img fetchpriority=\"high\" decoding=\"async\" class=\"alignright size-medium wp-image-7286\" src=\"https:\/\/kuwehi.de\/wp-content\/uploads\/2023\/05\/20220527_121826-169x300.jpg\" alt=\"\" width=\"169\" height=\"300\" data-wp-editing=\"1\" srcset=\"https:\/\/kuwehi.de\/wp-content\/uploads\/2023\/05\/20220527_121826-169x300.jpg 169w, https:\/\/kuwehi.de\/wp-content\/uploads\/2023\/05\/20220527_121826-576x1024.jpg 576w, https:\/\/kuwehi.de\/wp-content\/uploads\/2023\/05\/20220527_121826-84x150.jpg 84w, https:\/\/kuwehi.de\/wp-content\/uploads\/2023\/05\/20220527_121826-768x1365.jpg 768w, https:\/\/kuwehi.de\/wp-content\/uploads\/2023\/05\/20220527_121826-864x1536.jpg 864w, https:\/\/kuwehi.de\/wp-content\/uploads\/2023\/05\/20220527_121826-1152x2048.jpg 1152w, https:\/\/kuwehi.de\/wp-content\/uploads\/2023\/05\/20220527_121826-1600x2844.jpg 1600w, https:\/\/kuwehi.de\/wp-content\/uploads\/2023\/05\/20220527_121826-scaled.jpg 1440w\" sizes=\"(max-width: 169px) 100vw, 169px\" \/><img decoding=\"async\" class=\"alignleft wp-image-7285 size-medium\" src=\"https:\/\/kuwehi.de\/wp-content\/uploads\/2023\/05\/20220527_104554-169x300.jpg\" alt=\"\" width=\"169\" height=\"300\" srcset=\"https:\/\/kuwehi.de\/wp-content\/uploads\/2023\/05\/20220527_104554-169x300.jpg 169w, https:\/\/kuwehi.de\/wp-content\/uploads\/2023\/05\/20220527_104554-576x1024.jpg 576w, https:\/\/kuwehi.de\/wp-content\/uploads\/2023\/05\/20220527_104554-84x150.jpg 84w, https:\/\/kuwehi.de\/wp-content\/uploads\/2023\/05\/20220527_104554-768x1365.jpg 768w, https:\/\/kuwehi.de\/wp-content\/uploads\/2023\/05\/20220527_104554-864x1536.jpg 864w, https:\/\/kuwehi.de\/wp-content\/uploads\/2023\/05\/20220527_104554-1152x2048.jpg 1152w, https:\/\/kuwehi.de\/wp-content\/uploads\/2023\/05\/20220527_104554-1600x2844.jpg 1600w, https:\/\/kuwehi.de\/wp-content\/uploads\/2023\/05\/20220527_104554-scaled.jpg 1440w\" sizes=\"(max-width: 169px) 100vw, 169px\" \/><\/span><\/h5>\n<h5><\/h5>\n<h5><span style=\"font-family: courier new, courier;\">Wir schmieden in einer kleinen Gruppe mit bis zu 4 Frauen. Nach einem kleinen Sektempfang, frischem Kaffee\/Tee mit Geb\u00e4ck und einer theoretischen Einweisung geht es auch schon los \u2013 in 3 Stunden entstehet ein Gartenstecker und ein kleiner Anh\u00e4nger, der als Schmuckst\u00fcck getragen wird oder auch als Schl\u00fcsselanh\u00e4nger Verwendung findet.<\/span><\/h5>\n<h5><span style=\"font-family: courier new, courier;\">Vorkenntnisse sind nicht erforderlich. Schmiedesch\u00fcrzen, Handschuhe und Schutzbrillen werden gestellt.<\/span><\/h5>\n<h5><\/h5>\n<h5 style=\"text-align: center;\"><span style=\"font-family: courier new, courier;\">WEITERE INFOS UND TERMINABSPRACHE UNTER<\/span><\/h5>\n<h5 style=\"text-align: center;\"><span style=\"font-family: courier new, courier;\"><a href=\"mailto:braunskuwehi@gmail.com\"><span style=\"color: #3366ff;\">braunskuwehi@gmail.com<\/span><\/a><\/span><\/h5>\n<h5 style=\"text-align: center;\"><span style=\"font-family: courier new, courier;\">Kosten: 150 Euro zuz\u00fcglich Material<\/span><\/h5>\n<p>&nbsp;<\/p>\n<p><img decoding=\"async\" class=\"alignright size-medium wp-image-7287\" src=\"https:\/\/kuwehi.de\/wp-content\/uploads\/2023\/05\/IMG-20220527-WA0003-225x300.jpg\" alt=\"\" width=\"225\" height=\"300\" srcset=\"https:\/\/kuwehi.de\/wp-content\/uploads\/2023\/05\/IMG-20220527-WA0003-225x300.jpg 225w, https:\/\/kuwehi.de\/wp-content\/uploads\/2023\/05\/IMG-20220527-WA0003-768x1024.jpg 768w, https:\/\/kuwehi.de\/wp-content\/uploads\/2023\/05\/IMG-20220527-WA0003-113x150.jpg 113w, https:\/\/kuwehi.de\/wp-content\/uploads\/2023\/05\/IMG-20220527-WA0003-1152x1536.jpg 1152w, https:\/\/kuwehi.de\/wp-content\/uploads\/2023\/05\/IMG-20220527-WA0003.jpg 1512w\" sizes=\"(max-width: 225px) 100vw, 225px\" \/><img loading=\"lazy\" decoding=\"async\" class=\"alignright size-medium wp-image-7297\" src=\"https:\/\/kuwehi.de\/wp-content\/uploads\/2023\/05\/20220527_132746-169x300.jpg\" alt=\"\" width=\"169\" height=\"300\" srcset=\"https:\/\/kuwehi.de\/wp-content\/uploads\/2023\/05\/20220527_132746-169x300.jpg 169w, https:\/\/kuwehi.de\/wp-content\/uploads\/2023\/05\/20220527_132746-576x1024.jpg 576w, https:\/\/kuwehi.de\/wp-content\/uploads\/2023\/05\/20220527_132746-84x150.jpg 84w, https:\/\/kuwehi.de\/wp-content\/uploads\/2023\/05\/20220527_132746-768x1365.jpg 768w, https:\/\/kuwehi.de\/wp-content\/uploads\/2023\/05\/20220527_132746-864x1536.jpg 864w, https:\/\/kuwehi.de\/wp-content\/uploads\/2023\/05\/20220527_132746-1152x2048.jpg 1152w, https:\/\/kuwehi.de\/wp-content\/uploads\/2023\/05\/20220527_132746-1600x2844.jpg 1600w, https:\/\/kuwehi.de\/wp-content\/uploads\/2023\/05\/20220527_132746-scaled.jpg 1440w\" sizes=\"(max-width: 169px) 100vw, 169px\" \/><\/p>\n<p><img loading=\"lazy\" decoding=\"async\" class=\"alignright wp-image-7290\" src=\"https:\/\/kuwehi.de\/wp-content\/uploads\/2023\/05\/20220527_121807-300x169.jpg\" alt=\"\" width=\"533\" height=\"300\" srcset=\"https:\/\/kuwehi.de\/wp-content\/uploads\/2023\/05\/20220527_121807-300x169.jpg 300w, https:\/\/kuwehi.de\/wp-content\/uploads\/2023\/05\/20220527_121807-1024x576.jpg 1024w, https:\/\/kuwehi.de\/wp-content\/uploads\/2023\/05\/20220527_121807-150x84.jpg 150w, https:\/\/kuwehi.de\/wp-content\/uploads\/2023\/05\/20220527_121807-768x432.jpg 768w, https:\/\/kuwehi.de\/wp-content\/uploads\/2023\/05\/20220527_121807-1536x864.jpg 1536w, https:\/\/kuwehi.de\/wp-content\/uploads\/2023\/05\/20220527_121807-2048x1152.jpg 2048w, https:\/\/kuwehi.de\/wp-content\/uploads\/2023\/05\/20220527_121807-1600x900.jpg 1600w\" sizes=\"(max-width: 533px) 100vw, 533px\" \/><\/p>\n<p><img loading=\"lazy\" decoding=\"async\" class=\"alignright size-medium wp-image-7288\" src=\"https:\/\/kuwehi.de\/wp-content\/uploads\/2023\/05\/IMG-20220527-WA0012-225x300.jpg\" alt=\"\" width=\"225\" height=\"300\" srcset=\"https:\/\/kuwehi.de\/wp-content\/uploads\/2023\/05\/IMG-20220527-WA0012-225x300.jpg 225w, https:\/\/kuwehi.de\/wp-content\/uploads\/2023\/05\/IMG-20220527-WA0012-768x1024.jpg 768w, https:\/\/kuwehi.de\/wp-content\/uploads\/2023\/05\/IMG-20220527-WA0012-113x150.jpg 113w, https:\/\/kuwehi.de\/wp-content\/uploads\/2023\/05\/IMG-20220527-WA0012-1152x1536.jpg 1152w, https:\/\/kuwehi.de\/wp-content\/uploads\/2023\/05\/IMG-20220527-WA0012.jpg 1512w\" sizes=\"(max-width: 225px) 100vw, 225px\" \/><\/p>\n<p><img loading=\"lazy\" decoding=\"async\" class=\"alignright wp-image-7289 size-medium\" src=\"https:\/\/kuwehi.de\/wp-content\/uploads\/2023\/05\/IMG-20220527-WA0002-169x300.jpg\" alt=\"\" width=\"169\" height=\"300\" srcset=\"https:\/\/kuwehi.de\/wp-content\/uploads\/2023\/05\/IMG-20220527-WA0002-169x300.jpg 169w, https:\/\/kuwehi.de\/wp-content\/uploads\/2023\/05\/IMG-20220527-WA0002-576x1024.jpg 576w, https:\/\/kuwehi.de\/wp-content\/uploads\/2023\/05\/IMG-20220527-WA0002-84x150.jpg 84w, https:\/\/kuwehi.de\/wp-content\/uploads\/2023\/05\/IMG-20220527-WA0002-768x1365.jpg 768w, https:\/\/kuwehi.de\/wp-content\/uploads\/2023\/05\/IMG-20220527-WA0002-864x1536.jpg 864w, https:\/\/kuwehi.de\/wp-content\/uploads\/2023\/05\/IMG-20220527-WA0002.jpg 1080w\" sizes=\"(max-width: 169px) 100vw, 169px\" \/><\/p>\n<p>&nbsp;<\/p>\n","protected":false},"excerpt":{"rendered":"<p>DER SCHMIEDE-GEBURTSTAG Das besondere Event Wir schmieden in einer kleinen Gruppe mit bis zu 4 Frauen. Nach einem kleinen Sektempfang,&hellip;<\/p>\n","protected":false},"author":1,"featured_media":7301,"parent":0,"menu_order":0,"comment_status":"closed","ping_status":"closed","template":"","meta":{"_price":"","_stock":"","_tribe_ticket_header":"","_tribe_default_ticket_provider":"","_tribe_ticket_capacity":"0","_ticket_start_date":"","_ticket_end_date":"","_tribe_ticket_show_description":"","_tribe_ticket_show_not_going":false,"_tribe_ticket_use_global_stock":"","_tribe_ticket_global_stock_level":"","_global_stock_mode":"","_global_stock_cap":"","_tribe_rsvp_for_event":"","_tribe_ticket_going_count":"","_tribe_ticket_not_going_count":"","_tribe_tickets_list":"[]","_tribe_ticket_has_attendee_info_fields":false,"footnotes":"","_tec_slr_enabled":"","_tec_slr_layout":""},"class_list":["post-7284","page","type-page","status-publish","has-post-thumbnail","hentry"],"ticketed":false,"_links":{"self":[{"href":"https:\/\/kuwehi.de\/index.php?rest_route=\/wp\/v2\/pages\/7284","targetHints":{"allow":["GET"]}}],"collection":[{"href":"https:\/\/kuwehi.de\/index.php?rest_route=\/wp\/v2\/pages"}],"about":[{"href":"https:\/\/kuwehi.de\/index.php?rest_route=\/wp\/v2\/types\/page"}],"author":[{"embeddable":true,"href":"https:\/\/kuwehi.de\/index.php?rest_route=\/wp\/v2\/users\/1"}],"replies":[{"embeddable":true,"href":"https:\/\/kuwehi.de\/index.php?rest_route=%2Fwp%2Fv2%2Fcomments&post=7284"}],"version-history":[{"count":11,"href":"https:\/\/kuwehi.de\/index.php?rest_route=\/wp\/v2\/pages\/7284\/revisions"}],"predecessor-version":[{"id":7307,"href":"https:\/\/kuwehi.de\/index.php?rest_route=\/wp\/v2\/pages\/7284\/revisions\/7307"}],"wp:featuredmedia":[{"embeddable":true,"href":"https:\/\/kuwehi.de\/index.php?rest_route=\/wp\/v2\/media\/7301"}],"wp:attachment":[{"href":"https:\/\/kuwehi.de\/index.php?rest_route=%2Fwp%2Fv2%2Fmedia&parent=7284"}],"curies":[{"name":"wp","href":"https:\/\/api.w.org\/{rel}","templated":true}]}}