{"id":7114,"date":"2023-05-03T10:58:40","date_gmt":"2023-05-03T08:58:40","guid":{"rendered":"https:\/\/kuwehi.de\/?page_id=7114"},"modified":"2023-06-01T11:05:54","modified_gmt":"2023-06-01T09:05:54","slug":"kistengaerten-pflanzen-familienaktion-zu-den-lwl-gartentagen","status":"publish","type":"page","link":"https:\/\/kuwehi.de\/?page_id=7114","title":{"rendered":"Kisteng\u00e4rten pflanzen &#8211; Familienaktion zu den LWL-Gartentagen"},"content":{"rendered":"<h2 style=\"text-align: center;\"><span style=\"font-family: comic sans ms, sans-serif;\">Kisteng\u00e4rten pflanzen <\/span><\/h2>\n<h3 style=\"text-align: center;\"><span style=\"font-family: comic sans ms, sans-serif;\">am Tag der G\u00e4rten und Parks in Westfalen-Lippe<\/span><\/h3>\n<h5 style=\"text-align: center;\"><span style=\"font-family: comic sans ms, sans-serif;\">Gemeinsam mit Kindern etwas f\u00fcr das eigene Zuhause zu gestalten macht Spa\u00df!<\/span><\/h5>\n<h5><span style=\"font-family: comic sans ms, sans-serif;\"><img fetchpriority=\"high\" decoding=\"async\" class=\"wp-image-7115 size-medium alignright\" src=\"https:\/\/kuwehi.de\/wp-content\/uploads\/2023\/05\/Kistengaerten-Holzkisten-Quadrat2-300x300.jpg\" alt=\"\" width=\"300\" height=\"300\" srcset=\"https:\/\/kuwehi.de\/wp-content\/uploads\/2023\/05\/Kistengaerten-Holzkisten-Quadrat2-300x300.jpg 300w, https:\/\/kuwehi.de\/wp-content\/uploads\/2023\/05\/Kistengaerten-Holzkisten-Quadrat2-150x150.jpg 150w, https:\/\/kuwehi.de\/wp-content\/uploads\/2023\/05\/Kistengaerten-Holzkisten-Quadrat2.jpg 485w\" sizes=\"(max-width: 300px) 100vw, 300px\" \/><\/span><\/h5>\n<h5><\/h5>\n<p>&nbsp;<\/p>\n<h5><span style=\"font-family: comic sans ms, sans-serif;\">F\u00fcr Kinder ist es eine besondere Aufgabe, sich um ihren eigenen kleinen Minigarten k\u00fcmmern zu d\u00fcrfen. Am Tag der G\u00e4rten und Parks in Westfalen-Lippe wollen wir gemeinsam mit Ihnen Kisteng\u00e4rten pflanzen. Unter fachkundiger Beratung werden die bereitgestellten Kisten, Erde und Stauden zu einer bunten Bienenweide. <\/span><\/h5>\n<p>&nbsp;<\/p>\n<p>&nbsp;<\/p>\n<h5><span style=\"font-family: comic sans ms, sans-serif;\"><img decoding=\"async\" class=\"alignleft wp-image-7121\" src=\"https:\/\/kuwehi.de\/wp-content\/uploads\/2023\/05\/IMG_2197-200x300.jpg\" alt=\"\" width=\"300\" height=\"450\" srcset=\"https:\/\/kuwehi.de\/wp-content\/uploads\/2023\/05\/IMG_2197-200x300.jpg 200w, https:\/\/kuwehi.de\/wp-content\/uploads\/2023\/05\/IMG_2197-100x150.jpg 100w, https:\/\/kuwehi.de\/wp-content\/uploads\/2023\/05\/IMG_2197.jpg 533w\" sizes=\"(max-width: 300px) 100vw, 300px\" \/><\/span><\/h5>\n<p>&nbsp;<\/p>\n<h5><\/h5>\n<p>&nbsp;<\/p>\n<h5><span style=\"font-family: comic sans ms, sans-serif;\"><strong>Dank des praktischen Formats k\u00f6nnen diese problemlos einen Platz auf dem Balkon, der Terrasse oder vor der Haust\u00fcr finden. Bei guter Pflege werden die Stauden ganz einfach in der n\u00e4chsten Saison geteilt und k\u00f6nnen in weiteren Kisten oder Pflanzbeh\u00e4ltern erbl\u00fchen. Somit leisten Sie ganz nebenbei einen Beitrag zum Insektenschutz und k\u00f6nnen sich an den farbenfrohen, mehrj\u00e4hrigen Pflanzen erfreuen. Alte Wein- oder Obstkisten aus Holz k\u00f6nnen gern mitgebracht werden.<br \/>\n<\/strong><\/span><\/h5>\n<h5><span style=\"font-family: comic sans ms, sans-serif;\">\u00a0<\/span><\/h5>\n<p>&nbsp;<\/p>\n<p>&nbsp;<\/p>\n<h5><span style=\"font-family: comic sans ms, sans-serif;\"><img decoding=\"async\" class=\"wp-image-7116 size-medium alignright\" src=\"https:\/\/kuwehi.de\/wp-content\/uploads\/2023\/05\/Kistengaerten-Weinkisten-Quadrat2-300x300.jpg\" alt=\"\" width=\"300\" height=\"300\" srcset=\"https:\/\/kuwehi.de\/wp-content\/uploads\/2023\/05\/Kistengaerten-Weinkisten-Quadrat2-300x300.jpg 300w, https:\/\/kuwehi.de\/wp-content\/uploads\/2023\/05\/Kistengaerten-Weinkisten-Quadrat2-150x150.jpg 150w, https:\/\/kuwehi.de\/wp-content\/uploads\/2023\/05\/Kistengaerten-Weinkisten-Quadrat2-768x768.jpg 768w, https:\/\/kuwehi.de\/wp-content\/uploads\/2023\/05\/Kistengaerten-Weinkisten-Quadrat2.jpg 930w\" sizes=\"(max-width: 300px) 100vw, 300px\" \/><\/span><\/h5>\n<h5><\/h5>\n<p>&nbsp;<\/p>\n<h5><\/h5>\n<h5 style=\"text-align: center;\"><span style=\"font-family: comic sans ms, sans-serif;\">Haben Sie Lust mit Ihren Kindern einen solchen Minigarten zu bepflanzen, kommen Sie gern nach vorheriger Anmeldung am 04.Juni zwischen 12:00 und 16:00 Uhr vorbei!<\/span><\/h5>\n<h5><\/h5>\n<h5 style=\"text-align: center;\"><span style=\"font-family: comic sans ms, sans-serif;\">Kostenbeitrag pro Kistengarten: 5 \u20ac<\/span><\/h5>\n<h5 style=\"text-align: center;\"><span style=\"color: #000000;\"><a style=\"color: #000000;\" href=\"https:\/\/kuwehi.de\/?tribe_events=kistengaerten-pflanzen-familienaktion-zu-den-lwl-gartentagen\"><span style=\"font-family: comic sans ms, sans-serif;\">&gt; Zur Anmeldung &lt;<\/span><\/a><\/span><\/h5>\n<p>&nbsp;<\/p>\n<p>Diese Aktion wird gef\u00f6rdert von:<\/p>\n<h5><img loading=\"lazy\" decoding=\"async\" class=\"wp-image-7324 alignleft\" src=\"https:\/\/kuwehi.de\/wp-content\/uploads\/2023\/05\/Westfalen_Weser_Energie_logo.svg_-150x41.png\" alt=\"\" width=\"292\" height=\"80\" srcset=\"https:\/\/kuwehi.de\/wp-content\/uploads\/2023\/05\/Westfalen_Weser_Energie_logo.svg_-150x41.png 150w, https:\/\/kuwehi.de\/wp-content\/uploads\/2023\/05\/Westfalen_Weser_Energie_logo.svg_-300x82.png 300w, https:\/\/kuwehi.de\/wp-content\/uploads\/2023\/05\/Westfalen_Weser_Energie_logo.svg_-1024x281.png 1024w, https:\/\/kuwehi.de\/wp-content\/uploads\/2023\/05\/Westfalen_Weser_Energie_logo.svg_-768x211.png 768w, https:\/\/kuwehi.de\/wp-content\/uploads\/2023\/05\/Westfalen_Weser_Energie_logo.svg_-1536x421.png 1536w, https:\/\/kuwehi.de\/wp-content\/uploads\/2023\/05\/Westfalen_Weser_Energie_logo.svg_-2048x562.png 2048w, https:\/\/kuwehi.de\/wp-content\/uploads\/2023\/05\/Westfalen_Weser_Energie_logo.svg_-1600x439.png 1600w\" sizes=\"(max-width: 292px) 100vw, 292px\" \/><\/h5>\n","protected":false},"excerpt":{"rendered":"<p>Kisteng\u00e4rten pflanzen am Tag der G\u00e4rten und Parks in Westfalen-Lippe Gemeinsam mit Kindern etwas f\u00fcr das eigene Zuhause zu gestalten&hellip;<\/p>\n","protected":false},"author":1,"featured_media":7117,"parent":0,"menu_order":0,"comment_status":"closed","ping_status":"closed","template":"","meta":{"_price":"","_stock":"","_tribe_ticket_header":"","_tribe_default_ticket_provider":"","_tribe_ticket_capacity":"0","_ticket_start_date":"","_ticket_end_date":"","_tribe_ticket_show_description":"","_tribe_ticket_show_not_going":false,"_tribe_ticket_use_global_stock":"","_tribe_ticket_global_stock_level":"","_global_stock_mode":"","_global_stock_cap":"","_tribe_rsvp_for_event":"","_tribe_ticket_going_count":"","_tribe_ticket_not_going_count":"","_tribe_tickets_list":"[]","_tribe_ticket_has_attendee_info_fields":false,"footnotes":"","_tec_slr_enabled":"","_tec_slr_layout":""},"class_list":["post-7114","page","type-page","status-publish","has-post-thumbnail","hentry"],"ticketed":false,"_links":{"self":[{"href":"https:\/\/kuwehi.de\/index.php?rest_route=\/wp\/v2\/pages\/7114","targetHints":{"allow":["GET"]}}],"collection":[{"href":"https:\/\/kuwehi.de\/index.php?rest_route=\/wp\/v2\/pages"}],"about":[{"href":"https:\/\/kuwehi.de\/index.php?rest_route=\/wp\/v2\/types\/page"}],"author":[{"embeddable":true,"href":"https:\/\/kuwehi.de\/index.php?rest_route=\/wp\/v2\/users\/1"}],"replies":[{"embeddable":true,"href":"https:\/\/kuwehi.de\/index.php?rest_route=%2Fwp%2Fv2%2Fcomments&post=7114"}],"version-history":[{"count":44,"href":"https:\/\/kuwehi.de\/index.php?rest_route=\/wp\/v2\/pages\/7114\/revisions"}],"predecessor-version":[{"id":7326,"href":"https:\/\/kuwehi.de\/index.php?rest_route=\/wp\/v2\/pages\/7114\/revisions\/7326"}],"wp:featuredmedia":[{"embeddable":true,"href":"https:\/\/kuwehi.de\/index.php?rest_route=\/wp\/v2\/media\/7117"}],"wp:attachment":[{"href":"https:\/\/kuwehi.de\/index.php?rest_route=%2Fwp%2Fv2%2Fmedia&parent=7114"}],"curies":[{"name":"wp","href":"https:\/\/api.w.org\/{rel}","templated":true}]}}

Kistengärten pflanzen &#8211; Familienaktion zu den LWL-Gartentagen

<h2 style="text-align: center;"><span style="font-family: comic sans ms, sans-serif;">Kistengärten pflanzen </span></h2>
<h3 style="text-align: center;"><span style="font-family: comic sans ms, sans-serif;">am Tag der Gärten und Parks in Westfalen-Lippe</span></h3>
<h5 style="text-align: center;"><span style="font-family: comic sans ms, sans-serif;">Gemeinsam mit Kindern etwas für das eigene Zuhause zu gestalten macht Spaß!</span></h5>
<h5><span style="font-family: comic sans ms, sans-serif;"><img fetchpriority="high" decoding="async" class="wp-image-7115 size-medium alignright" src="https://kuwehi.de/wp-content/uploads/2023/05/Kistengaerten-Holzkisten-Quadrat2-300x300.jpg" alt="" width="300" height="300" srcset="https://kuwehi.de/wp-content/uploads/2023/05/Kistengaerten-Holzkisten-Quadrat2-300x300.jpg 300w, https://kuwehi.de/wp-content/uploads/2023/05/Kistengaerten-Holzkisten-Quadrat2-150x150.jpg 150w, https://kuwehi.de/wp-content/uploads/2023/05/Kistengaerten-Holzkisten-Quadrat2.jpg 485w" sizes="(max-width: 300px) 100vw, 300px" /></span></h5>
<h5></h5>
<p>&nbsp;</p>
<h5><span style="font-family: comic sans ms, sans-serif;">Für Kinder ist es eine besondere Aufgabe, sich um ihren eigenen kleinen Minigarten kümmern zu dürfen. Am Tag der Gärten und Parks in Westfalen-Lippe wollen wir gemeinsam mit Ihnen Kistengärten pflanzen. Unter fachkundiger Beratung werden die bereitgestellten Kisten, Erde und Stauden zu einer bunten Bienenweide. </span></h5>
<p>&nbsp;</p>
<p>&nbsp;</p>
<h5><span style="font-family: comic sans ms, sans-serif;"><img decoding="async" class="alignleft wp-image-7121" src="https://kuwehi.de/wp-content/uploads/2023/05/IMG_2197-200x300.jpg" alt="" width="300" height="450" srcset="https://kuwehi.de/wp-content/uploads/2023/05/IMG_2197-200x300.jpg 200w, https://kuwehi.de/wp-content/uploads/2023/05/IMG_2197-100x150.jpg 100w, https://kuwehi.de/wp-content/uploads/2023/05/IMG_2197.jpg 533w" sizes="(max-width: 300px) 100vw, 300px" /></span></h5>
<p>&nbsp;</p>
<h5></h5>
<p>&nbsp;</p>
<h5><span style="font-family: comic sans ms, sans-serif;"><strong>Dank des praktischen Formats können diese problemlos einen Platz auf dem Balkon, der Terrasse oder vor der Haustür finden. Bei guter Pflege werden die Stauden ganz einfach in der nächsten Saison geteilt und können in weiteren Kisten oder Pflanzbehältern erblühen. Somit leisten Sie ganz nebenbei einen Beitrag zum Insektenschutz und können sich an den farbenfrohen, mehrjährigen Pflanzen erfreuen. Alte Wein- oder Obstkisten aus Holz können gern mitgebracht werden.<br />
</strong></span></h5>
<h5><span style="font-family: comic sans ms, sans-serif;"> </span></h5>
<p>&nbsp;</p>
<p>&nbsp;</p>
<h5><span style="font-family: comic sans ms, sans-serif;"><img decoding="async" class="wp-image-7116 size-medium alignright" src="https://kuwehi.de/wp-content/uploads/2023/05/Kistengaerten-Weinkisten-Quadrat2-300x300.jpg" alt="" width="300" height="300" srcset="https://kuwehi.de/wp-content/uploads/2023/05/Kistengaerten-Weinkisten-Quadrat2-300x300.jpg 300w, https://kuwehi.de/wp-content/uploads/2023/05/Kistengaerten-Weinkisten-Quadrat2-150x150.jpg 150w, https://kuwehi.de/wp-content/uploads/2023/05/Kistengaerten-Weinkisten-Quadrat2-768x768.jpg 768w, https://kuwehi.de/wp-content/uploads/2023/05/Kistengaerten-Weinkisten-Quadrat2.jpg 930w" sizes="(max-width: 300px) 100vw, 300px" /></span></h5>
<h5></h5>
<p>&nbsp;</p>
<h5></h5>
<h5 style="text-align: center;"><span style="font-family: comic sans ms, sans-serif;">Haben Sie Lust mit Ihren Kindern einen solchen Minigarten zu bepflanzen, kommen Sie gern nach vorheriger Anmeldung am 04.Juni zwischen 12:00 und 16:00 Uhr vorbei!</span></h5>
<h5></h5>
<h5 style="text-align: center;"><span style="font-family: comic sans ms, sans-serif;">Kostenbeitrag pro Kistengarten: 5 €</span></h5>
<h5 style="text-align: center;"><span style="color: #000000;"><a style="color: #000000;" href="https://kuwehi.de/?tribe_events=kistengaerten-pflanzen-familienaktion-zu-den-lwl-gartentagen"><span style="font-family: comic sans ms, sans-serif;">&gt; Zur Anmeldung &lt;</span></a></span></h5>
<p>&nbsp;</p>
<p>Diese Aktion wird gefördert von:</p>
<h5><img loading="lazy" decoding="async" class="wp-image-7324 alignleft" src="https://kuwehi.de/wp-content/uploads/2023/05/Westfalen_Weser_Energie_logo.svg_-150x41.png" alt="" width="292" height="80" srcset="https://kuwehi.de/wp-content/uploads/2023/05/Westfalen_Weser_Energie_logo.svg_-150x41.png 150w, https://kuwehi.de/wp-content/uploads/2023/05/Westfalen_Weser_Energie_logo.svg_-300x82.png 300w, https://kuwehi.de/wp-content/uploads/2023/05/Westfalen_Weser_Energie_logo.svg_-1024x281.png 1024w, https://kuwehi.de/wp-content/uploads/2023/05/Westfalen_Weser_Energie_logo.svg_-768x211.png 768w, https://kuwehi.de/wp-content/uploads/2023/05/Westfalen_Weser_Energie_logo.svg_-1536x421.png 1536w, https://kuwehi.de/wp-content/uploads/2023/05/Westfalen_Weser_Energie_logo.svg_-2048x562.png 2048w, https://kuwehi.de/wp-content/uploads/2023/05/Westfalen_Weser_Energie_logo.svg_-1600x439.png 1600w" sizes="(max-width: 292px) 100vw, 292px" /></h5>

<p>Kistengärten pflanzen am Tag der Gärten und Parks in Westfalen-Lippe Gemeinsam mit Kindern etwas für das eigene Zuhause zu gestalten&hellip;</p>
