{"id":5443,"date":"2022-08-08T10:51:49","date_gmt":"2022-08-08T08:51:49","guid":{"rendered":"https:\/\/kuwehi.de\/?page_id=5443"},"modified":"2023-04-01T11:00:51","modified_gmt":"2023-04-01T09:00:51","slug":"mein-selfie-mal-anders","status":"publish","type":"page","link":"https:\/\/kuwehi.de\/?page_id=5443","title":{"rendered":"Mein Selfie &#8211; mal anders"},"content":{"rendered":"<h3 style=\"text-align: center;\"><strong><span style=\"color: #ff0000;\">Samstagswerkstatt (2 Samstage!)<\/span><\/strong><\/h3>\n<h2 style=\"text-align: center;\"><strong>Mein Selfie &#8211; mal anders<br \/>\n<\/strong><\/h2>\n<h6 style=\"text-align: center;\">mit Kristine<\/h6>\n<h3 style=\"text-align: center;\"><strong>(ab 10 Jahre)<\/strong><\/h3>\n<p>&nbsp;<\/p>\n<h5><img fetchpriority=\"high\" decoding=\"async\" class=\"alignleft wp-image-5444\" src=\"https:\/\/kuwehi.de\/wp-content\/uploads\/2022\/08\/Selbstprtait-modern-laengliches-Bild-149x300.jpg\" alt=\"\" width=\"172\" height=\"345\" srcset=\"https:\/\/kuwehi.de\/wp-content\/uploads\/2022\/08\/Selbstprtait-modern-laengliches-Bild-149x300.jpg 149w, https:\/\/kuwehi.de\/wp-content\/uploads\/2022\/08\/Selbstprtait-modern-laengliches-Bild.jpg 431w\" sizes=\"(max-width: 172px) 100vw, 172px\" \/><img decoding=\"async\" class=\"wp-image-6983 alignright\" src=\"https:\/\/kuwehi.de\/wp-content\/uploads\/2023\/04\/Selbstportrait-Scherenschnitt-laengliches-Bild-84x150.jpg\" alt=\"\" width=\"194\" height=\"345\" srcset=\"https:\/\/kuwehi.de\/wp-content\/uploads\/2023\/04\/Selbstportrait-Scherenschnitt-laengliches-Bild-84x150.jpg 84w, https:\/\/kuwehi.de\/wp-content\/uploads\/2023\/04\/Selbstportrait-Scherenschnitt-laengliches-Bild-169x300.jpg 169w, https:\/\/kuwehi.de\/wp-content\/uploads\/2023\/04\/Selbstportrait-Scherenschnitt-laengliches-Bild-576x1024.jpg 576w, https:\/\/kuwehi.de\/wp-content\/uploads\/2023\/04\/Selbstportrait-Scherenschnitt-laengliches-Bild-768x1365.jpg 768w, https:\/\/kuwehi.de\/wp-content\/uploads\/2023\/04\/Selbstportrait-Scherenschnitt-laengliches-Bild-864x1536.jpg 864w, https:\/\/kuwehi.de\/wp-content\/uploads\/2023\/04\/Selbstportrait-Scherenschnitt-laengliches-Bild-1152x2048.jpg 1152w, https:\/\/kuwehi.de\/wp-content\/uploads\/2023\/04\/Selbstportrait-Scherenschnitt-laengliches-Bild-1600x2844.jpg 1600w, https:\/\/kuwehi.de\/wp-content\/uploads\/2023\/04\/Selbstportrait-Scherenschnitt-laengliches-Bild-scaled.jpg 1440w\" sizes=\"(max-width: 194px) 100vw, 194px\" \/>Immer wieder machen wir Selfies mit dem Handy, und das ist spannend und geht so einfach!<br \/>\nIn der Samstagswerkstatt sehen wir mal genauer hin und probieren aus, wie man ein Gesicht auch noch anders darstellen k\u00f6nnte. Ganz altmodisch nehmen wir erstmal Bleistift oder Zeichenkohle und zeichnen unser Spiegelbild oder auch nach einem Foto, das Ihr mitbringen k\u00f6nnt. Gar nicht so einfach!<br \/>\nMit viel Kreativit\u00e4t, Vorstellungskraft und handwerklichen Druck-Techniken wollen wir dann weitermachen und nachsp\u00fcren, wie moderne K\u00fcnstler ein Portr\u00e4t geschaffen haben.<br \/>\n\u00dcberraschendes kann dabei entstehen!<br \/>\nBringt zu dieser zweiteiligen Veranstaltung gern einen Spiegel oder auch einen Ausdruck eines Selfies mit!<\/h5>\n<p>&nbsp;<\/p>\n<p><img decoding=\"async\" class=\"size-thumbnail wp-image-6984 aligncenter\" src=\"https:\/\/kuwehi.de\/wp-content\/uploads\/2023\/04\/Auge2-150x113.jpg\" alt=\"\" width=\"150\" height=\"113\" srcset=\"https:\/\/kuwehi.de\/wp-content\/uploads\/2023\/04\/Auge2-150x113.jpg 150w, https:\/\/kuwehi.de\/wp-content\/uploads\/2023\/04\/Auge2-300x225.jpg 300w, https:\/\/kuwehi.de\/wp-content\/uploads\/2023\/04\/Auge2-1024x768.jpg 1024w, https:\/\/kuwehi.de\/wp-content\/uploads\/2023\/04\/Auge2-768x576.jpg 768w, https:\/\/kuwehi.de\/wp-content\/uploads\/2023\/04\/Auge2-1536x1152.jpg 1536w, https:\/\/kuwehi.de\/wp-content\/uploads\/2023\/04\/Auge2-1600x1200.jpg 1600w, https:\/\/kuwehi.de\/wp-content\/uploads\/2023\/04\/Auge2.jpg 1632w\" sizes=\"(max-width: 150px) 100vw, 150px\" \/><\/p>\n<h5 style=\"text-align: center;\">Termin: 20. und 27. Mai 2023 jeweils von 10:00 bis 12:30 Uhr<\/h5>\n<h5 style=\"text-align: center;\"><span style=\"color: #000000;\"><a style=\"color: #000000;\" href=\"https:\/\/kuwehi.de\/?tribe_events=mein-selfie-mal-anders-erster-samstag\">&gt; Zur Anmeldung &lt;<\/a><\/span><\/h5>\n","protected":false},"excerpt":{"rendered":"<p>Samstagswerkstatt (2 Samstage!) Mein Selfie &#8211; mal anders mit Kristine (ab 10 Jahre) &nbsp; Immer wieder machen wir Selfies mit&hellip;<\/p>\n","protected":false},"author":1,"featured_media":5455,"parent":0,"menu_order":0,"comment_status":"closed","ping_status":"closed","template":"","meta":{"_price":"","_stock":"","_tribe_ticket_header":"","_tribe_default_ticket_provider":"","_tribe_ticket_capacity":"0","_ticket_start_date":"","_ticket_end_date":"","_tribe_ticket_show_description":"","_tribe_ticket_show_not_going":false,"_tribe_ticket_use_global_stock":"","_tribe_ticket_global_stock_level":"","_global_stock_mode":"","_global_stock_cap":"","_tribe_rsvp_for_event":"","_tribe_ticket_going_count":"","_tribe_ticket_not_going_count":"","_tribe_tickets_list":"[]","_tribe_ticket_has_attendee_info_fields":false,"footnotes":"","_tec_slr_enabled":"","_tec_slr_layout":""},"class_list":["post-5443","page","type-page","status-publish","has-post-thumbnail","hentry"],"ticketed":false,"_links":{"self":[{"href":"https:\/\/kuwehi.de\/index.php?rest_route=\/wp\/v2\/pages\/5443","targetHints":{"allow":["GET"]}}],"collection":[{"href":"https:\/\/kuwehi.de\/index.php?rest_route=\/wp\/v2\/pages"}],"about":[{"href":"https:\/\/kuwehi.de\/index.php?rest_route=\/wp\/v2\/types\/page"}],"author":[{"embeddable":true,"href":"https:\/\/kuwehi.de\/index.php?rest_route=\/wp\/v2\/users\/1"}],"replies":[{"embeddable":true,"href":"https:\/\/kuwehi.de\/index.php?rest_route=%2Fwp%2Fv2%2Fcomments&post=5443"}],"version-history":[{"count":12,"href":"https:\/\/kuwehi.de\/index.php?rest_route=\/wp\/v2\/pages\/5443\/revisions"}],"predecessor-version":[{"id":6985,"href":"https:\/\/kuwehi.de\/index.php?rest_route=\/wp\/v2\/pages\/5443\/revisions\/6985"}],"wp:featuredmedia":[{"embeddable":true,"href":"https:\/\/kuwehi.de\/index.php?rest_route=\/wp\/v2\/media\/5455"}],"wp:attachment":[{"href":"https:\/\/kuwehi.de\/index.php?rest_route=%2Fwp%2Fv2%2Fmedia&parent=5443"}],"curies":[{"name":"wp","href":"https:\/\/api.w.org\/{rel}","templated":true}]}}

<h3 style="text-align: center;"><strong><span style="color: #ff0000;">Samstagswerkstatt (2 Samstage!)</span></strong></h3>
<h2 style="text-align: center;"><strong>Mein Selfie &#8211; mal anders<br />
</strong></h2>
<h6 style="text-align: center;">mit Kristine</h6>
<h3 style="text-align: center;"><strong>(ab 10 Jahre)</strong></h3>
<p>&nbsp;</p>
<h5><img fetchpriority="high" decoding="async" class="alignleft wp-image-5444" src="https://kuwehi.de/wp-content/uploads/2022/08/Selbstprtait-modern-laengliches-Bild-149x300.jpg" alt="" width="172" height="345" srcset="https://kuwehi.de/wp-content/uploads/2022/08/Selbstprtait-modern-laengliches-Bild-149x300.jpg 149w, https://kuwehi.de/wp-content/uploads/2022/08/Selbstprtait-modern-laengliches-Bild.jpg 431w" sizes="(max-width: 172px) 100vw, 172px" /><img decoding="async" class="wp-image-6983 alignright" src="https://kuwehi.de/wp-content/uploads/2023/04/Selbstportrait-Scherenschnitt-laengliches-Bild-84x150.jpg" alt="" width="194" height="345" srcset="https://kuwehi.de/wp-content/uploads/2023/04/Selbstportrait-Scherenschnitt-laengliches-Bild-84x150.jpg 84w, https://kuwehi.de/wp-content/uploads/2023/04/Selbstportrait-Scherenschnitt-laengliches-Bild-169x300.jpg 169w, https://kuwehi.de/wp-content/uploads/2023/04/Selbstportrait-Scherenschnitt-laengliches-Bild-576x1024.jpg 576w, https://kuwehi.de/wp-content/uploads/2023/04/Selbstportrait-Scherenschnitt-laengliches-Bild-768x1365.jpg 768w, https://kuwehi.de/wp-content/uploads/2023/04/Selbstportrait-Scherenschnitt-laengliches-Bild-864x1536.jpg 864w, https://kuwehi.de/wp-content/uploads/2023/04/Selbstportrait-Scherenschnitt-laengliches-Bild-1152x2048.jpg 1152w, https://kuwehi.de/wp-content/uploads/2023/04/Selbstportrait-Scherenschnitt-laengliches-Bild-1600x2844.jpg 1600w, https://kuwehi.de/wp-content/uploads/2023/04/Selbstportrait-Scherenschnitt-laengliches-Bild-scaled.jpg 1440w" sizes="(max-width: 194px) 100vw, 194px" />Immer wieder machen wir Selfies mit dem Handy, und das ist spannend und geht so einfach!<br />
In der Samstagswerkstatt sehen wir mal genauer hin und probieren aus, wie man ein Gesicht auch noch anders darstellen könnte. Ganz altmodisch nehmen wir erstmal Bleistift oder Zeichenkohle und zeichnen unser Spiegelbild oder auch nach einem Foto, das Ihr mitbringen könnt. Gar nicht so einfach!<br />
Mit viel Kreativität, Vorstellungskraft und handwerklichen Druck-Techniken wollen wir dann weitermachen und nachspüren, wie moderne Künstler ein Porträt geschaffen haben.<br />
Überraschendes kann dabei entstehen!<br />
Bringt zu dieser zweiteiligen Veranstaltung gern einen Spiegel oder auch einen Ausdruck eines Selfies mit!</h5>
<p>&nbsp;</p>
<p><img decoding="async" class="size-thumbnail wp-image-6984 aligncenter" src="https://kuwehi.de/wp-content/uploads/2023/04/Auge2-150x113.jpg" alt="" width="150" height="113" srcset="https://kuwehi.de/wp-content/uploads/2023/04/Auge2-150x113.jpg 150w, https://kuwehi.de/wp-content/uploads/2023/04/Auge2-300x225.jpg 300w, https://kuwehi.de/wp-content/uploads/2023/04/Auge2-1024x768.jpg 1024w, https://kuwehi.de/wp-content/uploads/2023/04/Auge2-768x576.jpg 768w, https://kuwehi.de/wp-content/uploads/2023/04/Auge2-1536x1152.jpg 1536w, https://kuwehi.de/wp-content/uploads/2023/04/Auge2-1600x1200.jpg 1600w, https://kuwehi.de/wp-content/uploads/2023/04/Auge2.jpg 1632w" sizes="(max-width: 150px) 100vw, 150px" /></p>
<h5 style="text-align: center;">Termin: 20. und 27. Mai 2023 jeweils von 10:00 bis 12:30 Uhr</h5>
<h5 style="text-align: center;"><span style="color: #000000;"><a style="color: #000000;" href="https://kuwehi.de/?tribe_events=mein-selfie-mal-anders-erster-samstag">&gt; Zur Anmeldung &lt;</a></span></h5>
