{"id":5402,"date":"2022-08-05T12:32:28","date_gmt":"2022-08-05T10:32:28","guid":{"rendered":"https:\/\/kuwehi.de\/?page_id=5402"},"modified":"2024-01-02T22:44:46","modified_gmt":"2024-01-02T21:44:46","slug":"seidenzarte-blueten-im-august-2022","status":"publish","type":"page","link":"https:\/\/kuwehi.de\/?page_id=5402","title":{"rendered":"Seidenzarte Bl\u00fcten"},"content":{"rendered":"<h3 style=\"text-align: center;\"><span style=\"color: #ff0000;\"><strong>Samstagswerkstatt<br \/>\n<\/strong><\/span><\/h3>\n<h2 style=\"text-align: center;\"><strong>Seidenzarte Bl\u00fcten<br \/>\n<\/strong><\/h2>\n<h6 style=\"text-align: center;\">mit Dani Perthes<\/h6>\n<h3 style=\"text-align: center;\"><strong>(ab 10 Jahre)<\/strong><\/h3>\n<p>&nbsp;<\/p>\n<h5><img fetchpriority=\"high\" decoding=\"async\" class=\"alignleft wp-image-5405 size-medium\" src=\"https:\/\/kuwehi.de\/wp-content\/uploads\/2022\/08\/Bluete-1-auf-Seide-Quadrat-300x300.jpg\" alt=\"\" width=\"300\" height=\"300\" srcset=\"https:\/\/kuwehi.de\/wp-content\/uploads\/2022\/08\/Bluete-1-auf-Seide-Quadrat-300x300.jpg 300w, https:\/\/kuwehi.de\/wp-content\/uploads\/2022\/08\/Bluete-1-auf-Seide-Quadrat-1024x1024.jpg 1024w, https:\/\/kuwehi.de\/wp-content\/uploads\/2022\/08\/Bluete-1-auf-Seide-Quadrat-150x150.jpg 150w, https:\/\/kuwehi.de\/wp-content\/uploads\/2022\/08\/Bluete-1-auf-Seide-Quadrat-768x768.jpg 768w, https:\/\/kuwehi.de\/wp-content\/uploads\/2022\/08\/Bluete-1-auf-Seide-Quadrat-1536x1536.jpg 1536w, https:\/\/kuwehi.de\/wp-content\/uploads\/2022\/08\/Bluete-1-auf-Seide-Quadrat-2048x2048.jpg 2048w, https:\/\/kuwehi.de\/wp-content\/uploads\/2022\/08\/Bluete-1-auf-Seide-Quadrat-1600x1600.jpg 1600w\" sizes=\"(max-width: 300px) 100vw, 300px\" \/>Die Bl\u00fctenpracht im Sommer war geradezu \u00fcberw\u00e4ltigend.<\/h5>\n<h5>Vor allem die Vielfalt ihrer Formen und Farben kann uns eine Vorlage bieten, eine Bl\u00fctenform nachzuzeichnen und diese auf Seide zu \u00fcbertragen.<\/h5>\n<h5>Mit weichen Pinseln, zarten oder kr\u00e4ftigen Farben und Gutta werden wir gemeinsam einen bl\u00fchenden Garten in der Werkstatt entstehen lassen.<\/h5>\n","protected":false},"excerpt":{"rendered":"<p>Samstagswerkstatt Seidenzarte Bl\u00fcten mit Dani Perthes (ab 10 Jahre) &nbsp; Die Bl\u00fctenpracht im Sommer war geradezu \u00fcberw\u00e4ltigend. Vor allem die&hellip;<\/p>\n","protected":false},"author":1,"featured_media":5412,"parent":0,"menu_order":0,"comment_status":"closed","ping_status":"closed","template":"","meta":{"_price":"","_stock":"","_tribe_ticket_header":"","_tribe_default_ticket_provider":"","_tribe_ticket_capacity":"0","_ticket_start_date":"","_ticket_end_date":"","_tribe_ticket_show_description":"","_tribe_ticket_show_not_going":false,"_tribe_ticket_use_global_stock":"","_tribe_ticket_global_stock_level":"","_global_stock_mode":"","_global_stock_cap":"","_tribe_rsvp_for_event":"","_tribe_ticket_going_count":"","_tribe_ticket_not_going_count":"","_tribe_tickets_list":"[]","_tribe_ticket_has_attendee_info_fields":false,"footnotes":"","_tec_slr_enabled":"","_tec_slr_layout":""},"class_list":["post-5402","page","type-page","status-publish","has-post-thumbnail","hentry"],"ticketed":false,"_links":{"self":[{"href":"https:\/\/kuwehi.de\/index.php?rest_route=\/wp\/v2\/pages\/5402","targetHints":{"allow":["GET"]}}],"collection":[{"href":"https:\/\/kuwehi.de\/index.php?rest_route=\/wp\/v2\/pages"}],"about":[{"href":"https:\/\/kuwehi.de\/index.php?rest_route=\/wp\/v2\/types\/page"}],"author":[{"embeddable":true,"href":"https:\/\/kuwehi.de\/index.php?rest_route=\/wp\/v2\/users\/1"}],"replies":[{"embeddable":true,"href":"https:\/\/kuwehi.de\/index.php?rest_route=%2Fwp%2Fv2%2Fcomments&post=5402"}],"version-history":[{"count":16,"href":"https:\/\/kuwehi.de\/index.php?rest_route=\/wp\/v2\/pages\/5402\/revisions"}],"predecessor-version":[{"id":8119,"href":"https:\/\/kuwehi.de\/index.php?rest_route=\/wp\/v2\/pages\/5402\/revisions\/8119"}],"wp:featuredmedia":[{"embeddable":true,"href":"https:\/\/kuwehi.de\/index.php?rest_route=\/wp\/v2\/media\/5412"}],"wp:attachment":[{"href":"https:\/\/kuwehi.de\/index.php?rest_route=%2Fwp%2Fv2%2Fmedia&parent=5402"}],"curies":[{"name":"wp","href":"https:\/\/api.w.org\/{rel}","templated":true}]}}

Seidenzarte Blüten

<h3 style="text-align: center;"><span style="color: #ff0000;"><strong>Samstagswerkstatt<br />
</strong></span></h3>
<h2 style="text-align: center;"><strong>Seidenzarte Blüten<br />
</strong></h2>
<h6 style="text-align: center;">mit Dani Perthes</h6>
<h3 style="text-align: center;"><strong>(ab 10 Jahre)</strong></h3>
<p>&nbsp;</p>
<h5><img fetchpriority="high" decoding="async" class="alignleft wp-image-5405 size-medium" src="https://kuwehi.de/wp-content/uploads/2022/08/Bluete-1-auf-Seide-Quadrat-300x300.jpg" alt="" width="300" height="300" srcset="https://kuwehi.de/wp-content/uploads/2022/08/Bluete-1-auf-Seide-Quadrat-300x300.jpg 300w, https://kuwehi.de/wp-content/uploads/2022/08/Bluete-1-auf-Seide-Quadrat-1024x1024.jpg 1024w, https://kuwehi.de/wp-content/uploads/2022/08/Bluete-1-auf-Seide-Quadrat-150x150.jpg 150w, https://kuwehi.de/wp-content/uploads/2022/08/Bluete-1-auf-Seide-Quadrat-768x768.jpg 768w, https://kuwehi.de/wp-content/uploads/2022/08/Bluete-1-auf-Seide-Quadrat-1536x1536.jpg 1536w, https://kuwehi.de/wp-content/uploads/2022/08/Bluete-1-auf-Seide-Quadrat-2048x2048.jpg 2048w, https://kuwehi.de/wp-content/uploads/2022/08/Bluete-1-auf-Seide-Quadrat-1600x1600.jpg 1600w" sizes="(max-width: 300px) 100vw, 300px" />Die Blütenpracht im Sommer war geradezu überwältigend.</h5>
<h5>Vor allem die Vielfalt ihrer Formen und Farben kann uns eine Vorlage bieten, eine Blütenform nachzuzeichnen und diese auf Seide zu übertragen.</h5>
<h5>Mit weichen Pinseln, zarten oder kräftigen Farben und Gutta werden wir gemeinsam einen blühenden Garten in der Werkstatt entstehen lassen.</h5>

<p>Samstagswerkstatt Seidenzarte Blüten mit Dani Perthes (ab 10 Jahre) &nbsp; Die Blütenpracht im Sommer war geradezu überwältigend. Vor allem die&hellip;</p>
