{"id":5156,"date":"2022-05-24T22:04:00","date_gmt":"2022-05-24T20:04:00","guid":{"rendered":"https:\/\/kuwehi.de\/?page_id=5156"},"modified":"2025-10-07T11:30:41","modified_gmt":"2025-10-07T09:30:41","slug":"schmieden-an-der-kulturwerkstatt","status":"publish","type":"page","link":"https:\/\/kuwehi.de\/?page_id=5156","title":{"rendered":"Schmieden an der Kulturwerkstatt"},"content":{"rendered":"<h1 style=\"text-align: center;\">Schmieden an der Kulturwerkstatt \u00a0&#8211; Schmiede-Tage<\/h1>\n<h5><img fetchpriority=\"high\" decoding=\"async\" class=\"alignleft wp-image-5159\" src=\"https:\/\/kuwehi.de\/wp-content\/uploads\/2022\/05\/Gartenstecker-an-Wand-190x300.jpg\" alt=\"\" width=\"300\" height=\"473\" data-wp-editing=\"1\" srcset=\"https:\/\/kuwehi.de\/wp-content\/uploads\/2022\/05\/Gartenstecker-an-Wand-190x300.jpg 190w, https:\/\/kuwehi.de\/wp-content\/uploads\/2022\/05\/Gartenstecker-an-Wand-650x1024.jpg 650w, https:\/\/kuwehi.de\/wp-content\/uploads\/2022\/05\/Gartenstecker-an-Wand-768x1210.jpg 768w, https:\/\/kuwehi.de\/wp-content\/uploads\/2022\/05\/Gartenstecker-an-Wand-975x1536.jpg 975w, https:\/\/kuwehi.de\/wp-content\/uploads\/2022\/05\/Gartenstecker-an-Wand-1300x2048.jpg 1300w, https:\/\/kuwehi.de\/wp-content\/uploads\/2022\/05\/Gartenstecker-an-Wand-1600x2521.jpg 1600w, https:\/\/kuwehi.de\/wp-content\/uploads\/2022\/05\/Gartenstecker-an-Wand-scaled.jpg 1625w\" sizes=\"(max-width: 300px) 100vw, 300px\" \/>Wir bieten seit Juni 2022 \u00fcber\u2018s ganze Jahr verteilt, in unregelm\u00e4\u00dfigen Abst\u00e4nden, Schmiede-Tage an, die dazu gedacht sind, dass interessierte Teilnehmer unserer vergangenen Schmiedekurse die M\u00f6glichkeit haben zum Schmieden zu uns zu kommen. Hier k\u00f6nnen dann eigene Vorstellungen und Ideen verwirklicht werden. Zurzeit stehen 4 bis 5 Arbeitspl\u00e4tze zur Verf\u00fcgung.<\/h5>\n<h5>Termine: Wir treffen uns ab 2025 immer am 4. Samstag im Monat. Bei schlechtem Wetter wird der Termin verschoben oder f\u00e4llt aus. Daher ist, f\u00fcr eine gute Absprache, eine Anmedlung bei Kirsten Brauns <span style=\"color: #000000;\">(Tel.: 01520 5139395)<\/span> notwendig!<\/h5>\n<h5><\/h5>\n<h5><img decoding=\"async\" class=\"alignleft wp-image-5164\" src=\"https:\/\/kuwehi.de\/wp-content\/uploads\/2022\/05\/Ziegen-169x300.jpg\" alt=\"\" width=\"300\" height=\"533\" srcset=\"https:\/\/kuwehi.de\/wp-content\/uploads\/2022\/05\/Ziegen-169x300.jpg 169w, https:\/\/kuwehi.de\/wp-content\/uploads\/2022\/05\/Ziegen-576x1024.jpg 576w, https:\/\/kuwehi.de\/wp-content\/uploads\/2022\/05\/Ziegen.jpg 675w\" sizes=\"(max-width: 300px) 100vw, 300px\" \/><\/h5>\n<h5><\/h5>\n<p>&nbsp;<\/p>\n<p>&nbsp;<\/p>\n<h5><\/h5>\n<h5><\/h5>\n<h5><\/h5>\n<h5><\/h5>\n<h5>Ort:\u00a0\u00a0\u00a0\u00a0\u00a0\u00a0\u00a0\u00a0\u00a0\u00a0\u00a0\u00a0\u00a0\u00a0 Garten der Kulturwerkstatt Hiddenhausen, Maschstr. 26, 32120 Hiddenhausen<\/h5>\n<h5 style=\"text-align: left;\">Kosten:\u00a0\u00a0\u00a0\u00a0\u00a0\u00a0\u00a0\u00a0\u00a0\u00a0\u00a0 25 Euro\/Termin + Material<\/h5>\n<h5>Um Anmeldung wird gebeten!<\/h5>\n<h5 style=\"text-align: left;\">Weitere Infos und Anmeldung unter:<span style=\"color: #000000;\"> 01520 5139395<\/span><\/h5>\n<p>&nbsp;<\/p>\n<h4><strong>Bei schlechtem Wetter kann der Termin ausfallen oder verschoben werden !<\/strong><\/h4>\n<p style=\"text-align: left;\">\n","protected":false},"excerpt":{"rendered":"<p>Schmieden an der Kulturwerkstatt \u00a0&#8211; Schmiede-Tage Wir bieten seit Juni 2022 \u00fcber\u2018s ganze Jahr verteilt, in unregelm\u00e4\u00dfigen Abst\u00e4nden, Schmiede-Tage an,&hellip;<\/p>\n","protected":false},"author":1,"featured_media":5196,"parent":0,"menu_order":0,"comment_status":"closed","ping_status":"closed","template":"","meta":{"_price":"","_stock":"","_tribe_ticket_header":"","_tribe_default_ticket_provider":"","_tribe_ticket_capacity":"0","_ticket_start_date":"","_ticket_end_date":"","_tribe_ticket_show_description":"","_tribe_ticket_show_not_going":false,"_tribe_ticket_use_global_stock":"","_tribe_ticket_global_stock_level":"","_global_stock_mode":"","_global_stock_cap":"","_tribe_rsvp_for_event":"","_tribe_ticket_going_count":"","_tribe_ticket_not_going_count":"","_tribe_tickets_list":"[]","_tribe_ticket_has_attendee_info_fields":false,"footnotes":"","_tec_slr_enabled":"","_tec_slr_layout":""},"class_list":["post-5156","page","type-page","status-publish","has-post-thumbnail","hentry"],"ticketed":false,"_links":{"self":[{"href":"https:\/\/kuwehi.de\/index.php?rest_route=\/wp\/v2\/pages\/5156","targetHints":{"allow":["GET"]}}],"collection":[{"href":"https:\/\/kuwehi.de\/index.php?rest_route=\/wp\/v2\/pages"}],"about":[{"href":"https:\/\/kuwehi.de\/index.php?rest_route=\/wp\/v2\/types\/page"}],"author":[{"embeddable":true,"href":"https:\/\/kuwehi.de\/index.php?rest_route=\/wp\/v2\/users\/1"}],"replies":[{"embeddable":true,"href":"https:\/\/kuwehi.de\/index.php?rest_route=%2Fwp%2Fv2%2Fcomments&post=5156"}],"version-history":[{"count":46,"href":"https:\/\/kuwehi.de\/index.php?rest_route=\/wp\/v2\/pages\/5156\/revisions"}],"predecessor-version":[{"id":10788,"href":"https:\/\/kuwehi.de\/index.php?rest_route=\/wp\/v2\/pages\/5156\/revisions\/10788"}],"wp:featuredmedia":[{"embeddable":true,"href":"https:\/\/kuwehi.de\/index.php?rest_route=\/wp\/v2\/media\/5196"}],"wp:attachment":[{"href":"https:\/\/kuwehi.de\/index.php?rest_route=%2Fwp%2Fv2%2Fmedia&parent=5156"}],"curies":[{"name":"wp","href":"https:\/\/api.w.org\/{rel}","templated":true}]}}

<h1 style="text-align: center;">Schmieden an der Kulturwerkstatt  &#8211; Schmiede-Tage</h1>
<h5><img fetchpriority="high" decoding="async" class="alignleft wp-image-5159" src="https://kuwehi.de/wp-content/uploads/2022/05/Gartenstecker-an-Wand-190x300.jpg" alt="" width="300" height="473" data-wp-editing="1" srcset="https://kuwehi.de/wp-content/uploads/2022/05/Gartenstecker-an-Wand-190x300.jpg 190w, https://kuwehi.de/wp-content/uploads/2022/05/Gartenstecker-an-Wand-650x1024.jpg 650w, https://kuwehi.de/wp-content/uploads/2022/05/Gartenstecker-an-Wand-768x1210.jpg 768w, https://kuwehi.de/wp-content/uploads/2022/05/Gartenstecker-an-Wand-975x1536.jpg 975w, https://kuwehi.de/wp-content/uploads/2022/05/Gartenstecker-an-Wand-1300x2048.jpg 1300w, https://kuwehi.de/wp-content/uploads/2022/05/Gartenstecker-an-Wand-1600x2521.jpg 1600w, https://kuwehi.de/wp-content/uploads/2022/05/Gartenstecker-an-Wand-scaled.jpg 1625w" sizes="(max-width: 300px) 100vw, 300px" />Wir bieten seit Juni 2022 über‘s ganze Jahr verteilt, in unregelmäßigen Abständen, Schmiede-Tage an, die dazu gedacht sind, dass interessierte Teilnehmer unserer vergangenen Schmiedekurse die Möglichkeit haben zum Schmieden zu uns zu kommen. Hier können dann eigene Vorstellungen und Ideen verwirklicht werden. Zurzeit stehen 4 bis 5 Arbeitsplätze zur Verfügung.</h5>
<h5>Termine: Wir treffen uns ab 2025 immer am 4. Samstag im Monat. Bei schlechtem Wetter wird der Termin verschoben oder fällt aus. Daher ist, für eine gute Absprache, eine Anmedlung bei Kirsten Brauns <span style="color: #000000;">(Tel.: 01520 5139395)</span> notwendig!</h5>
<h5></h5>
<h5><img decoding="async" class="alignleft wp-image-5164" src="https://kuwehi.de/wp-content/uploads/2022/05/Ziegen-169x300.jpg" alt="" width="300" height="533" srcset="https://kuwehi.de/wp-content/uploads/2022/05/Ziegen-169x300.jpg 169w, https://kuwehi.de/wp-content/uploads/2022/05/Ziegen-576x1024.jpg 576w, https://kuwehi.de/wp-content/uploads/2022/05/Ziegen.jpg 675w" sizes="(max-width: 300px) 100vw, 300px" /></h5>
<h5></h5>
<p>&nbsp;</p>
<p>&nbsp;</p>
<h5></h5>
<h5></h5>
<h5></h5>
<h5></h5>
<h5>Ort:               Garten der Kulturwerkstatt Hiddenhausen, Maschstr. 26, 32120 Hiddenhausen</h5>
<h5 style="text-align: left;">Kosten:            25 Euro/Termin + Material</h5>
<h5>Um Anmeldung wird gebeten!</h5>
<h5 style="text-align: left;">Weitere Infos und Anmeldung unter:<span style="color: #000000;"> 01520 5139395</span></h5>
<p>&nbsp;</p>
<h4><strong>Bei schlechtem Wetter kann der Termin ausfallen oder verschoben werden !</strong></h4>
<p style="text-align: left;">

<p>Schmieden an der Kulturwerkstatt  &#8211; Schmiede-Tage Wir bieten seit Juni 2022 über‘s ganze Jahr verteilt, in unregelmäßigen Abständen, Schmiede-Tage an,&hellip;</p>
