{"id":4897,"date":"2022-03-28T18:39:47","date_gmt":"2022-03-28T16:39:47","guid":{"rendered":"https:\/\/kuwehi.de\/?page_id=4897"},"modified":"2023-01-23T10:06:48","modified_gmt":"2023-01-23T09:06:48","slug":"blueten-blaetter-und-papier","status":"publish","type":"page","link":"https:\/\/kuwehi.de\/?page_id=4897","title":{"rendered":"Bl\u00fcten, Bl\u00e4tter und Papier"},"content":{"rendered":"<h3><img fetchpriority=\"high\" decoding=\"async\" class=\"alignleft size-medium wp-image-4899\" src=\"https:\/\/kuwehi.de\/wp-content\/uploads\/2022\/03\/Gras-mit-Efeu-Rechteck-225x300.jpg\" alt=\"\" width=\"225\" height=\"300\" srcset=\"https:\/\/kuwehi.de\/wp-content\/uploads\/2022\/03\/Gras-mit-Efeu-Rechteck-225x300.jpg 225w, https:\/\/kuwehi.de\/wp-content\/uploads\/2022\/03\/Gras-mit-Efeu-Rechteck-768x1024.jpg 768w, https:\/\/kuwehi.de\/wp-content\/uploads\/2022\/03\/Gras-mit-Efeu-Rechteck-1152x1536.jpg 1152w, https:\/\/kuwehi.de\/wp-content\/uploads\/2022\/03\/Gras-mit-Efeu-Rechteck-1536x2048.jpg 1536w, https:\/\/kuwehi.de\/wp-content\/uploads\/2022\/03\/Gras-mit-Efeu-Rechteck-1600x2133.jpg 1600w, https:\/\/kuwehi.de\/wp-content\/uploads\/2022\/03\/Gras-mit-Efeu-Rechteck-scaled.jpg 1920w\" sizes=\"(max-width: 225px) 100vw, 225px\" \/><\/h3>\n<h3><\/h3>\n<h3><\/h3>\n<h3><\/h3>\n<h3><span style=\"color: #ff0000;\"><strong>Samstagswerkstatt (2 Samstage)<\/strong><\/span><\/h3>\n<h1><strong>Bl\u00fcten, Bl\u00e4tter und Papier<br \/>\n<\/strong><\/h1>\n<h5>mit Andrea Mallwitz-Jander<\/h5>\n<h3>(ab 8 Jahren)<\/h3>\n<p>&nbsp;<\/p>\n<h5>Unsere Natur mit ihrer artenreichen Pflanzenwelt ist wundersch\u00f6n. An diesen zwei Terminen lernen wir viel \u00fcber Blumen und B\u00e4ume unserer Umgebung und&#8230;<\/h5>\n<h5><img decoding=\"async\" class=\"size-medium wp-image-4901 alignright\" src=\"https:\/\/kuwehi.de\/wp-content\/uploads\/2022\/03\/Arbeitsmaterial-1-300x246.jpg\" alt=\"\" width=\"300\" height=\"246\" srcset=\"https:\/\/kuwehi.de\/wp-content\/uploads\/2022\/03\/Arbeitsmaterial-1-300x246.jpg 300w, https:\/\/kuwehi.de\/wp-content\/uploads\/2022\/03\/Arbeitsmaterial-1-1024x840.jpg 1024w, https:\/\/kuwehi.de\/wp-content\/uploads\/2022\/03\/Arbeitsmaterial-1-768x630.jpg 768w, https:\/\/kuwehi.de\/wp-content\/uploads\/2022\/03\/Arbeitsmaterial-1-1536x1260.jpg 1536w, https:\/\/kuwehi.de\/wp-content\/uploads\/2022\/03\/Arbeitsmaterial-1-2048x1680.jpg 2048w, https:\/\/kuwehi.de\/wp-content\/uploads\/2022\/03\/Arbeitsmaterial-1-1600x1313.jpg 1600w\" sizes=\"(max-width: 300px) 100vw, 300px\" \/><\/h5>\n<h5><\/h5>\n<h5>&#8230; in Teil 1 bauen wir eine Blumenpresse aus Holz, sammeln Bl\u00fcten und Bl\u00e4tter, die euch gefallen und die bis zum Teil 2 getrocknet sein werden.<\/h5>\n<h5>&#8230; in Teil 2 stellen wir umweltfreundliches Recyclingpapier her \u2013 handgesch\u00f6pft und mit den gepressten Bl\u00fcten und Bl\u00e4ttern aus Teil 1 verziert.<\/h5>\n<h5>Jede\/r von euch hat am Ende mehrere Seiten einzigartiger Papiere mit denen ihr ein kleines Buch oder auch Lesezeichen weiter gestalten k\u00f6nnt &#8230;und nat\u00fcrlich die Blumenpresse von Teil 1.<\/h5>\n","protected":false},"excerpt":{"rendered":"<p>Samstagswerkstatt (2 Samstage) Bl\u00fcten, Bl\u00e4tter und Papier mit Andrea Mallwitz-Jander (ab 8 Jahren) &nbsp; Unsere Natur mit ihrer artenreichen Pflanzenwelt&hellip;<\/p>\n","protected":false},"author":1,"featured_media":4904,"parent":0,"menu_order":0,"comment_status":"closed","ping_status":"closed","template":"","meta":{"_price":"","_stock":"","_tribe_ticket_header":"","_tribe_default_ticket_provider":"","_tribe_ticket_capacity":"0","_ticket_start_date":"","_ticket_end_date":"","_tribe_ticket_show_description":"","_tribe_ticket_show_not_going":false,"_tribe_ticket_use_global_stock":"","_tribe_ticket_global_stock_level":"","_global_stock_mode":"","_global_stock_cap":"","_tribe_rsvp_for_event":"","_tribe_ticket_going_count":"","_tribe_ticket_not_going_count":"","_tribe_tickets_list":"[]","_tribe_ticket_has_attendee_info_fields":false,"footnotes":"","_tec_slr_enabled":"","_tec_slr_layout":""},"class_list":["post-4897","page","type-page","status-publish","has-post-thumbnail","hentry"],"ticketed":false,"_links":{"self":[{"href":"https:\/\/kuwehi.de\/index.php?rest_route=\/wp\/v2\/pages\/4897","targetHints":{"allow":["GET"]}}],"collection":[{"href":"https:\/\/kuwehi.de\/index.php?rest_route=\/wp\/v2\/pages"}],"about":[{"href":"https:\/\/kuwehi.de\/index.php?rest_route=\/wp\/v2\/types\/page"}],"author":[{"embeddable":true,"href":"https:\/\/kuwehi.de\/index.php?rest_route=\/wp\/v2\/users\/1"}],"replies":[{"embeddable":true,"href":"https:\/\/kuwehi.de\/index.php?rest_route=%2Fwp%2Fv2%2Fcomments&post=4897"}],"version-history":[{"count":11,"href":"https:\/\/kuwehi.de\/index.php?rest_route=\/wp\/v2\/pages\/4897\/revisions"}],"predecessor-version":[{"id":6584,"href":"https:\/\/kuwehi.de\/index.php?rest_route=\/wp\/v2\/pages\/4897\/revisions\/6584"}],"wp:featuredmedia":[{"embeddable":true,"href":"https:\/\/kuwehi.de\/index.php?rest_route=\/wp\/v2\/media\/4904"}],"wp:attachment":[{"href":"https:\/\/kuwehi.de\/index.php?rest_route=%2Fwp%2Fv2%2Fmedia&parent=4897"}],"curies":[{"name":"wp","href":"https:\/\/api.w.org\/{rel}","templated":true}]}}