{"id":2735,"date":"2021-01-28T19:01:49","date_gmt":"2021-01-28T18:01:49","guid":{"rendered":"http:\/\/kuwehi.de\/?page_id=2735"},"modified":"2023-01-23T10:18:15","modified_gmt":"2023-01-23T09:18:15","slug":"bilder-naehen","status":"publish","type":"page","link":"https:\/\/kuwehi.de\/?page_id=2735","title":{"rendered":"Bilder n\u00e4hen"},"content":{"rendered":"<h1 class=\"page-content\" style=\"text-align: center;\"><strong><img fetchpriority=\"high\" decoding=\"async\" class=\" wp-image-2738 alignleft\" src=\"https:\/\/kuwehi.de\/wp-content\/uploads\/2021\/01\/Bilder-naehen-Maedchen-225x300.jpg\" alt=\"\" width=\"262\" height=\"350\" srcset=\"https:\/\/kuwehi.de\/wp-content\/uploads\/2021\/01\/Bilder-naehen-Maedchen-225x300.jpg 225w, https:\/\/kuwehi.de\/wp-content\/uploads\/2021\/01\/Bilder-naehen-Maedchen-768x1024.jpg 768w, https:\/\/kuwehi.de\/wp-content\/uploads\/2021\/01\/Bilder-naehen-Maedchen-1152x1536.jpg 1152w, https:\/\/kuwehi.de\/wp-content\/uploads\/2021\/01\/Bilder-naehen-Maedchen.jpg 1200w\" sizes=\"(max-width: 262px) 100vw, 262px\" \/><\/strong><\/h1>\n<h3 style=\"text-align: center;\"><span style=\"color: #ff0000;\"><strong>Samstagswerkstatt (<\/strong><\/span><strong><span style=\"color: #ff0000;\">2 zusammenh\u00e4ngende Samstage)<\/span><\/strong><\/h3>\n<h5 class=\"page-content\" style=\"text-align: center;\"><strong>mit Clotilde Bonhert<\/strong><\/h5>\n<h1 class=\"page-content\" style=\"text-align: center;\"><strong>Bilder n\u00e4hen <\/strong><\/h1>\n<h5 class=\"page-content\" style=\"text-align: center;\"><strong>(F\u00fcr 10- bis 14 &#8211; J\u00e4hrige)<\/strong><\/h5>\n<p>&nbsp;<\/p>\n<div class=\"page-content\">\n<h5><\/h5>\n<h5><strong>Ein Bild gezeichnet oder gemalt hat sicher jede\/r von uns schon mal. Aber hast Du schon einmal versucht eines auf Stoff zu n\u00e4hen? Mit verschiedenfarbigen Garnen und Stoffresten entsteht durch das Herstellen und Aufb\u00fcgeln von Applikationen und dazu passenden Ziern\u00e4hten ein Bild auf einem Stoff, das Du zu einem gerahmten Bild verwandelst. Wenn du eine eigene N\u00e4hmaschine hast, bring sie bitte zum zweiten Termin mit.\u00a0 Deinen Lieblingsstoff von Zuhause kannst du nat\u00fcrlich auch verwenden.<\/strong><\/h5>\n<h5 style=\"text-align: center;\"><strong>Muster, Landschaften, Bl\u00fcten oder Figuren? Welche Ideen hast Du?<\/strong><\/h5>\n<\/div>\n","protected":false},"excerpt":{"rendered":"<p>Samstagswerkstatt (2 zusammenh\u00e4ngende Samstage) mit Clotilde Bonhert Bilder n\u00e4hen (F\u00fcr 10- bis 14 &#8211; J\u00e4hrige) &nbsp; Ein Bild gezeichnet oder&hellip;<\/p>\n","protected":false},"author":1,"featured_media":2742,"parent":0,"menu_order":0,"comment_status":"closed","ping_status":"closed","template":"","meta":{"_price":"","_stock":"","_tribe_ticket_header":"","_tribe_default_ticket_provider":"","_tribe_ticket_capacity":"0","_ticket_start_date":"","_ticket_end_date":"","_tribe_ticket_show_description":"","_tribe_ticket_show_not_going":false,"_tribe_ticket_use_global_stock":"","_tribe_ticket_global_stock_level":"","_global_stock_mode":"","_global_stock_cap":"","_tribe_rsvp_for_event":"","_tribe_ticket_going_count":"","_tribe_ticket_not_going_count":"","_tribe_tickets_list":"[]","_tribe_ticket_has_attendee_info_fields":false,"footnotes":"","_tec_slr_enabled":"","_tec_slr_layout":""},"class_list":["post-2735","page","type-page","status-publish","has-post-thumbnail","hentry"],"ticketed":false,"_links":{"self":[{"href":"https:\/\/kuwehi.de\/index.php?rest_route=\/wp\/v2\/pages\/2735","targetHints":{"allow":["GET"]}}],"collection":[{"href":"https:\/\/kuwehi.de\/index.php?rest_route=\/wp\/v2\/pages"}],"about":[{"href":"https:\/\/kuwehi.de\/index.php?rest_route=\/wp\/v2\/types\/page"}],"author":[{"embeddable":true,"href":"https:\/\/kuwehi.de\/index.php?rest_route=\/wp\/v2\/users\/1"}],"replies":[{"embeddable":true,"href":"https:\/\/kuwehi.de\/index.php?rest_route=%2Fwp%2Fv2%2Fcomments&post=2735"}],"version-history":[{"count":21,"href":"https:\/\/kuwehi.de\/index.php?rest_route=\/wp\/v2\/pages\/2735\/revisions"}],"predecessor-version":[{"id":6598,"href":"https:\/\/kuwehi.de\/index.php?rest_route=\/wp\/v2\/pages\/2735\/revisions\/6598"}],"wp:featuredmedia":[{"embeddable":true,"href":"https:\/\/kuwehi.de\/index.php?rest_route=\/wp\/v2\/media\/2742"}],"wp:attachment":[{"href":"https:\/\/kuwehi.de\/index.php?rest_route=%2Fwp%2Fv2%2Fmedia&parent=2735"}],"curies":[{"name":"wp","href":"https:\/\/api.w.org\/{rel}","templated":true}]}}