{"id":2498,"date":"2021-01-04T15:18:13","date_gmt":"2021-01-04T15:18:13","guid":{"rendered":"http:\/\/kuwehi.de\/?page_id=2498"},"modified":"2025-05-20T19:44:02","modified_gmt":"2025-05-20T17:44:02","slug":"offene-gartentore-auf-gut-hiddenhausen","status":"publish","type":"page","link":"https:\/\/kuwehi.de\/?page_id=2498","title":{"rendered":"LWL &#8211; Tage der G\u00e4rten und Parks auf Gut Hiddenhausen"},"content":{"rendered":"<h1 style=\"text-align: center;\"><strong>\u201eOffene Gartentore\u201c im Kreis Herford<\/strong><\/h1>\n<h5><img fetchpriority=\"high\" decoding=\"async\" class=\"aligncenter wp-image-10308 size-large\" src=\"https:\/\/kuwehi.de\/wp-content\/uploads\/2025\/05\/Tag_der_Gaerten_und_Parks2025-1024x1024.jpg\" alt=\"\" width=\"688\" height=\"688\" srcset=\"https:\/\/kuwehi.de\/wp-content\/uploads\/2025\/05\/Tag_der_Gaerten_und_Parks2025-1024x1024.jpg 1024w, https:\/\/kuwehi.de\/wp-content\/uploads\/2025\/05\/Tag_der_Gaerten_und_Parks2025-300x300.jpg 300w, https:\/\/kuwehi.de\/wp-content\/uploads\/2025\/05\/Tag_der_Gaerten_und_Parks2025-150x150.jpg 150w, https:\/\/kuwehi.de\/wp-content\/uploads\/2025\/05\/Tag_der_Gaerten_und_Parks2025-768x768.jpg 768w, https:\/\/kuwehi.de\/wp-content\/uploads\/2025\/05\/Tag_der_Gaerten_und_Parks2025.jpg 1240w\" sizes=\"(max-width: 688px) 100vw, 688px\" \/><\/h5>\n<h5><span style=\"font-family: arial, helvetica, sans-serif;\"><strong><span style=\"font-size: 18pt;\">In den das Geb\u00e4ude umgebenden Beeten vermischen sich bl\u00fchfreudige und robuste Stauden und Kr\u00e4uter sowie einj\u00e4hrige Blumen \u00fcber die gesamte Vegetationsperiode. Diese k\u00f6nnen Anregung f\u00fcr eine insektenfreundliche Gartengestaltung geben. W\u00e4hrend der <span style=\"color: #808080;\"><a style=\"color: #808080;\" href=\"https:\/\/www.gaerten-in-westfalen.de\/de\/\">LWL-Tage der G\u00e4rten und Parks<\/a><\/span> finden auch verschiedene Angebote in unseren R\u00e4umen statt. Zum Beispiel:<br \/>\n<\/span><\/strong><\/span><\/h5>\n<div class=\"md-order-bottom\">\n<div class=\"col-md-8 pull-right-md\">\n<h3 style=\"text-align: center;\">Samstag, 14. Juni 2025, 14-18 Uhr<\/h3>\n<h3 style=\"text-align: center;\"><strong>Kleine Blume ganz GRO\u00df! FamilienWerkstatt<\/strong><\/h3>\n<p><strong>Uhrzeit: 14:30 &#8211; 17:00 Uhr<br \/>\nTreffpunkt:\u00a0<\/strong>Kulturwerkstatt Hiddenhausen, Maschstra\u00dfe 26, 32120 Hiddenhausen<br \/>\n<strong>Hinweis:\u00a0<\/strong>Kursgeb\u00fchren: Kind ab 8 Jahren: 6\u20ac + 1 Erwachsener: 15\u20ac<\/p>\n<p>Wir lassen uns von der fr\u00fchsommerlichen Bl\u00fctenpracht inspirieren und entwickeln zeichnerisch aus Skizzen nach der Natur gro\u00dfe Bl\u00fctenformen, die mit selbsthergestellten Schablonen auf Bildformate gedruckt werden. Daf\u00fcr lernen wir verschiedene Zeichentechniken kennen und bewegen uns bildnerisch fast so wie ber\u00fchmte street-art-K\u00fcnstler. Zusammen macht es noch mehr<br \/>\nSpa\u00df! Kursangebot f\u00fcr Kinder und einen ihrer Lieblingsmenschen.<\/p>\n<h3 style=\"text-align: center;\">Sonntag, 15. Juni 2025, 11-18 Uhr<\/h3>\n<h3 style=\"text-align: center;\"><strong>Blumenbilder in Aquarell &#8211; FamilienWerkstatt<\/strong><\/h3>\n<p><strong>Uhrzeit: 14:00 &#8211; 16:30 Uhr<br \/>\nTreffpunkt:<\/strong> Kulturwerkstatt Hiddenhausen, Maschstra\u00dfe 26, 32120 Hiddenhausen<br \/>\n<strong>Hinweis:\u00a0<\/strong>Kosten: Kinder 6 Euro, Erwachsene 15 Euro<\/p>\n<p>Der Garten bl\u00fcht und inspiriert zu farbenfrohen Blumenbildern! In der Na\u00df-in-Na\u00df-Technik lernen wir zun\u00e4chst die Farben zu mischen, auch in Partner-und Gruppen\u00fcbungen. Mit dieser bunten Palette k\u00f6nnen wir dann in Farben schwelgen und Blumenimpressionen wiedergeben. Ein Kurs f\u00fcr Kinder von 6-9 Jahren, gerne mit Eltern\/Gro\u00dfeltern.<\/p>\n<\/div>\n<\/div>\n<h5><\/h5>\n<h5 style=\"text-align: center;\"><span style=\"font-family: arial, helvetica, sans-serif;\"><strong><span style=\"font-size: 18pt;\">Wir freuen uns auf Ihren Besuch!<\/span><\/strong><\/span><\/h5>\n<h5><\/h5>\n<p><img decoding=\"async\" class=\"alignleft wp-image-5250\" src=\"https:\/\/kuwehi.de\/wp-content\/uploads\/2022\/07\/IMG_20220522_121212-225x300.jpg\" alt=\"\" width=\"263\" height=\"350\" srcset=\"https:\/\/kuwehi.de\/wp-content\/uploads\/2022\/07\/IMG_20220522_121212-225x300.jpg 225w, https:\/\/kuwehi.de\/wp-content\/uploads\/2022\/07\/IMG_20220522_121212-768x1024.jpg 768w, https:\/\/kuwehi.de\/wp-content\/uploads\/2022\/07\/IMG_20220522_121212-1152x1536.jpg 1152w, https:\/\/kuwehi.de\/wp-content\/uploads\/2022\/07\/IMG_20220522_121212-1536x2048.jpg 1536w, https:\/\/kuwehi.de\/wp-content\/uploads\/2022\/07\/IMG_20220522_121212-1600x2133.jpg 1600w, https:\/\/kuwehi.de\/wp-content\/uploads\/2022\/07\/IMG_20220522_121212-scaled.jpg 1920w\" sizes=\"(max-width: 263px) 100vw, 263px\" \/><\/p>\n<p><img decoding=\"async\" class=\"alignleft wp-image-1826\" src=\"https:\/\/kuwehi.de\/wp-content\/uploads\/2020\/06\/M\u00e4rz12-2-115-300x225.jpg\" alt=\"\" width=\"467\" height=\"350\" srcset=\"https:\/\/kuwehi.de\/wp-content\/uploads\/2020\/06\/M\u00e4rz12-2-115-300x225.jpg 300w, https:\/\/kuwehi.de\/wp-content\/uploads\/2020\/06\/M\u00e4rz12-2-115-1024x768.jpg 1024w, https:\/\/kuwehi.de\/wp-content\/uploads\/2020\/06\/M\u00e4rz12-2-115-768x576.jpg 768w, https:\/\/kuwehi.de\/wp-content\/uploads\/2020\/06\/M\u00e4rz12-2-115-1536x1152.jpg 1536w, https:\/\/kuwehi.de\/wp-content\/uploads\/2020\/06\/M\u00e4rz12-2-115-2048x1536.jpg 2048w, https:\/\/kuwehi.de\/wp-content\/uploads\/2020\/06\/M\u00e4rz12-2-115-1600x1200.jpg 1600w\" sizes=\"(max-width: 467px) 100vw, 467px\" \/><\/p>\n<p><img loading=\"lazy\" decoding=\"async\" class=\"alignleft wp-image-7275\" src=\"https:\/\/kuwehi.de\/wp-content\/uploads\/2023\/05\/20230502_184254-84x150.jpg\" alt=\"\" width=\"197\" height=\"350\" srcset=\"https:\/\/kuwehi.de\/wp-content\/uploads\/2023\/05\/20230502_184254-84x150.jpg 84w, https:\/\/kuwehi.de\/wp-content\/uploads\/2023\/05\/20230502_184254-169x300.jpg 169w, https:\/\/kuwehi.de\/wp-content\/uploads\/2023\/05\/20230502_184254-576x1024.jpg 576w, https:\/\/kuwehi.de\/wp-content\/uploads\/2023\/05\/20230502_184254-768x1365.jpg 768w, https:\/\/kuwehi.de\/wp-content\/uploads\/2023\/05\/20230502_184254-864x1536.jpg 864w, https:\/\/kuwehi.de\/wp-content\/uploads\/2023\/05\/20230502_184254-1152x2048.jpg 1152w, https:\/\/kuwehi.de\/wp-content\/uploads\/2023\/05\/20230502_184254-1600x2844.jpg 1600w, https:\/\/kuwehi.de\/wp-content\/uploads\/2023\/05\/20230502_184254-scaled.jpg 1440w\" sizes=\"(max-width: 197px) 100vw, 197px\" \/><\/p>\n<p><img loading=\"lazy\" decoding=\"async\" class=\"alignleft wp-image-1230\" src=\"https:\/\/kuwehi.de\/wp-content\/uploads\/2020\/05\/Wilkommen-2-1-300x300.jpg\" alt=\"\" width=\"350\" height=\"350\" srcset=\"https:\/\/kuwehi.de\/wp-content\/uploads\/2020\/05\/Wilkommen-2-1-300x300.jpg 300w, https:\/\/kuwehi.de\/wp-content\/uploads\/2020\/05\/Wilkommen-2-1-1024x1024.jpg 1024w, https:\/\/kuwehi.de\/wp-content\/uploads\/2020\/05\/Wilkommen-2-1-150x150.jpg 150w, https:\/\/kuwehi.de\/wp-content\/uploads\/2020\/05\/Wilkommen-2-1-768x768.jpg 768w, https:\/\/kuwehi.de\/wp-content\/uploads\/2020\/05\/Wilkommen-2-1.jpg 1200w\" sizes=\"(max-width: 350px) 100vw, 350px\" \/><\/p>\n","protected":false},"excerpt":{"rendered":"<p>\u201eOffene Gartentore\u201c im Kreis Herford In den das Geb\u00e4ude umgebenden Beeten vermischen sich bl\u00fchfreudige und robuste Stauden und Kr\u00e4uter sowie&hellip;<\/p>\n","protected":false},"author":1,"featured_media":836,"parent":0,"menu_order":0,"comment_status":"closed","ping_status":"closed","template":"","meta":{"_price":"","_stock":"","_tribe_ticket_header":"","_tribe_default_ticket_provider":"","_tribe_ticket_capacity":"0","_ticket_start_date":"","_ticket_end_date":"","_tribe_ticket_show_description":"","_tribe_ticket_show_not_going":false,"_tribe_ticket_use_global_stock":"","_tribe_ticket_global_stock_level":"","_global_stock_mode":"","_global_stock_cap":"","_tribe_rsvp_for_event":"","_tribe_ticket_going_count":"","_tribe_ticket_not_going_count":"","_tribe_tickets_list":"[]","_tribe_ticket_has_attendee_info_fields":false,"footnotes":"","_tec_slr_enabled":"","_tec_slr_layout":""},"class_list":["post-2498","page","type-page","status-publish","has-post-thumbnail","hentry"],"ticketed":false,"_links":{"self":[{"href":"https:\/\/kuwehi.de\/index.php?rest_route=\/wp\/v2\/pages\/2498","targetHints":{"allow":["GET"]}}],"collection":[{"href":"https:\/\/kuwehi.de\/index.php?rest_route=\/wp\/v2\/pages"}],"about":[{"href":"https:\/\/kuwehi.de\/index.php?rest_route=\/wp\/v2\/types\/page"}],"author":[{"embeddable":true,"href":"https:\/\/kuwehi.de\/index.php?rest_route=\/wp\/v2\/users\/1"}],"replies":[{"embeddable":true,"href":"https:\/\/kuwehi.de\/index.php?rest_route=%2Fwp%2Fv2%2Fcomments&post=2498"}],"version-history":[{"count":34,"href":"https:\/\/kuwehi.de\/index.php?rest_route=\/wp\/v2\/pages\/2498\/revisions"}],"predecessor-version":[{"id":10312,"href":"https:\/\/kuwehi.de\/index.php?rest_route=\/wp\/v2\/pages\/2498\/revisions\/10312"}],"wp:featuredmedia":[{"embeddable":true,"href":"https:\/\/kuwehi.de\/index.php?rest_route=\/wp\/v2\/media\/836"}],"wp:attachment":[{"href":"https:\/\/kuwehi.de\/index.php?rest_route=%2Fwp%2Fv2%2Fmedia&parent=2498"}],"curies":[{"name":"wp","href":"https:\/\/api.w.org\/{rel}","templated":true}]}}