{"id":2352,"date":"2020-12-18T21:42:11","date_gmt":"2020-12-18T21:42:11","guid":{"rendered":"http:\/\/kuwehi.de\/?page_id=2352"},"modified":"2021-03-26T16:46:01","modified_gmt":"2021-03-26T15:46:01","slug":"burkina-technik-fuer-fortgeschrittene","status":"publish","type":"page","link":"https:\/\/kuwehi.de\/?page_id=2352","title":{"rendered":"Burkina-Technik f\u00fcr Anf\u00e4nger und Fortgeschrittene"},"content":{"rendered":"<h1 style=\"text-align: center;\"><span style=\"font-family: verdana, geneva;\">Burkina-Technik f\u00fcr Anf\u00e4nger und Fortgeschrittene<\/span><\/h1>\n<h3 style=\"text-align: center;\"><strong>Regina Sommer<\/strong><\/h3>\n<p>&nbsp;<\/p>\n<p><img fetchpriority=\"high\" decoding=\"async\" class=\"alignleft wp-image-2345\" src=\"https:\/\/kuwehi.de\/wp-content\/uploads\/2020\/12\/Burkina-Technik1-300x200.jpg\" alt=\"\" width=\"630\" height=\"420\" srcset=\"https:\/\/kuwehi.de\/wp-content\/uploads\/2020\/12\/Burkina-Technik1-300x200.jpg 300w, https:\/\/kuwehi.de\/wp-content\/uploads\/2020\/12\/Burkina-Technik1-768x512.jpg 768w, https:\/\/kuwehi.de\/wp-content\/uploads\/2020\/12\/Burkina-Technik1.jpg 1024w\" sizes=\"(max-width: 630px) 100vw, 630px\" \/><\/p>\n<h5><span style=\"font-family: verdana, geneva;\"><img decoding=\"async\" class=\"alignright size-medium wp-image-2309\" src=\"https:\/\/kuwehi.de\/wp-content\/uploads\/2020\/12\/Burkinatechnik-Weide-Quadrat-300x300.jpg\" alt=\"\" width=\"300\" height=\"300\" srcset=\"https:\/\/kuwehi.de\/wp-content\/uploads\/2020\/12\/Burkinatechnik-Weide-Quadrat-300x300.jpg 300w, https:\/\/kuwehi.de\/wp-content\/uploads\/2020\/12\/Burkinatechnik-Weide-Quadrat-150x150.jpg 150w, https:\/\/kuwehi.de\/wp-content\/uploads\/2020\/12\/Burkinatechnik-Weide-Quadrat.jpg 683w\" sizes=\"(max-width: 300px) 100vw, 300px\" \/>Die Burkina-Technik hat ihren Ursprung in Afrika. In Burkina Faso werden Strohh\u00fcte der Sch\u00e4fer in dieser Flechttechnik, die wie eine Spirale\u00a0\u00a0aufgebaut ist, geflochten. Wir flechten in dieser Technik aus Weide\u00a0\u00a0kleine, leichte, lichtdurchl\u00e4ssige K\u00f6rbe, die wunderbar zur Aufbewahrung von N\u00fcssen, Knoblauch und vielen anderen Dingen oder zusammen mit T\u00f6pfen und Gl\u00e4sern als Blumen\u00fcbert\u00f6pfe oder Windlichthalter zu verwenden sind.<\/span><\/h5>\n<h5><img decoding=\"async\" class=\"alignleft wp-image-2353\" src=\"https:\/\/kuwehi.de\/wp-content\/uploads\/2020\/12\/Burkinatechnik-Tasche-Weide-225x300.jpg\" alt=\"\" width=\"398\" height=\"531\" srcset=\"https:\/\/kuwehi.de\/wp-content\/uploads\/2020\/12\/Burkinatechnik-Tasche-Weide-225x300.jpg 225w, https:\/\/kuwehi.de\/wp-content\/uploads\/2020\/12\/Burkinatechnik-Tasche-Weide.jpg 768w\" sizes=\"(max-width: 398px) 100vw, 398px\" \/><\/h5>\n<h5><\/h5>\n<h5><\/h5>\n<h5><\/h5>\n<h5><\/h5>\n<h5><\/h5>\n<p>&nbsp;<\/p>\n<h5><span style=\"font-family: verdana, geneva;\">Fortgeschrittene k\u00f6nnen in der Burkina-Technik gr\u00f6\u00dfere K\u00f6rbe und Taschen flechten. Voraussetzung daf\u00fcr ist, dass die TeilnehmerInnen mit der Flechttechnik vertraut sind.<\/span><\/h5>\n<h5><span style=\"font-family: verdana, geneva;\">Mitzubringen ist eine Rosenschere.<\/span><\/h5>\n<p>&nbsp;<\/p>\n<h5 style=\"text-align: center;\"><span style=\"font-family: verdana, geneva;\"><strong>Termin:<\/strong> <\/span><span style=\"font-family: verdana, geneva;\">Samstag, 17.04.2021, 9:00 &#8211; 18:00 Uhr<\/span><\/h5>\n<h6 style=\"text-align: left;\"><span style=\"color: #800000;\">Leider mussten wir diesen Kurs aufgrund des Lockdowns absagen. Haben Sie Interesse an solcheinem Kurs teilzunehmen, schreiben Sie uns gern <a style=\"color: #800000;\" href=\"https:\/\/kuwehi.de\/?page_id=20\">&gt;HIER&lt;<\/a> eine Nachricht. Dann werden wir Sie, sobald ein neuer Termin gefunden ist, dar\u00fcber informieren.<\/span><\/h6>\n<h5 style=\"text-align: center;\"><strong><span style=\"font-family: verdana, geneva;\">Kursgeb\u00fchr: <\/span><\/strong><span style=\"font-family: verdana, geneva;\">70 Euro plus ca. 12 Euro Materialkosten<\/span><\/h5>\n<p>&nbsp;<\/p>\n","protected":false},"excerpt":{"rendered":"<p>Burkina-Technik f\u00fcr Anf\u00e4nger und Fortgeschrittene Regina Sommer &nbsp; Die Burkina-Technik hat ihren Ursprung in Afrika. In Burkina Faso werden Strohh\u00fcte&hellip;<\/p>\n","protected":false},"author":1,"featured_media":2343,"parent":0,"menu_order":0,"comment_status":"closed","ping_status":"closed","template":"","meta":{"_price":"","_stock":"","_tribe_ticket_header":"","_tribe_default_ticket_provider":"","_tribe_ticket_capacity":"0","_ticket_start_date":"","_ticket_end_date":"","_tribe_ticket_show_description":"","_tribe_ticket_show_not_going":false,"_tribe_ticket_use_global_stock":"","_tribe_ticket_global_stock_level":"","_global_stock_mode":"","_global_stock_cap":"","_tribe_rsvp_for_event":"","_tribe_ticket_going_count":"","_tribe_ticket_not_going_count":"","_tribe_tickets_list":"[]","_tribe_ticket_has_attendee_info_fields":false,"footnotes":"","_tec_slr_enabled":"","_tec_slr_layout":""},"class_list":["post-2352","page","type-page","status-publish","has-post-thumbnail","hentry"],"ticketed":false,"_links":{"self":[{"href":"https:\/\/kuwehi.de\/index.php?rest_route=\/wp\/v2\/pages\/2352","targetHints":{"allow":["GET"]}}],"collection":[{"href":"https:\/\/kuwehi.de\/index.php?rest_route=\/wp\/v2\/pages"}],"about":[{"href":"https:\/\/kuwehi.de\/index.php?rest_route=\/wp\/v2\/types\/page"}],"author":[{"embeddable":true,"href":"https:\/\/kuwehi.de\/index.php?rest_route=\/wp\/v2\/users\/1"}],"replies":[{"embeddable":true,"href":"https:\/\/kuwehi.de\/index.php?rest_route=%2Fwp%2Fv2%2Fcomments&post=2352"}],"version-history":[{"count":17,"href":"https:\/\/kuwehi.de\/index.php?rest_route=\/wp\/v2\/pages\/2352\/revisions"}],"predecessor-version":[{"id":3087,"href":"https:\/\/kuwehi.de\/index.php?rest_route=\/wp\/v2\/pages\/2352\/revisions\/3087"}],"wp:featuredmedia":[{"embeddable":true,"href":"https:\/\/kuwehi.de\/index.php?rest_route=\/wp\/v2\/media\/2343"}],"wp:attachment":[{"href":"https:\/\/kuwehi.de\/index.php?rest_route=%2Fwp%2Fv2%2Fmedia&parent=2352"}],"curies":[{"name":"wp","href":"https:\/\/api.w.org\/{rel}","templated":true}]}}