{"id":1410,"date":"2020-05-02T09:51:21","date_gmt":"2020-05-02T09:51:21","guid":{"rendered":"http:\/\/test.kuwehi.de\/?page_id=1410"},"modified":"2023-01-23T10:07:29","modified_gmt":"2023-01-23T09:07:29","slug":"grafitti","status":"publish","type":"page","link":"https:\/\/kuwehi.de\/?page_id=1410","title":{"rendered":"Grafitti 1 und 2 im Mai 2022"},"content":{"rendered":"<div class=\"page-content\">\n<h3 style=\"text-align: center;\"><img fetchpriority=\"high\" decoding=\"async\" class=\"alignright wp-image-2600\" src=\"https:\/\/kuwehi.de\/wp-content\/uploads\/2021\/01\/November-2012-022-300x225.jpg\" alt=\"\" width=\"400\" height=\"300\" srcset=\"https:\/\/kuwehi.de\/wp-content\/uploads\/2021\/01\/November-2012-022-300x225.jpg 300w, https:\/\/kuwehi.de\/wp-content\/uploads\/2021\/01\/November-2012-022-1024x768.jpg 1024w, https:\/\/kuwehi.de\/wp-content\/uploads\/2021\/01\/November-2012-022-768x576.jpg 768w, https:\/\/kuwehi.de\/wp-content\/uploads\/2021\/01\/November-2012-022-1536x1152.jpg 1536w, https:\/\/kuwehi.de\/wp-content\/uploads\/2021\/01\/November-2012-022-2048x1536.jpg 2048w, https:\/\/kuwehi.de\/wp-content\/uploads\/2021\/01\/November-2012-022-1600x1200.jpg 1600w\" sizes=\"(max-width: 400px) 100vw, 400px\" \/><\/h3>\n<h3><\/h3>\n<h3><\/h3>\n<h3><\/h3>\n<h3 style=\"text-align: center;\"><strong><span style=\"color: #ff0000;\">Samstagswerkstatt (2 zusammenh\u00e4ngende Samstage)<\/span><\/strong><\/h3>\n<h1 style=\"text-align: center;\"><strong>Graffiti 1 und 2<br \/>\n<\/strong><\/h1>\n<h5 style=\"text-align: center;\">mit K.W. Benn<\/h5>\n<h3 style=\"text-align: center;\">(ab 9 Jahren)<\/h3>\n<h5>Wie wird Dein Name zum Graffiti-Bild? Wir entwickeln mit 3D &#8211; Schrift und vielen gewagten Ideen einen eigenen farbigen Graffiti-Entwurf, der absolut geeignet w\u00e4re, eine Hauswand legal zu zieren, der zwar gro\u00df, aber transportabel ist, damit Du ihn mit nach Hause nehmen kannst, um ihn aufzuh\u00e4ngen.<\/h5>\n<h5>Es muss ja nicht dein Name sein! Vielleicht hast du ja stattdessen Lust dein Lieblingswort in eine besondere Form zu bringen? &#8230;<\/h5>\n<h5><img decoding=\"async\" class=\" wp-image-2601 alignleft\" src=\"https:\/\/kuwehi.de\/wp-content\/uploads\/2021\/01\/Garffiti-300x243.jpg\" alt=\"\" width=\"428\" height=\"347\" srcset=\"https:\/\/kuwehi.de\/wp-content\/uploads\/2021\/01\/Garffiti-300x243.jpg 300w, https:\/\/kuwehi.de\/wp-content\/uploads\/2021\/01\/Garffiti-1024x828.jpg 1024w, https:\/\/kuwehi.de\/wp-content\/uploads\/2021\/01\/Garffiti-768x621.jpg 768w, https:\/\/kuwehi.de\/wp-content\/uploads\/2021\/01\/Garffiti.jpg 1417w\" sizes=\"(max-width: 428px) 100vw, 428px\" \/><\/h5>\n<h5>Damit wir die Umwelt nicht vergiften, malen wir mit Pinseln.<\/h5>\n<h5>Wenn du aber <em><strong>unbedingt mal spr\u00fchen<\/strong><\/em> willst, dann kommst Du am zweiten Graffiti &#8211; Samstag auf Deine Kosten! Denn da erproben wir verschiedene Spr\u00fchtechniken, wie sie schon in der Steinzeit angewandt wurden und stellen Schablonen her, so wie viele ber\u00fchmte Graffiti-K\u00fcnstler heutzutage.<\/h5>\n<\/div>\n","protected":false},"excerpt":{"rendered":"<p>Samstagswerkstatt (2 zusammenh\u00e4ngende Samstage) Graffiti 1 und 2 mit K.W. Benn (ab 9 Jahren) Wie wird Dein Name zum Graffiti-Bild?&hellip;<\/p>\n","protected":false},"author":1,"featured_media":1411,"parent":0,"menu_order":0,"comment_status":"closed","ping_status":"closed","template":"","meta":{"_price":"","_stock":"","_tribe_ticket_header":"","_tribe_default_ticket_provider":"","_tribe_ticket_capacity":"0","_ticket_start_date":"","_ticket_end_date":"","_tribe_ticket_show_description":"","_tribe_ticket_show_not_going":false,"_tribe_ticket_use_global_stock":"","_tribe_ticket_global_stock_level":"","_global_stock_mode":"","_global_stock_cap":"","_tribe_rsvp_for_event":"","_tribe_ticket_going_count":"","_tribe_ticket_not_going_count":"","_tribe_tickets_list":"[]","_tribe_ticket_has_attendee_info_fields":false,"footnotes":"","_tec_slr_enabled":"","_tec_slr_layout":""},"class_list":["post-1410","page","type-page","status-publish","has-post-thumbnail","hentry"],"ticketed":false,"_links":{"self":[{"href":"https:\/\/kuwehi.de\/index.php?rest_route=\/wp\/v2\/pages\/1410","targetHints":{"allow":["GET"]}}],"collection":[{"href":"https:\/\/kuwehi.de\/index.php?rest_route=\/wp\/v2\/pages"}],"about":[{"href":"https:\/\/kuwehi.de\/index.php?rest_route=\/wp\/v2\/types\/page"}],"author":[{"embeddable":true,"href":"https:\/\/kuwehi.de\/index.php?rest_route=\/wp\/v2\/users\/1"}],"replies":[{"embeddable":true,"href":"https:\/\/kuwehi.de\/index.php?rest_route=%2Fwp%2Fv2%2Fcomments&post=1410"}],"version-history":[{"count":18,"href":"https:\/\/kuwehi.de\/index.php?rest_route=\/wp\/v2\/pages\/1410\/revisions"}],"predecessor-version":[{"id":6585,"href":"https:\/\/kuwehi.de\/index.php?rest_route=\/wp\/v2\/pages\/1410\/revisions\/6585"}],"wp:featuredmedia":[{"embeddable":true,"href":"https:\/\/kuwehi.de\/index.php?rest_route=\/wp\/v2\/media\/1411"}],"wp:attachment":[{"href":"https:\/\/kuwehi.de\/index.php?rest_route=%2Fwp%2Fv2%2Fmedia&parent=1410"}],"curies":[{"name":"wp","href":"https:\/\/api.w.org\/{rel}","templated":true}]}}