{"id":10855,"date":"2025-11-11T18:36:04","date_gmt":"2025-11-11T17:36:04","guid":{"rendered":"https:\/\/kuwehi.de\/?page_id=10855"},"modified":"2026-03-31T17:59:25","modified_gmt":"2026-03-31T15:59:25","slug":"elementor-10855","status":"publish","type":"page","link":"https:\/\/kuwehi.de\/?page_id=10855","title":{"rendered":"Zukunft der Kulturwerkstatt"},"content":{"rendered":"\t\t<div data-elementor-type=\"wp-page\" data-elementor-id=\"10855\" class=\"elementor elementor-10855\">\n\t\t\t\t<div class=\"elementor-element elementor-element-f961d54 e-flex e-con-boxed e-con e-parent\" data-id=\"f961d54\" data-element_type=\"container\">\n\t\t\t\t\t<div class=\"e-con-inner\">\n\t\t\t\t<div class=\"elementor-element elementor-element-5534d89 elementor-widget elementor-widget-text-editor\" data-id=\"5534d89\" data-element_type=\"widget\" data-widget_type=\"text-editor.default\">\n\t\t\t\t<div class=\"elementor-widget-container\">\n\t\t\t\t\t\t\t\t\t<h1>Was wird aus der Kuwehi?<\/h1>\t\t\t\t\t\t\t\t<\/div>\n\t\t\t\t<\/div>\n\t\t\t\t\t<\/div>\n\t\t\t\t<\/div>\n\t\t<div class=\"elementor-element elementor-element-40865a8 e-grid e-con-full e-con e-parent\" data-id=\"40865a8\" data-element_type=\"container\">\n\t\t\t\t<div class=\"elementor-element elementor-element-9f79680 elementor-widget elementor-widget-text-editor\" data-id=\"9f79680\" data-element_type=\"widget\" data-widget_type=\"text-editor.default\">\n\t\t\t\t<div class=\"elementor-widget-container\">\n\t\t\t\t\t\t\t\t\t<h3>Auszug aus der Maschstra\u00dfe<\/h3><p><span style=\"font-family: comic sans ms, sans-serif; color: #000000;\">Die Kulturwerkstatt erfindet sich immer wieder neu: Aktuell steht der Auszug aus dem langj\u00e4hrigen Standort, der umgebauten Kornscheune auf Gut Hiddenhausen, an, da dort der Erbpachtvertrag nach 25 Jahren zum Jahresende ausl\u00e4uft. Wie es sich f\u00fcgt, gibt es aber eine Anschluss-L\u00f6sung, die ganz in die Anf\u00e4nge der Kulturwerkstatt zur\u00fcckf\u00fchrt.<\/span><\/p>\t\t\t\t\t\t\t\t<\/div>\n\t\t\t\t<\/div>\n\t\t\t\t<div class=\"elementor-element elementor-element-a3813dc elementor-widget elementor-widget-image\" data-id=\"a3813dc\" data-element_type=\"widget\" data-widget_type=\"image.default\">\n\t\t\t\t<div class=\"elementor-widget-container\">\n\t\t\t\t\t\t\t\t\t\t\t\t\t\t\t<img fetchpriority=\"high\" decoding=\"async\" width=\"688\" height=\"571\" src=\"https:\/\/kuwehi.de\/wp-content\/uploads\/2020\/02\/Kulturwerkstatt-Ansicht-e1584275081614.jpg\" class=\"attachment-large size-large wp-image-4\" alt=\"\" srcset=\"https:\/\/kuwehi.de\/wp-content\/uploads\/2020\/02\/Kulturwerkstatt-Ansicht-e1584275081614.jpg 1024w, https:\/\/kuwehi.de\/wp-content\/uploads\/2020\/02\/Kulturwerkstatt-Ansicht-e1584275081614-300x249.jpg 300w, https:\/\/kuwehi.de\/wp-content\/uploads\/2020\/02\/Kulturwerkstatt-Ansicht-e1584275081614-768x638.jpg 768w\" sizes=\"(max-width: 688px) 100vw, 688px\" \/>\t\t\t\t\t\t\t\t\t\t\t\t\t\t\t<\/div>\n\t\t\t\t<\/div>\n\t\t\t\t<\/div>\n\t\t<div class=\"elementor-element elementor-element-d78073c e-grid e-con-full e-con e-parent\" data-id=\"d78073c\" data-element_type=\"container\">\n\t\t\t\t<div class=\"elementor-element elementor-element-7f3cc24 elementor-widget__width-inherit elementor-widget elementor-widget-text-editor\" data-id=\"7f3cc24\" data-element_type=\"widget\" data-widget_type=\"text-editor.default\">\n\t\t\t\t<div class=\"elementor-widget-container\">\n\t\t\t\t\t\t\t\t\t<h3>Zwischenl\u00f6sung in Oetinghausen<\/h3><p><span style=\"font-family: comic sans ms, sans-serif; color: #000000;\">Diese liegen im ehemaligen &#8218;Textilschauplatz&#8216; in Oetinghausen: Hier boten die zwei Gr\u00fcnderinnen des Vereins urspr\u00fcnglich Kurse rund ums Textil an. Als dieser Verbindungsbereich zwischen ihren<\/span><br \/><span style=\"font-family: comic sans ms, sans-serif; color: #000000;\">beiden Wohnh\u00e4usern als Werkstatt und Lager f\u00fcr die Zimmerei der einen Familie gebraucht wurde, war das der Startpunkt f\u00fcr ein neues, gr\u00f6\u00dferes Projekt. Der Verein &#8218;Kulturwerkstatt Hiddenhausen&#8216; wurde gegr\u00fcndet und in Kooperation mit der Gemeinde und mithilfe von F\u00f6rdergeldern und viel Eigeninitiative wurde im Laufe von 2 Jahren die Kornscheune auf &#8218;Gut Hiddenhausen&#8216; zu einem stilvollen, vielseitig nutzbaren Standort ausgebaut. Breitgef\u00e4cherte Kurse auf handwerklich-k\u00fcnstlerischem Gebiet f\u00fcr alle Altersgruppen und ein Kleinkunstprogramm fanden dort \u00fcber all die Jahre statt und wurden sowohl individuell gebucht als auch von unterschiedlichen Gruppen wahrgenommen. So hat sich die &#8218;Kulturwerkstatt&#8216; einen festen Platz im kulturellen Leben der Gemeinde geschaffen. Nun werden hier wieder ab Februar 2026 \u00fcbergangsweise Angebote der Kulturwerkstatt stattfinden.<\/span><\/p>\t\t\t\t\t\t\t\t<\/div>\n\t\t\t\t<\/div>\n\t\t\t\t<div class=\"elementor-element elementor-element-2ea425a elementor-widget elementor-widget-image\" data-id=\"2ea425a\" data-element_type=\"widget\" data-widget_type=\"image.default\">\n\t\t\t\t<div class=\"elementor-widget-container\">\n\t\t\t\t\t\t\t\t\t\t\t\t\t\t\t<img decoding=\"async\" width=\"659\" height=\"1024\" src=\"https:\/\/kuwehi.de\/wp-content\/uploads\/2026\/02\/Sonntagsstrasse_Aussenansicht-mit-Kuwhei-Schild-659x1024.jpg\" class=\"attachment-large size-large wp-image-11255\" alt=\"\" srcset=\"https:\/\/kuwehi.de\/wp-content\/uploads\/2026\/02\/Sonntagsstrasse_Aussenansicht-mit-Kuwhei-Schild-659x1024.jpg 659w, https:\/\/kuwehi.de\/wp-content\/uploads\/2026\/02\/Sonntagsstrasse_Aussenansicht-mit-Kuwhei-Schild-193x300.jpg 193w, https:\/\/kuwehi.de\/wp-content\/uploads\/2026\/02\/Sonntagsstrasse_Aussenansicht-mit-Kuwhei-Schild-97x150.jpg 97w, https:\/\/kuwehi.de\/wp-content\/uploads\/2026\/02\/Sonntagsstrasse_Aussenansicht-mit-Kuwhei-Schild.jpg 727w\" sizes=\"(max-width: 659px) 100vw, 659px\" \/>\t\t\t\t\t\t\t\t\t\t\t\t\t\t\t<\/div>\n\t\t\t\t<\/div>\n\t\t\t\t<\/div>\n\t\t<div class=\"elementor-element elementor-element-c3adf4e e-grid e-con-full e-con e-parent\" data-id=\"c3adf4e\" data-element_type=\"container\">\n\t\t\t\t<div class=\"elementor-element elementor-element-699e430 elementor-widget elementor-widget-text-editor\" data-id=\"699e430\" data-element_type=\"widget\" data-widget_type=\"text-editor.default\">\n\t\t\t\t<div class=\"elementor-widget-container\">\n\t\t\t\t\t\t\t\t\t<h3>Umzug nach Hof Lindemann<\/h3><p><span style=\"font-family: comic sans ms, sans-serif; color: #000000;\">Seit im Sommer 2023 die Gewissheit heraufzog, dass das Geb\u00e4ude in der Maschsstra\u00dfe ab 2026 nicht mehr zur Verf\u00fcgung stehen wird, ist der Vorstand sehr engagiert dabei, eine Nachfolgel\u00f6sung zu finden. <\/span><span style=\"font-family: comic sans ms, sans-serif; color: #000000;\">Die Gemeinde unterst\u00fctzt dies, indem sie zwei Geb\u00e4udeteile des gemeindeeigenen &#8218;Hof Lindemann&#8216; in Eilshausen zum Ausbau zur Verf\u00fcgung stellt. Der Verein hat daraufhin einen F\u00f6rderantrag beim Landesf\u00f6rderprogramm &#8218;Dritte Orte&#8216; gestellt: Dies bedeutet, dass er sein Konzept im Sinne eines gemeindenahen &#8218;kulturellen Treffpunktes&#8216; erweitern wird und hat daf\u00fcr eine Anschubfinanzierung zur Umsetzung dieses neuen Projektes erlangt. Zusammen mit der Gemeinde bem\u00fcht er sich um weitere F\u00f6rdermittel f\u00fcr den entsprechenden Ausbau der Geb\u00e4ude zum Dritten Ort &#8218;Hof Lindemann&#8216; Dieser soll in rund 2 Jahren abgeschlossen sein.<\/span><\/p><p><span style=\"font-family: comic sans ms, sans-serif; color: #000000;\">Nun schlie\u00dft sich der Kreis: zur\u00fcck zu den Anf\u00e4ngen! Es bietet sich die M\u00f6glichkeit zur<\/span><br \/><span style=\"font-family: comic sans ms, sans-serif; color: #000000;\">\u00dcberbr\u00fcckung dieser Zeitspanne die R\u00e4ume des ehemaligen &#8218;Textilschauplatz&#8216; in Oetinghausen zu nutzen, da diese mittlerweile nur noch teilweise von dem Handwerksbetrieb gebraucht werden. Diese Werkstatt wird nun abermals f\u00fcr die Zeit des Umbaus des neuen Standortes dienen. Aufgrund der kleineren Raumkapazit\u00e4ten werden wir dort nur ein eingeschr\u00e4nktes Programm betreiben, sind aber voller Spannung und Vorfreude auf dem Weg zu neuen Ufern!<\/span><\/p>\t\t\t\t\t\t\t\t<\/div>\n\t\t\t\t<\/div>\n\t\t\t\t<div class=\"elementor-element elementor-element-623fb9f elementor-widget__width-inherit elementor-widget elementor-widget-image\" data-id=\"623fb9f\" data-element_type=\"widget\" data-widget_type=\"image.default\">\n\t\t\t\t<div class=\"elementor-widget-container\">\n\t\t\t\t\t\t\t\t\t\t\t\t\t\t\t<img decoding=\"async\" width=\"2560\" height=\"1440\" src=\"https:\/\/kuwehi.de\/wp-content\/uploads\/2025\/07\/Hof-Lindemann-16zu9-scaled.jpg\" class=\"attachment-full size-full wp-image-10662\" alt=\"\" srcset=\"https:\/\/kuwehi.de\/wp-content\/uploads\/2025\/07\/Hof-Lindemann-16zu9-scaled.jpg 2560w, https:\/\/kuwehi.de\/wp-content\/uploads\/2025\/07\/Hof-Lindemann-16zu9-300x169.jpg 300w, https:\/\/kuwehi.de\/wp-content\/uploads\/2025\/07\/Hof-Lindemann-16zu9-1024x576.jpg 1024w, https:\/\/kuwehi.de\/wp-content\/uploads\/2025\/07\/Hof-Lindemann-16zu9-150x84.jpg 150w, https:\/\/kuwehi.de\/wp-content\/uploads\/2025\/07\/Hof-Lindemann-16zu9-768x432.jpg 768w, https:\/\/kuwehi.de\/wp-content\/uploads\/2025\/07\/Hof-Lindemann-16zu9-1536x864.jpg 1536w, https:\/\/kuwehi.de\/wp-content\/uploads\/2025\/07\/Hof-Lindemann-16zu9-2048x1152.jpg 2048w, https:\/\/kuwehi.de\/wp-content\/uploads\/2025\/07\/Hof-Lindemann-16zu9-1600x900.jpg 1600w\" sizes=\"(max-width: 2560px) 100vw, 2560px\" \/>\t\t\t\t\t\t\t\t\t\t\t\t\t\t\t<\/div>\n\t\t\t\t<\/div>\n\t\t\t\t<\/div>\n\t\t\t\t<\/div>\n\t\t","protected":false},"excerpt":{"rendered":"<p>Was wird aus der Kuwehi? Auszug aus der Maschstra\u00dfe Die Kulturwerkstatt erfindet sich immer wieder neu: Aktuell steht der Auszug&hellip;<\/p>\n","protected":false},"author":1,"featured_media":178,"parent":0,"menu_order":0,"comment_status":"closed","ping_status":"closed","template":"","meta":{"_price":"","_stock":"","_tribe_ticket_header":"","_tribe_default_ticket_provider":"","_tribe_ticket_capacity":"0","_ticket_start_date":"","_ticket_end_date":"","_tribe_ticket_show_description":"","_tribe_ticket_show_not_going":false,"_tribe_ticket_use_global_stock":"","_tribe_ticket_global_stock_level":"","_global_stock_mode":"","_global_stock_cap":"","_tribe_rsvp_for_event":"","_tribe_ticket_going_count":"","_tribe_ticket_not_going_count":"","_tribe_tickets_list":"[]","_tribe_ticket_has_attendee_info_fields":false,"footnotes":"","_tec_slr_enabled":"","_tec_slr_layout":""},"class_list":["post-10855","page","type-page","status-publish","has-post-thumbnail","hentry"],"ticketed":false,"_links":{"self":[{"href":"https:\/\/kuwehi.de\/index.php?rest_route=\/wp\/v2\/pages\/10855","targetHints":{"allow":["GET"]}}],"collection":[{"href":"https:\/\/kuwehi.de\/index.php?rest_route=\/wp\/v2\/pages"}],"about":[{"href":"https:\/\/kuwehi.de\/index.php?rest_route=\/wp\/v2\/types\/page"}],"author":[{"embeddable":true,"href":"https:\/\/kuwehi.de\/index.php?rest_route=\/wp\/v2\/users\/1"}],"replies":[{"embeddable":true,"href":"https:\/\/kuwehi.de\/index.php?rest_route=%2Fwp%2Fv2%2Fcomments&post=10855"}],"version-history":[{"count":46,"href":"https:\/\/kuwehi.de\/index.php?rest_route=\/wp\/v2\/pages\/10855\/revisions"}],"predecessor-version":[{"id":11393,"href":"https:\/\/kuwehi.de\/index.php?rest_route=\/wp\/v2\/pages\/10855\/revisions\/11393"}],"wp:featuredmedia":[{"embeddable":true,"href":"https:\/\/kuwehi.de\/index.php?rest_route=\/wp\/v2\/media\/178"}],"wp:attachment":[{"href":"https:\/\/kuwehi.de\/index.php?rest_route=%2Fwp%2Fv2%2Fmedia&parent=10855"}],"curies":[{"name":"wp","href":"https:\/\/api.w.org\/{rel}","templated":true}]}}

<div data-elementor-type="wp-page" data-elementor-id="10855" class="elementor elementor-10855">
				<div class="elementor-element elementor-element-f961d54 e-flex e-con-boxed e-con e-parent" data-id="f961d54" data-element_type="container">
					<div class="e-con-inner">
				<div class="elementor-element elementor-element-5534d89 elementor-widget elementor-widget-text-editor" data-id="5534d89" data-element_type="widget" data-widget_type="text-editor.default">
				<div class="elementor-widget-container">
									<h1>Was wird aus der Kuwehi?</h1>								</div>
				</div>
					</div>
				</div>
		<div class="elementor-element elementor-element-40865a8 e-grid e-con-full e-con e-parent" data-id="40865a8" data-element_type="container">
				<div class="elementor-element elementor-element-9f79680 elementor-widget elementor-widget-text-editor" data-id="9f79680" data-element_type="widget" data-widget_type="text-editor.default">
				<div class="elementor-widget-container">
									<h3>Auszug aus der Maschstraße</h3><p><span style="font-family: comic sans ms, sans-serif; color: #000000;">Die Kulturwerkstatt erfindet sich immer wieder neu: Aktuell steht der Auszug aus dem langjährigen Standort, der umgebauten Kornscheune auf Gut Hiddenhausen, an, da dort der Erbpachtvertrag nach 25 Jahren zum Jahresende ausläuft. Wie es sich fügt, gibt es aber eine Anschluss-Lösung, die ganz in die Anfänge der Kulturwerkstatt zurückführt.</span></p>								</div>
				</div>
				<div class="elementor-element elementor-element-a3813dc elementor-widget elementor-widget-image" data-id="a3813dc" data-element_type="widget" data-widget_type="image.default">
				<div class="elementor-widget-container">
															<img fetchpriority="high" decoding="async" width="688" height="571" src="https://kuwehi.de/wp-content/uploads/2020/02/Kulturwerkstatt-Ansicht-e1584275081614.jpg" class="attachment-large size-large wp-image-4" alt="" srcset="https://kuwehi.de/wp-content/uploads/2020/02/Kulturwerkstatt-Ansicht-e1584275081614.jpg 1024w, https://kuwehi.de/wp-content/uploads/2020/02/Kulturwerkstatt-Ansicht-e1584275081614-300x249.jpg 300w, https://kuwehi.de/wp-content/uploads/2020/02/Kulturwerkstatt-Ansicht-e1584275081614-768x638.jpg 768w" sizes="(max-width: 688px) 100vw, 688px" />															</div>
				</div>
				</div>
		<div class="elementor-element elementor-element-d78073c e-grid e-con-full e-con e-parent" data-id="d78073c" data-element_type="container">
				<div class="elementor-element elementor-element-7f3cc24 elementor-widget__width-inherit elementor-widget elementor-widget-text-editor" data-id="7f3cc24" data-element_type="widget" data-widget_type="text-editor.default">
				<div class="elementor-widget-container">
									<h3>Zwischenlösung in Oetinghausen</h3><p><span style="font-family: comic sans ms, sans-serif; color: #000000;">Diese liegen im ehemaligen &#8218;Textilschauplatz&#8216; in Oetinghausen: Hier boten die zwei Gründerinnen des Vereins ursprünglich Kurse rund ums Textil an. Als dieser Verbindungsbereich zwischen ihren</span><br /><span style="font-family: comic sans ms, sans-serif; color: #000000;">beiden Wohnhäusern als Werkstatt und Lager für die Zimmerei der einen Familie gebraucht wurde, war das der Startpunkt für ein neues, größeres Projekt. Der Verein &#8218;Kulturwerkstatt Hiddenhausen&#8216; wurde gegründet und in Kooperation mit der Gemeinde und mithilfe von Fördergeldern und viel Eigeninitiative wurde im Laufe von 2 Jahren die Kornscheune auf &#8218;Gut Hiddenhausen&#8216; zu einem stilvollen, vielseitig nutzbaren Standort ausgebaut. Breitgefächerte Kurse auf handwerklich-künstlerischem Gebiet für alle Altersgruppen und ein Kleinkunstprogramm fanden dort über all die Jahre statt und wurden sowohl individuell gebucht als auch von unterschiedlichen Gruppen wahrgenommen. So hat sich die &#8218;Kulturwerkstatt&#8216; einen festen Platz im kulturellen Leben der Gemeinde geschaffen. Nun werden hier wieder ab Februar 2026 übergangsweise Angebote der Kulturwerkstatt stattfinden.</span></p>								</div>
				</div>
				<div class="elementor-element elementor-element-2ea425a elementor-widget elementor-widget-image" data-id="2ea425a" data-element_type="widget" data-widget_type="image.default">
				<div class="elementor-widget-container">
															<img decoding="async" width="659" height="1024" src="https://kuwehi.de/wp-content/uploads/2026/02/Sonntagsstrasse_Aussenansicht-mit-Kuwhei-Schild-659x1024.jpg" class="attachment-large size-large wp-image-11255" alt="" srcset="https://kuwehi.de/wp-content/uploads/2026/02/Sonntagsstrasse_Aussenansicht-mit-Kuwhei-Schild-659x1024.jpg 659w, https://kuwehi.de/wp-content/uploads/2026/02/Sonntagsstrasse_Aussenansicht-mit-Kuwhei-Schild-193x300.jpg 193w, https://kuwehi.de/wp-content/uploads/2026/02/Sonntagsstrasse_Aussenansicht-mit-Kuwhei-Schild-97x150.jpg 97w, https://kuwehi.de/wp-content/uploads/2026/02/Sonntagsstrasse_Aussenansicht-mit-Kuwhei-Schild.jpg 727w" sizes="(max-width: 659px) 100vw, 659px" />															</div>
				</div>
				</div>
		<div class="elementor-element elementor-element-c3adf4e e-grid e-con-full e-con e-parent" data-id="c3adf4e" data-element_type="container">
				<div class="elementor-element elementor-element-699e430 elementor-widget elementor-widget-text-editor" data-id="699e430" data-element_type="widget" data-widget_type="text-editor.default">
				<div class="elementor-widget-container">
									<h3>Umzug nach Hof Lindemann</h3><p><span style="font-family: comic sans ms, sans-serif; color: #000000;">Seit im Sommer 2023 die Gewissheit heraufzog, dass das Gebäude in der Maschsstraße ab 2026 nicht mehr zur Verfügung stehen wird, ist der Vorstand sehr engagiert dabei, eine Nachfolgelösung zu finden. </span><span style="font-family: comic sans ms, sans-serif; color: #000000;">Die Gemeinde unterstützt dies, indem sie zwei Gebäudeteile des gemeindeeigenen &#8218;Hof Lindemann&#8216; in Eilshausen zum Ausbau zur Verfügung stellt. Der Verein hat daraufhin einen Förderantrag beim Landesförderprogramm &#8218;Dritte Orte&#8216; gestellt: Dies bedeutet, dass er sein Konzept im Sinne eines gemeindenahen &#8218;kulturellen Treffpunktes&#8216; erweitern wird und hat dafür eine Anschubfinanzierung zur Umsetzung dieses neuen Projektes erlangt. Zusammen mit der Gemeinde bemüht er sich um weitere Fördermittel für den entsprechenden Ausbau der Gebäude zum Dritten Ort &#8218;Hof Lindemann&#8216; Dieser soll in rund 2 Jahren abgeschlossen sein.</span></p><p><span style="font-family: comic sans ms, sans-serif; color: #000000;">Nun schließt sich der Kreis: zurück zu den Anfängen! Es bietet sich die Möglichkeit zur</span><br /><span style="font-family: comic sans ms, sans-serif; color: #000000;">Überbrückung dieser Zeitspanne die Räume des ehemaligen &#8218;Textilschauplatz&#8216; in Oetinghausen zu nutzen, da diese mittlerweile nur noch teilweise von dem Handwerksbetrieb gebraucht werden. Diese Werkstatt wird nun abermals für die Zeit des Umbaus des neuen Standortes dienen. Aufgrund der kleineren Raumkapazitäten werden wir dort nur ein eingeschränktes Programm betreiben, sind aber voller Spannung und Vorfreude auf dem Weg zu neuen Ufern!</span></p>								</div>
				</div>
				<div class="elementor-element elementor-element-623fb9f elementor-widget__width-inherit elementor-widget elementor-widget-image" data-id="623fb9f" data-element_type="widget" data-widget_type="image.default">
				<div class="elementor-widget-container">
															<img decoding="async" width="2560" height="1440" src="https://kuwehi.de/wp-content/uploads/2025/07/Hof-Lindemann-16zu9-scaled.jpg" class="attachment-full size-full wp-image-10662" alt="" srcset="https://kuwehi.de/wp-content/uploads/2025/07/Hof-Lindemann-16zu9-scaled.jpg 2560w, https://kuwehi.de/wp-content/uploads/2025/07/Hof-Lindemann-16zu9-300x169.jpg 300w, https://kuwehi.de/wp-content/uploads/2025/07/Hof-Lindemann-16zu9-1024x576.jpg 1024w, https://kuwehi.de/wp-content/uploads/2025/07/Hof-Lindemann-16zu9-150x84.jpg 150w, https://kuwehi.de/wp-content/uploads/2025/07/Hof-Lindemann-16zu9-768x432.jpg 768w, https://kuwehi.de/wp-content/uploads/2025/07/Hof-Lindemann-16zu9-1536x864.jpg 1536w, https://kuwehi.de/wp-content/uploads/2025/07/Hof-Lindemann-16zu9-2048x1152.jpg 2048w, https://kuwehi.de/wp-content/uploads/2025/07/Hof-Lindemann-16zu9-1600x900.jpg 1600w" sizes="(max-width: 2560px) 100vw, 2560px" />															</div>
				</div>
				</div>
				</div>

<p>Was wird aus der Kuwehi? Auszug aus der Maschstraße Die Kulturwerkstatt erfindet sich immer wieder neu: Aktuell steht der Auszug&hellip;</p>
